{"id":45,"date":"2024-02-01T15:50:27","date_gmt":"2024-02-01T15:50:27","guid":{"rendered":"http:\/\/college-francois-auguste-perrinon.local\/?page_id=45"},"modified":"2024-02-01T15:50:27","modified_gmt":"2024-02-01T15:50:27","slug":"association-sportive","status":"publish","type":"page","link":"https:\/\/site.ac-martinique.fr\/clg-perrinon\/activites-sportives\/association-sportive\/","title":{"rendered":"Association Sportive"},"content":{"rendered":"\n<p class=\"has-text-align-left\"><font><\/font>Pour d\u00e9couvrir l\u2019affiche de l\u2019association sportive scolaire athl\u00e9tisme du Coll\u00e8ge, sa pr\u00e9sentation, les modalit\u00e9s d\u2019inscriptions ainsi que son fonctionnement, cliquez sur le lien suivant :<\/p>\n\n\n\n<ul class=\"wp-block-list\">\n<li><a href=\"http:\/\/college-francois-auguste-perrinon.local\/wp-content\/uploads\/2024\/05\/Candidature-a-la-Section-Sportive-Scolaire-Athletisme-2020.2021.pdf\">Candidature Section Sportive Scolaire &#8211; Athl\u00e9tisme 2020\/2021<\/a><font>.<\/font><\/li>\n<\/ul>\n\n\n\n<p>L\u2019association sportive du Coll\u00e8ge est affili\u00e9e \u00e0 l\u2019Union Nationale du Sport Scolaire (U.N.S.S).<\/p>\n\n\n\n<p>Elle est anim\u00e9e par les professeurs d\u2019E.P.S du Coll\u00e8ge.<\/p>\n\n\n\n<p><strong><span style=\"text-decoration: underline\">Propositions faites aux \u00e9l\u00e8ves licenci\u00e9s :<\/span><\/strong><\/p>\n\n\n\n<ul class=\"wp-block-list\">\n<li>D\u00e9couverte ou approfondissement des acquis obtenus en cours d\u2019E.P.S dans plusieurs activit\u00e9s sportives (athl\u00e9tisme, basket-ball, volley-ball, futsal, cano\u00eb-kayak\u2026) par une pratique r\u00e9guli\u00e8re le Mercredi apr\u00e8s-midi ou pendant la semaine entre 16h30 et 18h.<\/li>\n\n\n\n<li>Repr\u00e9sentation de l\u2019\u00e9tablissement \u00e0 travers des comp\u00e9titions sportives organis\u00e9es le Mercredi apr\u00e8s-midi avec les autres \u00e9tablissements du d\u00e9partement.<\/li>\n<\/ul>\n\n\n\n<p>Pour s\u2019inscrire, l\u2019\u00e9l\u00e8ve doit remettre \u00e0 un enseignant d\u2019E.P.S l\u2019ensemble des documents suivants :<\/p>\n\n\n\n<ul class=\"wp-block-list\">\n<li>Autorisation parentale.<\/li>\n\n\n\n<li>Cotisation d\u2019un montant de 20\u20ac (de pr\u00e9f\u00e9rence par ch\u00e8que \u00e0 l\u2019ordre de \u00ab l\u2019association sportive du Coll\u00e8ge Fran\u00e7ois-Auguste PERRINON \u00bb).<\/li>\n<\/ul>\n\n\n\n<p><strong><u>Activit\u00e9s <\/u><\/strong><strong>p<u>ro<\/u>p<u>os\u00e9es :<\/u><\/strong><\/p>\n\n\n\n<ul class=\"wp-block-list\">\n<li>Futsal par M<sup>r<\/sup> FERCOT : Lundi et Jeudi de 16h30 \u00e0 18h.<\/li>\n\n\n\n<li>Basketball par M<sup>me<\/sup> SINEGRE : Lundi et Mardi de 16h30 \u00e0 18h.<\/li>\n\n\n\n<li>Athl\u00e9tisme par M<sup>me<\/sup> CYRILLA : Mercredi de 13h30 \u00e0 15h.<\/li>\n\n\n\n<li>Volleyball par M<sup>me<\/sup> CYRILLA : Mercredi de 15h \u00e0 16h30.<\/li>\n\n\n\n<li>Cano\u00eb-kayak par M<sup>r<\/sup> LEIMBACHER : Mercredi de 14h \u00e0 17h.<\/li>\n<\/ul>\n\n\n\n<p><font><strong><u>Sections S<\/u><\/strong><strong><u>portives Scolaires :<\/u><\/strong><\/font><\/p>\n\n\n\n<ul class=\"wp-block-list\">\n<li>Athl\u00e9tisme : Lundi et Jeudi de 16h30 \u00e0 18h avec M<sup>me<\/sup> CYRILLA.<\/li>\n\n\n\n<li>Escrime : Vendredi de 14h30 \u00e0 16h30.<\/li>\n<\/ul>\n\n\n\n<p>Les \u00e9l\u00e8ves int\u00e9ress\u00e9s par les sections sportives scolaires doivent se rapprocher de M<sup>me<\/sup> CYRILLA.<\/p>\n\n\n\n<p>Vous trouverez en pi\u00e8ce jointe le planning des activit\u00e9s physiques et sportives de l\u2019association sportive du Coll\u00e8ge pour l\u2019ann\u00e9e scolaire 2020\/2021&nbsp;:<\/p>\n\n\n\n<ul class=\"wp-block-list\">\n<li><a href=\"http:\/\/college-francois-auguste-perrinon.local\/wp-content\/uploads\/2024\/05\/Activites-Association-Sportive-2020.2021.pdf\">Fonctionnement A.S 2020\/2021<\/a>.<\/li>\n\n\n\n<li><a href=\"http:\/\/college-francois-auguste-perrinon.local\/wp-content\/uploads\/2024\/05\/Autorisation-Parentale-Association-Sportive.pdf\">Autorisation parentale A.S PERRINON<\/a>.<\/li>\n<\/ul>\n\n\n\n<p>Les activit\u00e9s de l\u2019U.N.S.S (futsal, basket-ball, athl\u00e9tisme) commence ce Lundi 5 Octobre selon le planning.<\/p>\n\n\n\n<p>Les \u00e9l\u00e8ves seront inform\u00e9s pour le d\u00e9marrage de l\u2019U.N.S.S cano\u00eb-kayak.<\/p>\n\n\n\n<p class=\"has-text-align-right\">L\u2019\u00e9quipe d\u2019E.P.S<font><\/font><font><\/font><\/p>\n","protected":false},"excerpt":{"rendered":"<p>Pour d\u00e9couvrir l\u2019affiche de l\u2019association sportive scolaire athl\u00e9tisme du Coll\u00e8ge, sa pr\u00e9sentation, les modalit\u00e9s d\u2019inscriptions ainsi que son fonctionnement, cliquez sur le lien suivant : L\u2019association sportive du Coll\u00e8ge est affili\u00e9e \u00e0 l\u2019Union Nationale du Sport Scolaire (U.N.S.S). Elle est anim\u00e9e par les professeurs d\u2019E.P.S du Coll\u00e8ge. Propositions faites aux \u00e9l\u00e8ves licenci\u00e9s : Pour s\u2019inscrire, [&hellip;]<\/p>\n","protected":false},"author":72,"featured_media":0,"parent":31,"menu_order":1,"comment_status":"closed","ping_status":"closed","template":"","meta":{"footnotes":""},"class_list":["post-45","page","type-page","status-publish","hentry"],"_links":{"self":[{"href":"https:\/\/site.ac-martinique.fr\/clg-perrinon\/wp-json\/wp\/v2\/pages\/45","targetHints":{"allow":["GET"]}}],"collection":[{"href":"https:\/\/site.ac-martinique.fr\/clg-perrinon\/wp-json\/wp\/v2\/pages"}],"about":[{"href":"https:\/\/site.ac-martinique.fr\/clg-perrinon\/wp-json\/wp\/v2\/types\/page"}],"author":[{"embeddable":true,"href":"https:\/\/site.ac-martinique.fr\/clg-perrinon\/wp-json\/wp\/v2\/users\/72"}],"replies":[{"embeddable":true,"href":"https:\/\/site.ac-martinique.fr\/clg-perrinon\/wp-json\/wp\/v2\/comments?post=45"}],"version-history":[{"count":0,"href":"https:\/\/site.ac-martinique.fr\/clg-perrinon\/wp-json\/wp\/v2\/pages\/45\/revisions"}],"up":[{"embeddable":true,"href":"https:\/\/site.ac-martinique.fr\/clg-perrinon\/wp-json\/wp\/v2\/pages\/31"}],"wp:attachment":[{"href":"https:\/\/site.ac-martinique.fr\/clg-perrinon\/wp-json\/wp\/v2\/media?parent=45"}],"curies":[{"name":"wp","href":"https:\/\/api.w.org\/{rel}","templated":true}]}}