{"id":1591,"date":"2022-10-12T18:06:26","date_gmt":"2022-10-12T22:06:26","guid":{"rendered":"https:\/\/site.ac-martinique.fr\/clg-rosesaintjust\/?page_id=1591"},"modified":"2025-11-11T08:33:16","modified_gmt":"2025-11-11T12:33:16","slug":"demande-de-bourses-nationales-college","status":"publish","type":"page","link":"https:\/\/site.ac-martinique.fr\/clg-rosesaintjust\/demande-de-bourses-nationales-college\/","title":{"rendered":"Demande de bourses nationales coll\u00e8ge 2025-2026"},"content":{"rendered":"\n<p>La campagne des bourses nationales de coll\u00e8ge au titre de l\u2019<span style=\"color: #003366;\"><strong>ann\u00e9e scolaire 2025-2026<\/strong><\/span> se d\u00e9roule <span style=\"background-color: #ffffff; color: #800000;\"><strong><u>du 01 septembre 2025 au 16 octobre 2025 inclus<\/u><\/strong> <span style=\"color: #000000;\">pour les \u00e9tablissements d&rsquo;enseignement public et les \u00e9tablissements priv\u00e9s, que la demande de bourse soit faite en ligne ou sur formulaire papier<\/span><strong>.<\/strong><\/span><\/p>\n<p><a href=\"https:\/\/youtu.be\/h2jsrFMeVD8\">https:\/\/youtu.be\/h2jsrFMeVD8<\/a><\/p>\n<p>\u00a0<\/p>\n\n\n\n<figure class=\"wp-block-image size-large is-resized\"><img decoding=\"async\" src=\"https:\/\/clg-lumiere-marly.ac-versailles.fr\/wp-content\/uploads\/sites\/426\/2025\/09\/2025_Flyer_bourse-nationale_college_Page_1.jpg\" alt=\"\" style=\"width:499px;height:auto\"\/><\/figure>\n\n\n\n<div data-wp-interactive=\"core\/file\" class=\"wp-block-file\"><object data-wp-bind--hidden=\"!state.hasPdfPreview\" hidden class=\"wp-block-file__embed\" data=\"https:\/\/site.ac-martinique.fr\/clg-rosesaintjust\/wp-content\/uploads\/sites\/80\/2025\/11\/CAMPAGNE-DE-BOURSES-COLLEGE-2025-2026.pdf\" type=\"application\/pdf\" style=\"width:100%;height:600px\" aria-label=\"Contenu embarqu\u00e9 CAMPAGNE DE BOURSES COLLEGE 2025-2026.\"><\/object><a id=\"wp-block-file--media-a9859c8b-6a0c-48d5-a092-a110185ed0fb\" href=\"https:\/\/site.ac-martinique.fr\/clg-rosesaintjust\/wp-content\/uploads\/sites\/80\/2025\/11\/CAMPAGNE-DE-BOURSES-COLLEGE-2025-2026.pdf\">CAMPAGNE DE BOURSES COLLEGE 2025-2026<\/a><a href=\"https:\/\/site.ac-martinique.fr\/clg-rosesaintjust\/wp-content\/uploads\/sites\/80\/2025\/11\/CAMPAGNE-DE-BOURSES-COLLEGE-2025-2026.pdf\" class=\"wp-block-file__button wp-element-button\" download aria-describedby=\"wp-block-file--media-a9859c8b-6a0c-48d5-a092-a110185ed0fb\">T\u00e9l\u00e9charger<\/a><\/div>\n","protected":false},"excerpt":{"rendered":"<p>La campagne des bourses nationales de coll\u00e8ge au titre de l\u2019ann\u00e9e scolaire 2025-2026 se d\u00e9roule du 01 septembre 2025 au 16 octobre 2025 inclus pour les \u00e9tablissements d&rsquo;enseignement public et les \u00e9tablissements priv\u00e9s, que la demande de bourse soit faite en ligne ou sur formulaire papier. https:\/\/youtu.be\/h2jsrFMeVD8 \u00a0<\/p>\n","protected":false},"author":212,"featured_media":1592,"parent":0,"menu_order":0,"comment_status":"closed","ping_status":"closed","template":"","meta":{"footnotes":""},"class_list":["post-1591","page","type-page","status-publish","has-post-thumbnail"],"_links":{"self":[{"href":"https:\/\/site.ac-martinique.fr\/clg-rosesaintjust\/wp-json\/wp\/v2\/pages\/1591","targetHints":{"allow":["GET"]}}],"collection":[{"href":"https:\/\/site.ac-martinique.fr\/clg-rosesaintjust\/wp-json\/wp\/v2\/pages"}],"about":[{"href":"https:\/\/site.ac-martinique.fr\/clg-rosesaintjust\/wp-json\/wp\/v2\/types\/page"}],"author":[{"embeddable":true,"href":"https:\/\/site.ac-martinique.fr\/clg-rosesaintjust\/wp-json\/wp\/v2\/users\/212"}],"replies":[{"embeddable":true,"href":"https:\/\/site.ac-martinique.fr\/clg-rosesaintjust\/wp-json\/wp\/v2\/comments?post=1591"}],"version-history":[{"count":2,"href":"https:\/\/site.ac-martinique.fr\/clg-rosesaintjust\/wp-json\/wp\/v2\/pages\/1591\/revisions"}],"predecessor-version":[{"id":2285,"href":"https:\/\/site.ac-martinique.fr\/clg-rosesaintjust\/wp-json\/wp\/v2\/pages\/1591\/revisions\/2285"}],"wp:featuredmedia":[{"embeddable":true,"href":"https:\/\/site.ac-martinique.fr\/clg-rosesaintjust\/wp-json\/wp\/v2\/media\/1592"}],"wp:attachment":[{"href":"https:\/\/site.ac-martinique.fr\/clg-rosesaintjust\/wp-json\/wp\/v2\/media?parent=1591"}],"curies":[{"name":"wp","href":"https:\/\/api.w.org\/{rel}","templated":true}]}}