{"id":53,"date":"2015-08-26T13:52:42","date_gmt":"2015-08-26T12:52:42","guid":{"rendered":"\/clg-sainteluce\/?page_id=53"},"modified":"2023-09-10T21:29:11","modified_gmt":"2023-09-11T01:29:11","slug":"vie-scolaire","status":"publish","type":"page","link":"https:\/\/site.ac-martinique.fr\/clg-sainteluce\/?page_id=53","title":{"rendered":"VIE SCOLAIRE"},"content":{"rendered":"<h1><span style=\"color: #ff0000;\">CONSEILL\u00c8RE PRINCIPALE D&rsquo;\u00c9DUCATION DU COLL\u00c8GE :<\/span><\/h1>\n<p><em>Mme GASTON Marie<\/em><\/p>\n<p align=\"justify\"><span style=\"font-size: medium;\"><b>LES MISSIONS D&rsquo;ABORD<br \/>\n<\/b><\/span><\/p>\n<p align=\"justify\"><span style=\"font-size: medium;\"><b>Les conseillers principaux d&rsquo;\u00e9ducation participent aux activit\u00e9s \u00e9ducatives du second degr\u00e9 sans enseigner<\/b>. Les fonctions sont exerc\u00e9es sous la responsabilit\u00e9 du chef d&rsquo;\u00e9tablissement. Elles se situent dans le cadre g\u00e9n\u00e9ral de la vie scolaire et contribuent \u00e0 placer les \u00e9l\u00e8ves dans les meilleures conditions possibles pour leur scolarit\u00e9. Leurs responsabilit\u00e9s sont r\u00e9parties principalement dans les trois domaines suivants :<\/span><\/p>\n<div align=\"justify\">\n<ul>\n<li><span style=\"font-size: medium;\"><span style=\"color: #ff6600;\"><b>le fonctionnement de l&rsquo;\u00e9tablissement\u00a0<\/b>:<\/span> organisation de la vie collective quotidienne hors du temps de classe, en liaison avec la vie p\u00e9dagogique dans l&rsquo;\u00e9tablissement<\/span><\/li>\n<li><span style=\"font-size: medium;\"><span style=\"color: #ff6600;\"><b>la collaboration avec le personnel enseignant\u00a0<\/b>:<\/span> travail en liaison \u00e9troite avec les professeurs afin d&rsquo;assurer le suivi des \u00e9l\u00e8ves et participation aux conseils de classe<\/span><\/li>\n<li><span style=\"font-size: medium;\"><span style=\"color: #ff6600;\"><b>l&rsquo;animation \u00e9ducative<\/b>\u00a0:<\/span> cr\u00e9ation des conditions du dialogue dans l&rsquo;action \u00e9ducative, sur le plan collectif et sur le plan individuel, organisation de la concertation et de la participation des diff\u00e9rents acteurs \u00e0 la vie scolaire au sein de l&rsquo;\u00e9tablissement<\/span><\/li>\n<\/ul>\n<\/div>\n","protected":false},"excerpt":{"rendered":"<p>CONSEILL\u00c8RE PRINCIPALE D&rsquo;\u00c9DUCATION DU COLL\u00c8GE : Mme GASTON Marie LES MISSIONS D&rsquo;ABORD Les conseillers principaux d&rsquo;\u00e9ducation participent aux activit\u00e9s \u00e9ducatives du second degr\u00e9 sans enseigner. Les fonctions sont exerc\u00e9es sous la responsabilit\u00e9 du chef d&rsquo;\u00e9tablissement. Elles se situent dans le cadre g\u00e9n\u00e9ral de la vie scolaire et contribuent \u00e0 placer les \u00e9l\u00e8ves dans les meilleures &hellip; <a href=\"https:\/\/site.ac-martinique.fr\/clg-sainteluce\/?page_id=53\" class=\"more-link\">Continuer la lecture de <span class=\"screen-reader-text\">VIE SCOLAIRE<\/span>  <span class=\"meta-nav\">&rarr;<\/span><\/a><\/p>\n","protected":false},"author":157,"featured_media":0,"parent":0,"menu_order":0,"comment_status":"closed","ping_status":"open","template":"","meta":{"footnotes":""},"class_list":["post-53","page","type-page","status-publish","hentry"],"_links":{"self":[{"href":"https:\/\/site.ac-martinique.fr\/clg-sainteluce\/index.php?rest_route=\/wp\/v2\/pages\/53","targetHints":{"allow":["GET"]}}],"collection":[{"href":"https:\/\/site.ac-martinique.fr\/clg-sainteluce\/index.php?rest_route=\/wp\/v2\/pages"}],"about":[{"href":"https:\/\/site.ac-martinique.fr\/clg-sainteluce\/index.php?rest_route=\/wp\/v2\/types\/page"}],"author":[{"embeddable":true,"href":"https:\/\/site.ac-martinique.fr\/clg-sainteluce\/index.php?rest_route=\/wp\/v2\/users\/157"}],"replies":[{"embeddable":true,"href":"https:\/\/site.ac-martinique.fr\/clg-sainteluce\/index.php?rest_route=%2Fwp%2Fv2%2Fcomments&post=53"}],"version-history":[{"count":3,"href":"https:\/\/site.ac-martinique.fr\/clg-sainteluce\/index.php?rest_route=\/wp\/v2\/pages\/53\/revisions"}],"predecessor-version":[{"id":2257,"href":"https:\/\/site.ac-martinique.fr\/clg-sainteluce\/index.php?rest_route=\/wp\/v2\/pages\/53\/revisions\/2257"}],"wp:attachment":[{"href":"https:\/\/site.ac-martinique.fr\/clg-sainteluce\/index.php?rest_route=%2Fwp%2Fv2%2Fmedia&parent=53"}],"curies":[{"name":"wp","href":"https:\/\/api.w.org\/{rel}","templated":true}]}}