{"id":1071,"date":"2012-07-05T13:05:31","date_gmt":"2012-07-05T13:05:31","guid":{"rendered":"http:\/\/site.ac-martinique.fr\/lgtfrantzfanon\/?page_id=1071"},"modified":"2013-05-10T08:26:12","modified_gmt":"2013-05-10T08:26:12","slug":"c-e-s-c","status":"publish","type":"page","link":"https:\/\/site.ac-martinique.fr\/clg-vauclin\/?page_id=1071","title":{"rendered":"C.E.S.C"},"content":{"rendered":"<p style=\"text-align: justify;\"><strong><img loading=\"lazy\" decoding=\"async\" src=\"\/clg-vauclin\/wp-content\/uploads\/sites\/69\/2012\/03\/Article0000.jpg\" alt=\"\" width=\"640\" height=\"31\" \/><\/strong><\/p>\n<p style=\"text-align: justify;\"><span style=\"font-size: small;\">Le <span style=\"font-size: medium;\"><strong>Comit\u00e9 d\u2019Education \u00e0 la Sant\u00e9 et \u00e0 la Citoyennet\u00e9 (CESC)<\/strong><\/span>\u00a0: s\u2019inscrit dans le pilotage de chaque \u00e9tablissement scolaire du second degr\u00e9. Il est une instance de r\u00e9flexion, d\u2019observation et de proposition qui con\u00e7oit, met en \u0153uvre et \u00e9value un projet \u00e9ducatif en mati\u00e8re d\u2019\u00e9ducation \u00e0 la citoyennet\u00e9 et \u00e0 la sant\u00e9 .<br \/>\n<\/span><\/p>\n<p style=\"text-align: justify;\"><strong>La composition: <\/strong><a href=\"\/clg-vauclin\/?page_id=1599\">Voir<\/a><\/p>\n<p style=\"text-align: justify;\"><strong>Les actualit\u00e9s:<\/strong><\/p>\n<p style=\"text-align: justify;\"><strong><\/strong><span style=\"color: #000000; font-size: 1em; line-height: 1.5em; font-variant: small-caps;\">[catlist id=13 ]<\/span><\/p>\n<h5 style=\"font-family: Arial,Helvetica,sans-serif; font-variant: small-caps; text-align: justify;\"><strong style=\"font-variant: normal; line-height: 24px; font-size: 16px;\">Petit D\u00e9jeuner au Coll\u00e8ge avec les \u00e9l\u00e8ves de 6e<\/strong><\/h5>\n<p style=\"text-align: center;\"><img loading=\"lazy\" decoding=\"async\" class=\"aligncenter size-full wp-image-1811\" src=\"\/clg-vauclin\/wp-content\/uploads\/sites\/69\/2013\/01\/ptit-d\u00e9j.jpg\" alt=\"\" width=\"450\" height=\"299\" srcset=\"https:\/\/site.ac-martinique.fr\/clg-vauclin\/wp-content\/uploads\/sites\/69\/2013\/01\/ptit-d\u00e9j.jpg 450w, https:\/\/site.ac-martinique.fr\/clg-vauclin\/wp-content\/uploads\/sites\/69\/2013\/01\/ptit-d\u00e9j-300x199.jpg 300w\" sizes=\"auto, (max-width: 450px) 100vw, 450px\" \/><\/p>\n<p style=\"text-align: justify;\"><strong><img loading=\"lazy\" decoding=\"async\" src=\"\/clg-vauclin\/wp-content\/uploads\/sites\/69\/2012\/03\/Article0000.jpg\" alt=\"\" width=\"640\" height=\"31\" \/><\/strong><\/p>\n<div><strong><br \/>\n<\/strong><\/div>\n<div><strong><br \/>\n<\/strong><\/div>\n","protected":false},"excerpt":{"rendered":"<p>Le Comit\u00e9 d\u2019Education \u00e0 la Sant\u00e9 et \u00e0 la Citoyennet\u00e9 (CESC)\u00a0: s\u2019inscrit dans le pilotage de chaque \u00e9tablissement scolaire du second degr\u00e9. Il est une instance de r\u00e9flexion, d\u2019observation et de proposition qui con\u00e7oit, met en \u0153uvre et \u00e9value un projet \u00e9ducatif en mati\u00e8re d\u2019\u00e9ducation \u00e0 la citoyennet\u00e9 et \u00e0 la sant\u00e9 . La composition: [&hellip;]<\/p>\n","protected":false},"author":192,"featured_media":0,"parent":193,"menu_order":0,"comment_status":"closed","ping_status":"closed","template":"","meta":{"footnotes":""},"class_list":["post-1071","page","type-page","status-publish","hentry"],"_links":{"self":[{"href":"https:\/\/site.ac-martinique.fr\/clg-vauclin\/index.php?rest_route=\/wp\/v2\/pages\/1071","targetHints":{"allow":["GET"]}}],"collection":[{"href":"https:\/\/site.ac-martinique.fr\/clg-vauclin\/index.php?rest_route=\/wp\/v2\/pages"}],"about":[{"href":"https:\/\/site.ac-martinique.fr\/clg-vauclin\/index.php?rest_route=\/wp\/v2\/types\/page"}],"author":[{"embeddable":true,"href":"https:\/\/site.ac-martinique.fr\/clg-vauclin\/index.php?rest_route=\/wp\/v2\/users\/192"}],"replies":[{"embeddable":true,"href":"https:\/\/site.ac-martinique.fr\/clg-vauclin\/index.php?rest_route=%2Fwp%2Fv2%2Fcomments&post=1071"}],"version-history":[{"count":6,"href":"https:\/\/site.ac-martinique.fr\/clg-vauclin\/index.php?rest_route=\/wp\/v2\/pages\/1071\/revisions"}],"predecessor-version":[{"id":2329,"href":"https:\/\/site.ac-martinique.fr\/clg-vauclin\/index.php?rest_route=\/wp\/v2\/pages\/1071\/revisions\/2329"}],"up":[{"embeddable":true,"href":"https:\/\/site.ac-martinique.fr\/clg-vauclin\/index.php?rest_route=\/wp\/v2\/pages\/193"}],"wp:attachment":[{"href":"https:\/\/site.ac-martinique.fr\/clg-vauclin\/index.php?rest_route=%2Fwp%2Fv2%2Fmedia&parent=1071"}],"curies":[{"name":"wp","href":"https:\/\/api.w.org\/{rel}","templated":true}]}}