{"id":220,"date":"2012-04-08T23:22:26","date_gmt":"2012-04-08T21:22:26","guid":{"rendered":"http:\/\/webdesign360.fr\/WordPressTest\/?page_id=220"},"modified":"2014-02-11T00:24:00","modified_gmt":"2014-02-11T00:24:00","slug":"conges","status":"publish","type":"page","link":"https:\/\/site.ac-martinique.fr\/clg-vauclin\/?page_id=220","title":{"rendered":"Cong\u00e9s"},"content":{"rendered":"<div>\n<div>\n<div>\n<h2 style=\"text-align: center\"><strong><img loading=\"lazy\" decoding=\"async\" src=\"\/clg-vauclin\/wp-content\/uploads\/sites\/69\/2012\/03\/Article0000.jpg\" alt=\"\" width=\"640\" height=\"31\" \/><\/strong>Calendrier des vacances scolaires 2013 -2014<\/h2>\n<table>\n<tbody>\n<tr>\n<td style=\"text-align: center\" colspan=\"2\">Martinique<\/td>\n<\/tr>\n<tr>\n<td style=\"text-align: center\"><span style=\"font-size: small\"><strong>Rentr\u00e9e scolaire des enseignants du 1er et du 2nd degr\u00e9<\/strong><\/span><\/td>\n<td style=\"text-align: center\"><span style=\"font-size: small\">mardi 03 septembre 2013<\/span><\/td>\n<\/tr>\n<tr>\n<td style=\"text-align: center\"><span style=\"font-size: small\"><strong>Rentr\u00e9e scolaire des \u00e9l\u00e8ves du 1er et du 2nd degr\u00e9<\/strong><\/span><\/td>\n<td style=\"text-align: center\"><span style=\"font-size: small\">mercredi 04 septembre 2013<\/span><\/td>\n<\/tr>\n<tr>\n<td style=\"text-align: center\"><span style=\"font-size: small\"><strong>Vacances de la Toussaint<\/strong><\/span><\/td>\n<td style=\"text-align: center\"><span style=\"font-size: small\">du samedi 19 octobre 2013 au lundi 04 novembre 2013<\/span><\/td>\n<\/tr>\n<tr>\n<td style=\"text-align: center\"><span style=\"font-size: small\"><strong>Vacances de No\u00ebl<\/strong><\/span><\/td>\n<td style=\"text-align: center\"><span style=\"font-size: small\">du vendredi 21 d\u00e9cembre 2013 au lundi 06 janvier 2014<\/span><\/td>\n<\/tr>\n<tr>\n<td style=\"text-align: center\"><span style=\"font-size: small\"><strong>Vacances de Carnaval<\/strong><\/span><\/td>\n<td style=\"text-align: center\"><span style=\"font-size: small\">du jeudi 27 f\u00e9vrier 2014 au lundi 10 mars 2014<\/span><\/td>\n<\/tr>\n<tr>\n<td style=\"text-align: center\"><span style=\"font-size: small\"><strong>Vacances de P\u00e2ques<\/strong><\/span><\/td>\n<td style=\"text-align: center\"><span style=\"font-size: small\">du samedi 12 avril 2014 au lundi 28 avril 2014<\/span><\/td>\n<\/tr>\n<tr>\n<td style=\"text-align: center\"><span style=\"font-size: small\"><strong>Abolition de l&#8217;esclavage <\/strong><\/span><\/td>\n<td style=\"text-align: center\"><span style=\"font-size: small\">du jeudi 22 mai 2014 au lundi 26 mai 2014<\/span><\/td>\n<\/tr>\n<tr>\n<td style=\"text-align: center\"><span style=\"font-size: small\"><strong>Vacances d&#8217;\u00e9t\u00e9<\/strong><\/span><\/td>\n<td style=\"text-align: center\"><span style=\"font-size: small\">samedi 05 juillet 2014<\/span><\/td>\n<\/tr>\n<\/tbody>\n<\/table>\n<\/div>\n<\/div>\n<h2><strong><img loading=\"lazy\" decoding=\"async\" src=\"\/clg-vauclin\/wp-content\/uploads\/sites\/69\/2012\/03\/Article0000.jpg\" alt=\"\" width=\"640\" height=\"31\" \/><\/strong><\/h2>\n<\/div>\n<div><strong><br \/>\n<\/strong><\/div>\n<div><strong><br \/>\n<\/strong><\/div>\n","protected":false},"excerpt":{"rendered":"<p>Calendrier des vacances scolaires 2013 -2014 Martinique Rentr\u00e9e scolaire des enseignants du 1er et du 2nd degr\u00e9 mardi 03 septembre 2013 Rentr\u00e9e scolaire des \u00e9l\u00e8ves du 1er et du 2nd degr\u00e9 mercredi 04 septembre 2013 Vacances de la Toussaint du samedi 19 octobre 2013 au lundi 04 novembre 2013 Vacances de No\u00ebl du vendredi 21 [&hellip;]<\/p>\n","protected":false},"author":192,"featured_media":0,"parent":214,"menu_order":0,"comment_status":"closed","ping_status":"open","template":"","meta":{"footnotes":""},"class_list":["post-220","page","type-page","status-publish","hentry"],"_links":{"self":[{"href":"https:\/\/site.ac-martinique.fr\/clg-vauclin\/index.php?rest_route=\/wp\/v2\/pages\/220","targetHints":{"allow":["GET"]}}],"collection":[{"href":"https:\/\/site.ac-martinique.fr\/clg-vauclin\/index.php?rest_route=\/wp\/v2\/pages"}],"about":[{"href":"https:\/\/site.ac-martinique.fr\/clg-vauclin\/index.php?rest_route=\/wp\/v2\/types\/page"}],"author":[{"embeddable":true,"href":"https:\/\/site.ac-martinique.fr\/clg-vauclin\/index.php?rest_route=\/wp\/v2\/users\/192"}],"replies":[{"embeddable":true,"href":"https:\/\/site.ac-martinique.fr\/clg-vauclin\/index.php?rest_route=%2Fwp%2Fv2%2Fcomments&post=220"}],"version-history":[{"count":5,"href":"https:\/\/site.ac-martinique.fr\/clg-vauclin\/index.php?rest_route=\/wp\/v2\/pages\/220\/revisions"}],"predecessor-version":[{"id":2618,"href":"https:\/\/site.ac-martinique.fr\/clg-vauclin\/index.php?rest_route=\/wp\/v2\/pages\/220\/revisions\/2618"}],"up":[{"embeddable":true,"href":"https:\/\/site.ac-martinique.fr\/clg-vauclin\/index.php?rest_route=\/wp\/v2\/pages\/214"}],"wp:attachment":[{"href":"https:\/\/site.ac-martinique.fr\/clg-vauclin\/index.php?rest_route=%2Fwp%2Fv2%2Fmedia&parent=220"}],"curies":[{"name":"wp","href":"https:\/\/api.w.org\/{rel}","templated":true}]}}