{"id":441,"date":"2011-10-31T18:10:12","date_gmt":"2011-10-31T17:10:12","guid":{"rendered":"http:\/\/webdesign360.fr\/WordPressTest\/?page_id=57"},"modified":"2018-10-03T15:41:52","modified_gmt":"2018-10-03T15:41:52","slug":"lunss","status":"publish","type":"page","link":"https:\/\/site.ac-martinique.fr\/clg-vauclin\/?page_id=441","title":{"rendered":"L&#8217;Association Sportive"},"content":{"rendered":"<div style=\"text-align: justify\" align=\"left\"><strong>Fiche d&#8217;inscription aux activit\u00e9s 2018\/2019:<\/strong><\/div>\n<div style=\"text-align: justify\" align=\"left\"><a href=\"\/clg-vauclin\/wp-content\/uploads\/sites\/69\/2011\/10\/inscription-AS-2018-2019.pdf\">inscription-as-2018-2019<\/a><\/div>\n<div style=\"text-align: justify\" align=\"left\"><\/div>\n<div style=\"text-align: justify\" align=\"left\">\n<div align=\"left\">\n<div align=\"left\"><span style=\"font-size: medium\"><strong>Les actualit\u00e9s:<\/strong><\/span><\/div>\n<h5 align=\"left\">D\u00e9but des activit\u00e9s sportives: <strong>lundi 08 octobre 2018<\/strong><\/h5>\n<div>\u00a0<span style=\"font-size: small\">Le site de l&#8217;UNSS Martinique:\u00a0<a href=\"http:\/\/unss972.typepad.fr\/\">http:\/\/unss972.typepad.fr\/<\/a><\/span><\/div>\n<div><\/div>\n<\/div>\n<div><\/div>\n<div><img loading=\"lazy\" decoding=\"async\" title=\"Article0000\" src=\"\/clg-vauclin\/wp-content\/uploads\/sites\/69\/2012\/03\/Article0000.jpg\" alt=\"\" width=\"640\" height=\"31\" \/><\/div>\n<\/div>\n<div style=\"text-align: justify\" align=\"left\"><\/div>\n<div style=\"text-align: justify\" align=\"left\"><\/div>\n<p><img loading=\"lazy\" decoding=\"async\" class=\"wp-image-977 alignleft\" title=\"unss\" src=\"http:\/\/site.ac-martinique.fr\/lgtfrantzfanon\/wp-content\/uploads\/sites\/69\/2011\/10\/unss.png\" alt=\"\" width=\"109\" height=\"145\" \/><\/p>\n<div style=\"text-align: justify\" align=\"left\"><span style=\"color: #ff0000;font-family: arial,helvetica,sans-serif;font-size: small\"><strong>L&#8217;Union Nationale du Sport Scolaire<\/strong><\/span><span style=\"font-size: small;font-family: arial,helvetica,sans-serif\"> est une f\u00e9d\u00e9ration multisports ouverte \u00e0 tous les jeunes coll\u00e9giens et lyc\u00e9ens scolaris\u00e9s.<\/span><span style=\"font-family: arial,helvetica,sans-serif;font-size: small\"> Elle a pou<em>r <\/em>objet d&#8217;<span style=\"color: #54c9cf\"><em><strong>organiser et\u00a0<\/strong><\/em><\/span><\/span><\/div>\n<div style=\"text-align: justify\" align=\"left\"><span style=\"font-family: arial,helvetica,sans-serif;font-size: small\"><span style=\"color: #54c9cf\"><em><strong>d\u00e9velopper la pratique d&#8217;activit\u00e9s sportives<\/strong><\/em><\/span>, composantes de l&#8217;\u00e9ducation physique et sportive et l&#8217;<span style=\"color: #ff8040\"> <strong><em>apprentissage de la vie associative par les \u00e9l\u00e8ves<\/em><\/strong><\/span> qui ont adh\u00e9r\u00e9 aux Associations Sportives du second degr\u00e9.<\/span><\/div>\n<div style=\"text-align: justify\" align=\"left\"><\/div>\n<div style=\"text-align: justify\" align=\"left\"><\/div>\n<div style=\"text-align: justify\" align=\"left\"><span style=\"font-family: arial,helvetica,sans-serif;font-size: small\"><strong><img loading=\"lazy\" decoding=\"async\" title=\"Article0000\" src=\"\/clg-vauclin\/wp-content\/uploads\/sites\/69\/2012\/03\/Article0000.jpg\" alt=\"\" width=\"640\" height=\"31\" \/><\/strong><\/span><\/div>\n<div style=\"text-align: justify\" align=\"left\"><span class=\"Apple-style-span\" style=\"line-height: 24px;font-size: medium\"><strong><br \/>\n<\/strong><\/span><\/div>\n<div><strong style=\"line-height: 24px;font-size: medium;text-align: justify\"><br \/>\n<\/strong><\/div>\n<div><strong style=\"line-height: 24px;font-size: medium;text-align: justify\"><br \/>\n<\/strong><\/div>\n","protected":false},"excerpt":{"rendered":"<p>Fiche d&#8217;inscription aux activit\u00e9s 2018\/2019: inscription-as-2018-2019 Les actualit\u00e9s: D\u00e9but des activit\u00e9s sportives: lundi 08 octobre 2018 \u00a0Le site de l&#8217;UNSS Martinique:\u00a0http:\/\/unss972.typepad.fr\/ L&#8217;Union Nationale du Sport Scolaire est une f\u00e9d\u00e9ration multisports ouverte \u00e0 tous les jeunes coll\u00e9giens et lyc\u00e9ens scolaris\u00e9s. Elle a pour objet d&#8217;organiser et\u00a0 d\u00e9velopper la pratique d&#8217;activit\u00e9s sportives, composantes de l&#8217;\u00e9ducation physique et [&hellip;]<\/p>\n","protected":false},"author":192,"featured_media":0,"parent":238,"menu_order":0,"comment_status":"closed","ping_status":"closed","template":"","meta":{"footnotes":""},"class_list":["post-441","page","type-page","status-publish","hentry"],"_links":{"self":[{"href":"https:\/\/site.ac-martinique.fr\/clg-vauclin\/index.php?rest_route=\/wp\/v2\/pages\/441","targetHints":{"allow":["GET"]}}],"collection":[{"href":"https:\/\/site.ac-martinique.fr\/clg-vauclin\/index.php?rest_route=\/wp\/v2\/pages"}],"about":[{"href":"https:\/\/site.ac-martinique.fr\/clg-vauclin\/index.php?rest_route=\/wp\/v2\/types\/page"}],"author":[{"embeddable":true,"href":"https:\/\/site.ac-martinique.fr\/clg-vauclin\/index.php?rest_route=\/wp\/v2\/users\/192"}],"replies":[{"embeddable":true,"href":"https:\/\/site.ac-martinique.fr\/clg-vauclin\/index.php?rest_route=%2Fwp%2Fv2%2Fcomments&post=441"}],"version-history":[{"count":9,"href":"https:\/\/site.ac-martinique.fr\/clg-vauclin\/index.php?rest_route=\/wp\/v2\/pages\/441\/revisions"}],"predecessor-version":[{"id":5115,"href":"https:\/\/site.ac-martinique.fr\/clg-vauclin\/index.php?rest_route=\/wp\/v2\/pages\/441\/revisions\/5115"}],"up":[{"embeddable":true,"href":"https:\/\/site.ac-martinique.fr\/clg-vauclin\/index.php?rest_route=\/wp\/v2\/pages\/238"}],"wp:attachment":[{"href":"https:\/\/site.ac-martinique.fr\/clg-vauclin\/index.php?rest_route=%2Fwp%2Fv2%2Fmedia&parent=441"}],"curies":[{"name":"wp","href":"https:\/\/api.w.org\/{rel}","templated":true}]}}