{"id":168,"date":"2013-05-17T14:40:24","date_gmt":"2013-05-17T14:40:24","guid":{"rendered":"https:\/\/site.ac-martinique.fr\/clg-vincentplacoly\/?page_id=168"},"modified":"2014-02-18T16:13:35","modified_gmt":"2014-02-18T16:13:35","slug":"mathematiques-2","status":"publish","type":"page","link":"https:\/\/site.ac-martinique.fr\/clg-vincentplacoly\/?page_id=168","title":{"rendered":"Math\u00e9matiques"},"content":{"rendered":"<ul>\n<li style=\"text-align: left;\">Pour se connecter \u00e0 Labomep (soutien scolaire en math\u00e9matiques) cliquer sur le lien ci-dessous :<\/li>\n<\/ul>\n<p><a href=\"http:\/\/www.labomep.net\/identification\/  \"><img loading=\"lazy\" decoding=\"async\" class=\" wp-image-391 alignleft\" title=\"Labomep\" src=\"\/clg-vincentplacoly\/wp-content\/uploads\/sites\/79\/2013\/05\/Labomep.jpg\" alt=\"\" width=\"163\" height=\"48\" srcset=\"https:\/\/site.ac-martinique.fr\/clg-vincentplacoly\/wp-content\/uploads\/sites\/79\/2013\/05\/Labomep.jpg 301w, https:\/\/site.ac-martinique.fr\/clg-vincentplacoly\/wp-content\/uploads\/sites\/79\/2013\/05\/Labomep-300x88.jpg 300w\" sizes=\"auto, (max-width: 163px) 100vw, 163px\" \/><\/a><\/p>\n<p>&nbsp;<\/p>\n<p>&nbsp;<\/p>\n<ul>\n<li>Pour se connecter \u00e0 Mathenpoche (soutien scolaire en math\u00e9matiques) cliquer sur le lien ci-dessous :<\/li>\n<\/ul>\n<p><a href=\"http:\/\/mathenpoche.sesamath.net\/\"><img loading=\"lazy\" decoding=\"async\" class=\"alignnone  wp-image-399\" title=\"mathenpoche\" src=\"\/clg-vincentplacoly\/wp-content\/uploads\/sites\/79\/2013\/05\/mathenpoche.jpg\" alt=\"\" width=\"162\" height=\"61\" srcset=\"https:\/\/site.ac-martinique.fr\/clg-vincentplacoly\/wp-content\/uploads\/sites\/79\/2013\/05\/mathenpoche.jpg 350w, https:\/\/site.ac-martinique.fr\/clg-vincentplacoly\/wp-content\/uploads\/sites\/79\/2013\/05\/mathenpoche-300x114.jpg 300w\" sizes=\"auto, (max-width: 162px) 100vw, 162px\" \/><\/a><\/p>\n<ul>\n<li>\u00a0Pour se connecter \u00e0 Calcul@tice (Rallye de math\u00e9matiques) cliquer sur le lien ci-dessous :<\/li>\n<\/ul>\n<p><a href=\"http:\/\/calculatice.ac-lille.fr\/\"><img loading=\"lazy\" decoding=\"async\" class=\"alignnone  wp-image-506\" title=\"Calcul@tice\" src=\"\/clg-vincentplacoly\/wp-content\/uploads\/sites\/79\/2013\/05\/logo-calculatice-248x60.png\" alt=\"\" width=\"207\" height=\"50\" \/><\/a><\/p>\n","protected":false},"excerpt":{"rendered":"<p>Pour se connecter \u00e0 Labomep (soutien scolaire en math\u00e9matiques) cliquer sur le lien ci-dessous : &nbsp; &nbsp; Pour se connecter \u00e0 Mathenpoche (soutien scolaire en math\u00e9matiques) cliquer sur le lien ci-dessous : \u00a0Pour se connecter \u00e0 Calcul@tice (Rallye de math\u00e9matiques) cliquer sur le lien ci-dessous :<\/p>\n","protected":false},"author":211,"featured_media":0,"parent":158,"menu_order":1,"comment_status":"closed","ping_status":"closed","template":"","meta":{"footnotes":""},"class_list":["post-168","page","type-page","status-publish","hentry"],"_links":{"self":[{"href":"https:\/\/site.ac-martinique.fr\/clg-vincentplacoly\/index.php?rest_route=\/wp\/v2\/pages\/168","targetHints":{"allow":["GET"]}}],"collection":[{"href":"https:\/\/site.ac-martinique.fr\/clg-vincentplacoly\/index.php?rest_route=\/wp\/v2\/pages"}],"about":[{"href":"https:\/\/site.ac-martinique.fr\/clg-vincentplacoly\/index.php?rest_route=\/wp\/v2\/types\/page"}],"author":[{"embeddable":true,"href":"https:\/\/site.ac-martinique.fr\/clg-vincentplacoly\/index.php?rest_route=\/wp\/v2\/users\/211"}],"replies":[{"embeddable":true,"href":"https:\/\/site.ac-martinique.fr\/clg-vincentplacoly\/index.php?rest_route=%2Fwp%2Fv2%2Fcomments&post=168"}],"version-history":[{"count":18,"href":"https:\/\/site.ac-martinique.fr\/clg-vincentplacoly\/index.php?rest_route=\/wp\/v2\/pages\/168\/revisions"}],"predecessor-version":[{"id":331,"href":"https:\/\/site.ac-martinique.fr\/clg-vincentplacoly\/index.php?rest_route=\/wp\/v2\/pages\/168\/revisions\/331"}],"up":[{"embeddable":true,"href":"https:\/\/site.ac-martinique.fr\/clg-vincentplacoly\/index.php?rest_route=\/wp\/v2\/pages\/158"}],"wp:attachment":[{"href":"https:\/\/site.ac-martinique.fr\/clg-vincentplacoly\/index.php?rest_route=%2Fwp%2Fv2%2Fmedia&parent=168"}],"curies":[{"name":"wp","href":"https:\/\/api.w.org\/{rel}","templated":true}]}}