{"id":3216,"date":"2025-06-20T07:26:22","date_gmt":"2025-06-20T11:26:22","guid":{"rendered":"https:\/\/site.ac-martinique.fr\/clg-vincentplacoly\/?page_id=3216"},"modified":"2025-06-20T07:26:22","modified_gmt":"2025-06-20T11:26:22","slug":"preparer-la-rentree","status":"publish","type":"page","link":"https:\/\/site.ac-martinique.fr\/clg-vincentplacoly\/?page_id=3216","title":{"rendered":"Pr\u00e9parer la rentr\u00e9e."},"content":{"rendered":"\n<p>Pour pr\u00e9parer la rentr\u00e9e 2025 au coll\u00e8ge, vous trouverez quatre documents permettant \u00e0 votre enfant de travailler le fran\u00e7ais cet \u00e9t\u00e9 selon la classe qu&rsquo;il int\u00e8grera.<\/p>\n\n\n\n<div data-wp-interactive=\"core\/file\" class=\"wp-block-file\"><object data-wp-bind--hidden=\"!state.hasPdfPreview\" hidden class=\"wp-block-file__embed\" data=\"https:\/\/site.ac-martinique.fr\/clg-vincentplacoly\/wp-content\/uploads\/sites\/79\/2025\/06\/Fiche-methodo-Je-passe-en-6e.pdf\" type=\"application\/pdf\" style=\"width:100%;height:600px\" aria-label=\"Contenu embarqu\u00e9 Fiche m\u00e9thodo Je passe en 6e.\"><\/object><a id=\"wp-block-file--media-69951648-855c-4570-977c-7d155ab648d6\" href=\"https:\/\/site.ac-martinique.fr\/clg-vincentplacoly\/wp-content\/uploads\/sites\/79\/2025\/06\/Fiche-methodo-Je-passe-en-6e.pdf\">Fiche m\u00e9thodo Je passe en 6e<\/a><a href=\"https:\/\/site.ac-martinique.fr\/clg-vincentplacoly\/wp-content\/uploads\/sites\/79\/2025\/06\/Fiche-methodo-Je-passe-en-6e.pdf\" class=\"wp-block-file__button wp-element-button\" download aria-describedby=\"wp-block-file--media-69951648-855c-4570-977c-7d155ab648d6\">T\u00e9l\u00e9charger<\/a><\/div>\n\n\n\n<div data-wp-interactive=\"core\/file\" class=\"wp-block-file\"><object data-wp-bind--hidden=\"!state.hasPdfPreview\" hidden class=\"wp-block-file__embed\" data=\"https:\/\/site.ac-martinique.fr\/clg-vincentplacoly\/wp-content\/uploads\/sites\/79\/2025\/06\/Fiche-methodo-Je-passe-en-5e.pdf\" type=\"application\/pdf\" style=\"width:100%;height:600px\" aria-label=\"Contenu embarqu\u00e9 Fiche m\u00e9thodo Je passe en 5e.\"><\/object><a id=\"wp-block-file--media-e72da94a-3135-4d16-bb41-32545ab227f6\" href=\"https:\/\/site.ac-martinique.fr\/clg-vincentplacoly\/wp-content\/uploads\/sites\/79\/2025\/06\/Fiche-methodo-Je-passe-en-5e.pdf\">Fiche m\u00e9thodo Je passe en 5e<\/a><a href=\"https:\/\/site.ac-martinique.fr\/clg-vincentplacoly\/wp-content\/uploads\/sites\/79\/2025\/06\/Fiche-methodo-Je-passe-en-5e.pdf\" class=\"wp-block-file__button wp-element-button\" download aria-describedby=\"wp-block-file--media-e72da94a-3135-4d16-bb41-32545ab227f6\">T\u00e9l\u00e9charger<\/a><\/div>\n\n\n\n<div data-wp-interactive=\"core\/file\" class=\"wp-block-file\"><object data-wp-bind--hidden=\"!state.hasPdfPreview\" hidden class=\"wp-block-file__embed\" data=\"https:\/\/site.ac-martinique.fr\/clg-vincentplacoly\/wp-content\/uploads\/sites\/79\/2025\/06\/Fiche-methodo-Je-passe-en-4e.pdf\" type=\"application\/pdf\" style=\"width:100%;height:600px\" aria-label=\"Contenu embarqu\u00e9 Fiche m\u00e9thodo Je passe en 4e.\"><\/object><a id=\"wp-block-file--media-3417f4cf-10fa-4104-9f99-8cb821ec8baa\" href=\"https:\/\/site.ac-martinique.fr\/clg-vincentplacoly\/wp-content\/uploads\/sites\/79\/2025\/06\/Fiche-methodo-Je-passe-en-4e.pdf\">Fiche m\u00e9thodo Je passe en 4e<\/a><a href=\"https:\/\/site.ac-martinique.fr\/clg-vincentplacoly\/wp-content\/uploads\/sites\/79\/2025\/06\/Fiche-methodo-Je-passe-en-4e.pdf\" class=\"wp-block-file__button wp-element-button\" download aria-describedby=\"wp-block-file--media-3417f4cf-10fa-4104-9f99-8cb821ec8baa\">T\u00e9l\u00e9charger<\/a><\/div>\n\n\n\n<div data-wp-interactive=\"core\/file\" class=\"wp-block-file\"><object data-wp-bind--hidden=\"!state.hasPdfPreview\" hidden class=\"wp-block-file__embed\" data=\"https:\/\/site.ac-martinique.fr\/clg-vincentplacoly\/wp-content\/uploads\/sites\/79\/2025\/06\/Fiche-methodo-Je-passe-en-3e.pdf\" type=\"application\/pdf\" style=\"width:100%;height:600px\" aria-label=\"Contenu embarqu\u00e9 Fiche m\u00e9thodo Je passe en 3e.\"><\/object><a id=\"wp-block-file--media-008047e9-d239-48f1-a885-3b85e4c486d6\" href=\"https:\/\/site.ac-martinique.fr\/clg-vincentplacoly\/wp-content\/uploads\/sites\/79\/2025\/06\/Fiche-methodo-Je-passe-en-3e.pdf\">Fiche m\u00e9thodo Je passe en 3e<\/a><a href=\"https:\/\/site.ac-martinique.fr\/clg-vincentplacoly\/wp-content\/uploads\/sites\/79\/2025\/06\/Fiche-methodo-Je-passe-en-3e.pdf\" class=\"wp-block-file__button wp-element-button\" download aria-describedby=\"wp-block-file--media-008047e9-d239-48f1-a885-3b85e4c486d6\">T\u00e9l\u00e9charger<\/a><\/div>\n","protected":false},"excerpt":{"rendered":"<p>Pour pr\u00e9parer la rentr\u00e9e 2025 au coll\u00e8ge, vous trouverez quatre documents permettant \u00e0 votre enfant de travailler le fran\u00e7ais cet \u00e9t\u00e9 selon la classe qu&rsquo;il int\u00e8grera.<\/p>\n","protected":false},"author":552,"featured_media":0,"parent":0,"menu_order":0,"comment_status":"closed","ping_status":"closed","template":"","meta":{"footnotes":""},"class_list":["post-3216","page","type-page","status-publish","hentry"],"_links":{"self":[{"href":"https:\/\/site.ac-martinique.fr\/clg-vincentplacoly\/index.php?rest_route=\/wp\/v2\/pages\/3216","targetHints":{"allow":["GET"]}}],"collection":[{"href":"https:\/\/site.ac-martinique.fr\/clg-vincentplacoly\/index.php?rest_route=\/wp\/v2\/pages"}],"about":[{"href":"https:\/\/site.ac-martinique.fr\/clg-vincentplacoly\/index.php?rest_route=\/wp\/v2\/types\/page"}],"author":[{"embeddable":true,"href":"https:\/\/site.ac-martinique.fr\/clg-vincentplacoly\/index.php?rest_route=\/wp\/v2\/users\/552"}],"replies":[{"embeddable":true,"href":"https:\/\/site.ac-martinique.fr\/clg-vincentplacoly\/index.php?rest_route=%2Fwp%2Fv2%2Fcomments&post=3216"}],"version-history":[{"count":1,"href":"https:\/\/site.ac-martinique.fr\/clg-vincentplacoly\/index.php?rest_route=\/wp\/v2\/pages\/3216\/revisions"}],"predecessor-version":[{"id":3222,"href":"https:\/\/site.ac-martinique.fr\/clg-vincentplacoly\/index.php?rest_route=\/wp\/v2\/pages\/3216\/revisions\/3222"}],"wp:attachment":[{"href":"https:\/\/site.ac-martinique.fr\/clg-vincentplacoly\/index.php?rest_route=%2Fwp%2Fv2%2Fmedia&parent=3216"}],"curies":[{"name":"wp","href":"https:\/\/api.w.org\/{rel}","templated":true}]}}