{"id":143,"date":"2021-11-09T20:43:42","date_gmt":"2021-11-10T00:43:42","guid":{"rendered":"https:\/\/site.ac-martinique.fr\/creole\/?page_id=143"},"modified":"2024-04-13T19:43:23","modified_gmt":"2024-04-13T23:43:23","slug":"numerique-2","status":"publish","type":"page","link":"https:\/\/site.ac-martinique.fr\/creole\/?page_id=143","title":{"rendered":"Num\u00e9rique"},"content":{"rendered":"\n<p>Vous trouverez sur cette page des informations concernant la strat\u00e9gie du num\u00e9rique pour l&rsquo;\u00e9ducation.  <\/p>\n\n\n\n<h2 class=\"wp-block-heading\"><a href=\"https:\/\/site.ac-martinique.fr\/creole\/?page_id=33\" data-type=\"page\" data-id=\"33\">Le CRCN<\/a><\/h2>\n\n\n\n<h2 class=\"wp-block-heading\"><a href=\"https:\/\/site.ac-martinique.fr\/creole\/?page_id=547\" data-type=\"page\" data-id=\"547\">Le CRCN-EDU<\/a><\/h2>\n\n\n\n<h2 class=\"wp-block-heading\"><a href=\"https:\/\/site.ac-martinique.fr\/creole\/?page_id=14\" data-type=\"page\" data-id=\"14\">Le num\u00e9rique en classe de cr\u00e9ole <\/a> <\/h2>\n","protected":false},"excerpt":{"rendered":"<p>Vous trouverez sur cette page des informations concernant la strat\u00e9gie du num\u00e9rique pour l&rsquo;\u00e9ducation. Le CRCN Le CRCN-EDU Le num\u00e9rique en classe de cr\u00e9ole<\/p>\n","protected":false},"author":241,"featured_media":0,"parent":0,"menu_order":0,"comment_status":"closed","ping_status":"closed","template":"","meta":{"footnotes":""},"class_list":["post-143","page","type-page","status-publish","hentry"],"_links":{"self":[{"href":"https:\/\/site.ac-martinique.fr\/creole\/index.php?rest_route=\/wp\/v2\/pages\/143","targetHints":{"allow":["GET"]}}],"collection":[{"href":"https:\/\/site.ac-martinique.fr\/creole\/index.php?rest_route=\/wp\/v2\/pages"}],"about":[{"href":"https:\/\/site.ac-martinique.fr\/creole\/index.php?rest_route=\/wp\/v2\/types\/page"}],"author":[{"embeddable":true,"href":"https:\/\/site.ac-martinique.fr\/creole\/index.php?rest_route=\/wp\/v2\/users\/241"}],"replies":[{"embeddable":true,"href":"https:\/\/site.ac-martinique.fr\/creole\/index.php?rest_route=%2Fwp%2Fv2%2Fcomments&post=143"}],"version-history":[{"count":7,"href":"https:\/\/site.ac-martinique.fr\/creole\/index.php?rest_route=\/wp\/v2\/pages\/143\/revisions"}],"predecessor-version":[{"id":553,"href":"https:\/\/site.ac-martinique.fr\/creole\/index.php?rest_route=\/wp\/v2\/pages\/143\/revisions\/553"}],"wp:attachment":[{"href":"https:\/\/site.ac-martinique.fr\/creole\/index.php?rest_route=%2Fwp%2Fv2%2Fmedia&parent=143"}],"curies":[{"name":"wp","href":"https:\/\/api.w.org\/{rel}","templated":true}]}}