{"id":1423,"date":"2023-06-27T15:07:04","date_gmt":"2023-06-27T14:07:04","guid":{"rendered":"https:\/\/site.ac-martinique.fr\/davl\/?page_id=1423"},"modified":"2023-09-28T22:29:35","modified_gmt":"2023-09-28T21:29:35","slug":"actualite","status":"publish","type":"page","link":"https:\/\/site.ac-martinique.fr\/davl\/?page_id=1423","title":{"rendered":"Actualit\u00e9:"},"content":{"rendered":"\n<h2 class=\"wp-block-heading\"><em>R\u00e9trospective CAVL 2022\/2023<\/em><\/h2>\n\n\n\n<p>Ce reportage montre l&rsquo;engagement et le dynamisme des \u00e9lus lyc\u00e9ens de la Martinique. Il s&rsquo;agit que de la premi\u00e8re \u00e9tape de leur mandature qui s&rsquo;ach\u00e8vera en novembre 2024. L&rsquo;ann\u00e9e scolaire prochaine sera tout aussi riche et verra aboutir bon nombre de projets en faveur du bien \u00eatre et de la r\u00e9ussite de tous!<\/p>\n\n\n\n<figure class=\"wp-block-video\"><video height=\"1080\" style=\"aspect-ratio: 1920 \/ 1080;\" width=\"1920\" controls src=\"https:\/\/site.ac-martinique.fr\/davl\/wp-content\/uploads\/sites\/29\/2023\/09\/retrospective-cavl-2022-2023-martinique-1080p.mp4\"><\/video><\/figure>\n\n\n\n<p><\/p>\n\n\n\n<p><\/p>\n\n\n\n<h2 class=\"wp-block-heading has-text-align-center\"><strong>A VOIR AUSSI:<\/strong><\/h2>\n\n\n\n<h2 class=\"wp-block-heading\"><em>Vid\u00e9o r\u00e9capitulative de la pr\u00e9sence des CAVL \u00e0 la signature de la convention pour la gratuit\u00e9 des livres.<\/em><\/h2>\n\n\n\n<p><strong>Promouvoir l\u2019\u00e9galit\u00e9 des chances, une priorit\u00e9 pour la Collectivit\u00e9 Territoriale et l\u2019Acad\u00e9mie de Martinique.<\/strong><\/p>\n\n\n\n<p>A l&rsquo;issue de plusieurs rencontres partenariales, la journ\u00e9e du vendredi 16 Juin 2023 a vu se concr\u00e9tiser un projet au b\u00e9n\u00e9fice des lyc\u00e9ens et de leur famille d\u00e8s la rentr\u00e9e prochaine.<\/p>\n\n\n\n<p>Les \u00e9lus du Conseil Acad\u00e9mique de la Vie Lyc\u00e9enne ont assist\u00e9 \u00e0 la signature des Conventions relatives au dispositif \u00ab\u00a0Gratuit\u00e9 des livres scolaires\u00a0\u00bb.<\/p>\n\n\n\n<div class=\"wp-block-media-text is-stacked-on-mobile\" style=\"grid-template-columns:46% auto\"><figure class=\"wp-block-media-text__media\"><video controls src=\"https:\/\/site.ac-martinique.fr\/davl\/wp-content\/uploads\/sites\/29\/2023\/09\/Signature-convention.mp4\"><\/video><\/figure><div class=\"wp-block-media-text__content\">\n<p>La Collectivit\u00e9 Territoriale de Martinique, Madame la Rectrice et les \u00e9tablissements ont act\u00e9 l\u2019octroi d\u2019une dotation sp\u00e9cifique aux lyc\u00e9es pour l\u2019acquisition des ouvrages scolaires \u00e0 la rentr\u00e9e 2023. Gr\u00e2ce \u00e0 cette action forte, la Collectivit\u00e9 Territoriale de Martinique agit en faveur de l\u2019\u00e9galit\u00e9 des chances en mati\u00e8re d\u2019\u00e9ducation et de pouvoir d\u2019achat des familles.<\/p>\n<\/div><\/div>\n\n\n\n<p><\/p>\n\n\n\n<h2 class=\"wp-block-heading\">D\u00e9bat d&rsquo;\u00e9l\u00e8ves sur l&rsquo;engagement citoyen- LPC TV<\/h2>\n\n\n\n<p>D\u00e9bat autour de l&rsquo;engagement citoyen avec les \u00e9l\u00e8ves du LP Ch\u00e2teauboeuf et les \u00e9lus CNVL, CAVL, CVL et MDL des lyc\u00e9es: Bellevue, Marius Cultier et Joseph Zobel &#8211; ainsi que l&rsquo;\u00e9l\u00e8ve \u00e9lu CVC du coll\u00e8ge Cassien Sainte Claire.<\/p>\n\n\n\n<iframe loading=\"lazy\" width=\"560\" height=\"315\" src=\"https:\/\/www.youtube.com\/embed\/b8vx0S4lScE?si=lX4DwRuKs-WcbPnQ\" title=\"YouTube video player\" frameborder=\"0\" allow=\"accelerometer; autoplay; clipboard-write; encrypted-media; gyroscope; picture-in-picture; web-share\" allowfullscreen><\/iframe>\n\n\n\n<p>Emission enregistr\u00e9e le 27\/04\/2023 <\/p>\n\n\n\n<p>A l&rsquo;initiative de Mme RONDELE, d\u00e9l\u00e9gu\u00e9e acad\u00e9mique \u00e0 la vie lyc\u00e9enne. <\/p>\n\n\n\n<p>Professeur r\u00e9f\u00e9rent WebTv: Mme GOUAIT <\/p>\n\n\n\n<p>Intervenante M\u00e9dias &amp; Audiovisuel: Mme VALARD<\/p>\n","protected":false},"excerpt":{"rendered":"<p>R\u00e9trospective CAVL 2022\/2023 Ce reportage montre l&rsquo;engagement et le dynamisme des \u00e9lus lyc\u00e9ens de la Martinique. Il s&rsquo;agit que de la premi\u00e8re \u00e9tape de leur mandature qui s&rsquo;ach\u00e8vera en novembre 2024. L&rsquo;ann\u00e9e scolaire prochaine sera tout aussi riche et verra aboutir bon nombre de projets en faveur du bien \u00eatre et de la r\u00e9ussite de tous! A VOIR AUSSI: Vid\u00e9o r\u00e9capitulative de la pr\u00e9sence des CAVL \u00e0 la signature de la convention pour la gratuit\u00e9 des livres. Promouvoir l\u2019\u00e9galit\u00e9 des chances, une priorit\u00e9 pour la Collectivit\u00e9 Territoriale et l\u2019Acad\u00e9mie de Martinique. A l&rsquo;issue de plusieurs rencontres partenariales, la journ\u00e9e du vendredi 16 Juin 2023 a vu se concr\u00e9tiser un projet au b\u00e9n\u00e9fice des lyc\u00e9ens et de leur famille d\u00e8s la rentr\u00e9e prochaine. Les \u00e9lus du Conseil Acad\u00e9mique de la Vie Lyc\u00e9enne ont assist\u00e9 \u00e0 la signature des Conventions relatives au dispositif \u00ab\u00a0Gratuit\u00e9 des livres scolaires\u00a0\u00bb. La Collectivit\u00e9 Territoriale de Martinique, Madame la Rectrice et les \u00e9tablissements ont act\u00e9 l\u2019octroi d\u2019une dotation sp\u00e9cifique aux lyc\u00e9es pour l\u2019acquisition des ouvrages scolaires \u00e0 la rentr\u00e9e 2023. Gr\u00e2ce \u00e0 cette action forte, la Collectivit\u00e9 Territoriale de Martinique agit en faveur de l\u2019\u00e9galit\u00e9 des chances en mati\u00e8re d\u2019\u00e9ducation et de pouvoir d\u2019achat des familles. D\u00e9bat d&rsquo;\u00e9l\u00e8ves sur l&rsquo;engagement citoyen- LPC TV D\u00e9bat autour de l&rsquo;engagement citoyen avec les \u00e9l\u00e8ves du LP Ch\u00e2teauboeuf et les \u00e9lus CNVL, CAVL, CVL et MDL des lyc\u00e9es: Bellevue, Marius Cultier et Joseph Zobel &#8211; ainsi que l&rsquo;\u00e9l\u00e8ve \u00e9lu CVC du coll\u00e8ge Cassien Sainte Claire. Emission enregistr\u00e9e le 27\/04\/2023 A l&rsquo;initiative de Mme RONDELE, d\u00e9l\u00e9gu\u00e9e acad\u00e9mique \u00e0 la vie lyc\u00e9enne. Professeur r\u00e9f\u00e9rent WebTv: Mme GOUAIT Intervenante M\u00e9dias &amp; Audiovisuel: Mme VALARD<\/p>\n","protected":false},"author":325,"featured_media":0,"parent":0,"menu_order":0,"comment_status":"closed","ping_status":"closed","template":"","meta":{"footnotes":""},"class_list":["post-1423","page","type-page","status-publish","hentry"],"_links":{"self":[{"href":"https:\/\/site.ac-martinique.fr\/davl\/index.php?rest_route=\/wp\/v2\/pages\/1423","targetHints":{"allow":["GET"]}}],"collection":[{"href":"https:\/\/site.ac-martinique.fr\/davl\/index.php?rest_route=\/wp\/v2\/pages"}],"about":[{"href":"https:\/\/site.ac-martinique.fr\/davl\/index.php?rest_route=\/wp\/v2\/types\/page"}],"author":[{"embeddable":true,"href":"https:\/\/site.ac-martinique.fr\/davl\/index.php?rest_route=\/wp\/v2\/users\/325"}],"replies":[{"embeddable":true,"href":"https:\/\/site.ac-martinique.fr\/davl\/index.php?rest_route=%2Fwp%2Fv2%2Fcomments&post=1423"}],"version-history":[{"count":27,"href":"https:\/\/site.ac-martinique.fr\/davl\/index.php?rest_route=\/wp\/v2\/pages\/1423\/revisions"}],"predecessor-version":[{"id":1474,"href":"https:\/\/site.ac-martinique.fr\/davl\/index.php?rest_route=\/wp\/v2\/pages\/1423\/revisions\/1474"}],"wp:attachment":[{"href":"https:\/\/site.ac-martinique.fr\/davl\/index.php?rest_route=%2Fwp%2Fv2%2Fmedia&parent=1423"}],"curies":[{"name":"wp","href":"https:\/\/api.w.org\/{rel}","templated":true}]}}