{"id":1670,"date":"2015-01-17T18:42:31","date_gmt":"2015-01-17T17:42:31","guid":{"rendered":"\/documentation\/?page_id=1670"},"modified":"2025-12-03T10:59:28","modified_gmt":"2025-12-03T14:59:28","slug":"informations-legales","status":"publish","type":"page","link":"https:\/\/site.ac-martinique.fr\/documentation\/?page_id=1670","title":{"rendered":"Informations l\u00e9gales"},"content":{"rendered":"<p align=\"center\"><strong><span style=\"color: #000080;\">Responsable \u00e9ditorial : <\/span><\/strong><span style=\"color: #000000;\">Nathalie MONS <em>Rectrice de la r\u00e9gion acad\u00e9mique de Martinique &#8211;\u00a0<\/em><em>Rectrice de l&rsquo;acad\u00e9mie de Martinique &#8211;\u00a0<\/em><em>Chanceli\u00e8re de l&rsquo;Universit\u00e9<\/em><\/span><\/p>\n<p align=\"center\"><strong><span style=\"color: #000080;\">Responsables de la r\u00e9daction <\/span><\/strong>:<\/p>\n<p align=\"center\"><span style=\"color: #000000;\">M. Christophe MARQUIER,\u00a0 IA-IPR EVS<\/span><\/p>\n<p align=\"center\"><span style=\"color: #000000;\">Mme <\/span><span style=\"color: #000000;\">Nathalie THIERY, IA-IPR EVS<\/span><\/p>\n<p style=\"text-align: center;\" align=\"center\">\n","protected":false},"excerpt":{"rendered":"<p>Responsable \u00e9ditorial : Nathalie MONS Rectrice de la r\u00e9gion acad\u00e9mique de Martinique &#8211;\u00a0Rectrice de l&rsquo;acad\u00e9mie de Martinique &#8211;\u00a0Chanceli\u00e8re de l&rsquo;Universit\u00e9 Responsables de la r\u00e9daction : M. Christophe MARQUIER,\u00a0 IA-IPR EVS Mme Nathalie THIERY, IA-IPR EVS<\/p>\n","protected":false},"author":63,"featured_media":0,"parent":0,"menu_order":0,"comment_status":"closed","ping_status":"open","template":"","meta":{"footnotes":""},"class_list":["post-1670","page","type-page","status-publish","hentry"],"_links":{"self":[{"href":"https:\/\/site.ac-martinique.fr\/documentation\/index.php?rest_route=\/wp\/v2\/pages\/1670","targetHints":{"allow":["GET"]}}],"collection":[{"href":"https:\/\/site.ac-martinique.fr\/documentation\/index.php?rest_route=\/wp\/v2\/pages"}],"about":[{"href":"https:\/\/site.ac-martinique.fr\/documentation\/index.php?rest_route=\/wp\/v2\/types\/page"}],"author":[{"embeddable":true,"href":"https:\/\/site.ac-martinique.fr\/documentation\/index.php?rest_route=\/wp\/v2\/users\/63"}],"replies":[{"embeddable":true,"href":"https:\/\/site.ac-martinique.fr\/documentation\/index.php?rest_route=%2Fwp%2Fv2%2Fcomments&post=1670"}],"version-history":[{"count":23,"href":"https:\/\/site.ac-martinique.fr\/documentation\/index.php?rest_route=\/wp\/v2\/pages\/1670\/revisions"}],"predecessor-version":[{"id":4005,"href":"https:\/\/site.ac-martinique.fr\/documentation\/index.php?rest_route=\/wp\/v2\/pages\/1670\/revisions\/4005"}],"wp:attachment":[{"href":"https:\/\/site.ac-martinique.fr\/documentation\/index.php?rest_route=%2Fwp%2Fv2%2Fmedia&parent=1670"}],"curies":[{"name":"wp","href":"https:\/\/api.w.org\/{rel}","templated":true}]}}