{"id":2593,"date":"2018-09-26T10:45:02","date_gmt":"2018-09-26T14:45:02","guid":{"rendered":"\/documentation\/?page_id=2593"},"modified":"2024-01-11T08:21:25","modified_gmt":"2024-01-11T12:21:25","slug":"les-parcours-educatifs","status":"publish","type":"page","link":"https:\/\/site.ac-martinique.fr\/documentation\/?page_id=2593","title":{"rendered":"Favoriser l&rsquo;ouverture culturelle"},"content":{"rendered":"<p>Le PEAC doit permettre \u00e0 chaque \u00e9l\u00e8ve d\u2019aborder, dans leur diversit\u00e9, les grands domaines des arts et de la culture, et de valoriser les activit\u00e9s auxquelles il prend part, y compris en dehors de l\u2019\u00e9cole. Il favorise \u00e9galement la coh\u00e9sion au sein de l\u2019\u00e9cole ou de l\u2019\u00e9tablissement en mobilisant \u00e9l\u00e8ves, enseignants et parents autour de projets artistiques et culturels.<\/p>\n<p>La mise en \u0153uvre de ce parcours implique un partenariat avec l\u2019ensemble des acteurs du territoire : \u00e9quipes \u00e9ducatives, op\u00e9rateurs culturels, collectivit\u00e9s territoriales, milieu associatif, etc. Il encourage une plus grande ouverture des \u00e9coles et des \u00e9tablissements scolaires sur leur environnement culturel proche.<\/p>\n<p><em><strong>Source<\/strong> :https:\/\/www.education.gouv.fr\/le-parcours-d-education-artistique-et-culturelle-peac-4283<\/em><\/p>\n<p><strong>Focus sur\u00a0 le projets Erasmus avec Mme Hautteville Marveaux professeure documentaliste au coll\u00e8ge Edouard Glissant au Lamentin<\/strong><\/p>\n<p><a href=\"\/documentation\/?p=2997\" target=\"_blank\" rel=\"noopener noreferrer\">Le projet Erasmus<\/a><\/p>\n<p>Pour finir, retrouvez dans notre collection d\u00e9di\u00e9e \u00e0 l&rsquo;ouverture culturelle les informations officielles mais aussi locales, les contributions des professeurs documentalistes de la Martinique et d&rsquo;ailleurs, la liste des structures culturelles de l&rsquo;\u00eele pour initier des partenariats dans les domaines artistiques et scientifiques.\u00a0<\/p>\n<p>Cliquez sur le lien ci-dessous\u00a0\u00a0<\/p>\n<\/p>\n\n<p><iframe loading=\"lazy\" style=\"border: 0px;\" src=\"https:\/\/www.pearltrees.com\/documentationmartinique\/ouverture-culturelle\/id70179560?embed=2&amp;d=20240111822\" width=\"560\" height=\"413\"><\/iframe><span style=\"display: block; padding-top: 2px; color: #818181; font-size: 13px;\"><a style=\"color: #818181; font-size: 13px;\" href=\"https:\/\/www.pearltrees.com\/documentationmartinique\/ouverture-culturelle\/id70179560\" target=\"_blank\" rel=\"noopener\">Ouverture culturelle<\/a>, par <a style=\"color: #818181; font-size: 13px;\" href=\"https:\/\/www.pearltrees.com\/documentationmartinique\" target=\"_blank\" rel=\"noopener\">documentationmartinique<\/a><\/span><\/p>\n\n\n<pre class=\"wp-block-code\"><code><\/code><\/pre>\n\n\n\n<p><\/p>\n\n\n\n<pre class=\"wp-block-code\"><code><\/code><\/pre>\n\n\n\n<p><\/p>\n","protected":false},"excerpt":{"rendered":"<p>Le PEAC doit permettre \u00e0 chaque \u00e9l\u00e8ve d\u2019aborder, dans leur diversit\u00e9, les grands domaines des arts et de la culture, et de valoriser les activit\u00e9s auxquelles il prend part, y compris en dehors de l\u2019\u00e9cole. Il favorise \u00e9galement la coh\u00e9sion &hellip; <a href=\"https:\/\/site.ac-martinique.fr\/documentation\/?page_id=2593\">Continuer la lecture <span class=\"meta-nav\">&rarr;<\/span><\/a><\/p>\n","protected":false},"author":63,"featured_media":0,"parent":0,"menu_order":0,"comment_status":"closed","ping_status":"closed","template":"","meta":{"footnotes":""},"class_list":["post-2593","page","type-page","status-publish","hentry"],"_links":{"self":[{"href":"https:\/\/site.ac-martinique.fr\/documentation\/index.php?rest_route=\/wp\/v2\/pages\/2593","targetHints":{"allow":["GET"]}}],"collection":[{"href":"https:\/\/site.ac-martinique.fr\/documentation\/index.php?rest_route=\/wp\/v2\/pages"}],"about":[{"href":"https:\/\/site.ac-martinique.fr\/documentation\/index.php?rest_route=\/wp\/v2\/types\/page"}],"author":[{"embeddable":true,"href":"https:\/\/site.ac-martinique.fr\/documentation\/index.php?rest_route=\/wp\/v2\/users\/63"}],"replies":[{"embeddable":true,"href":"https:\/\/site.ac-martinique.fr\/documentation\/index.php?rest_route=%2Fwp%2Fv2%2Fcomments&post=2593"}],"version-history":[{"count":14,"href":"https:\/\/site.ac-martinique.fr\/documentation\/index.php?rest_route=\/wp\/v2\/pages\/2593\/revisions"}],"predecessor-version":[{"id":3973,"href":"https:\/\/site.ac-martinique.fr\/documentation\/index.php?rest_route=\/wp\/v2\/pages\/2593\/revisions\/3973"}],"wp:attachment":[{"href":"https:\/\/site.ac-martinique.fr\/documentation\/index.php?rest_route=%2Fwp%2Fv2%2Fmedia&parent=2593"}],"curies":[{"name":"wp","href":"https:\/\/api.w.org\/{rel}","templated":true}]}}

<p>Le PEAC doit permettre à chaque élève d’aborder, dans leur diversité, les grands domaines des arts et de la culture, et de valoriser les activités auxquelles il prend part, y compris en dehors de l’école. Il favorise également la cohésion au sein de l’école ou de l’établissement en mobilisant élèves, enseignants et parents autour de projets artistiques et culturels.</p>
<p>La mise en œuvre de ce parcours implique un partenariat avec l’ensemble des acteurs du territoire : équipes éducatives, opérateurs culturels, collectivités territoriales, milieu associatif, etc. Il encourage une plus grande ouverture des écoles et des établissements scolaires sur leur environnement culturel proche.</p>
<p><em><strong>Source</strong> :https://www.education.gouv.fr/le-parcours-d-education-artistique-et-culturelle-peac-4283</em></p>
<p><strong>Focus sur  le projets Erasmus avec Mme Hautteville Marveaux professeure documentaliste au collège Edouard Glissant au Lamentin</strong></p>
<p><a href="/documentation/?p=2997" target="_blank" rel="noopener noreferrer">Le projet Erasmus</a></p>
<p>Pour finir, retrouvez dans notre collection dédiée à l&rsquo;ouverture culturelle les informations officielles mais aussi locales, les contributions des professeurs documentalistes de la Martinique et d&rsquo;ailleurs, la liste des structures culturelles de l&rsquo;île pour initier des partenariats dans les domaines artistiques et scientifiques. </p>
<p>Cliquez sur le lien ci-dessous  </p>
</p>

<p><iframe loading="lazy" style="border: 0px;" src="https://www.pearltrees.com/documentationmartinique/ouverture-culturelle/id70179560?embed=2&amp;d=20240111822" width="560" height="413"></iframe><span style="display: block; padding-top: 2px; color: #818181; font-size: 13px;"><a style="color: #818181; font-size: 13px;" href="https://www.pearltrees.com/documentationmartinique/ouverture-culturelle/id70179560" target="_blank" rel="noopener">Ouverture culturelle</a>, par <a style="color: #818181; font-size: 13px;" href="https://www.pearltrees.com/documentationmartinique" target="_blank" rel="noopener">documentationmartinique</a></span></p>


<pre class="wp-block-code"><code></code></pre>



<p></p>



<pre class="wp-block-code"><code></code></pre>



<p></p>

<p>Le PEAC doit permettre à chaque élève d’aborder, dans leur diversité, les grands domaines des arts et de la culture, et de valoriser les activités auxquelles il prend part, y compris en dehors de l’école. Il favorise également la cohésion &hellip; <a href="https://site.ac-martinique.fr/documentation/?page_id=2593">Continuer la lecture <span class="meta-nav">&rarr;</span></a></p>
