{"id":2630,"date":"2018-09-27T10:47:16","date_gmt":"2018-09-27T14:47:16","guid":{"rendered":"\/documentation\/?page_id=2630"},"modified":"2024-01-11T08:23:36","modified_gmt":"2024-01-11T12:23:36","slug":"gestion-du-cdi","status":"publish","type":"page","link":"https:\/\/site.ac-martinique.fr\/documentation\/?page_id=2630","title":{"rendered":"Organiser et Diffuser les ressources documentaires"},"content":{"rendered":"<p style=\"text-align: center;\"><a href=\"\/documentation\/wp-content\/uploads\/sites\/10\/2020\/03\/20200325_174632_0000.png\"><img loading=\"lazy\" decoding=\"async\" class=\"alignnone wp-image-2813\" src=\"\/documentation\/wp-content\/uploads\/sites\/10\/2020\/03\/20200325_174632_0000-300x171.png\" alt=\"\" width=\"215\" height=\"126\" \/><\/a><\/p>\n<p>S\u00e9lection de ressources pour accompagner les professeurs documentalistes dans le management des CDI : gestion documentaire, r\u00e9am\u00e9nagement du CDI, t\u00e2ches de fin d&rsquo;ann\u00e9e&#8230;<\/p>\n\n<p><iframe loading=\"lazy\" style=\"border: 0px;\" src=\"https:\/\/www.pearltrees.com\/documentationmartinique\/professeurs-documentalistes\/id70179569?embed=2&amp;d=20240111824\" width=\"560\" height=\"413\"><\/iframe><span style=\"display: block; padding-top: 2px; color: #818181; font-size: 13px;\"><a style=\"color: #818181; font-size: 13px;\" href=\"https:\/\/www.pearltrees.com\/documentationmartinique\/professeurs-documentalistes\/id70179569\" target=\"_blank\" rel=\"noopener\">Bo\u00eete \u00e0 outils des professeurs documentalistes de la Martinique<\/a>, par <a style=\"color: #818181; font-size: 13px;\" href=\"https:\/\/www.pearltrees.com\/documentationmartinique\" target=\"_blank\" rel=\"noopener\">documentationmartinique<\/a><\/span><\/p>\n\n\n<div class=\"wp-block-columns is-layout-flex wp-container-core-columns-is-layout-abceabcf wp-block-columns-is-layout-flex\">\n<div class=\"wp-block-column is-layout-flow wp-block-column-is-layout-flow\" style=\"--col-width:100%;flex-basis:100%\"><\/div>\n<\/div>\n\n\n\n<p>Mise \u00e0 jour 2024<\/p>\n","protected":false},"excerpt":{"rendered":"<p>S\u00e9lection de ressources pour accompagner les professeurs documentalistes dans le management des CDI : gestion documentaire, r\u00e9am\u00e9nagement du CDI, t\u00e2ches de fin d&rsquo;ann\u00e9e&#8230; Bo\u00eete \u00e0 outils des professeurs documentalistes de la Martinique, par documentationmartinique Mise \u00e0 jour 2024<\/p>\n","protected":false},"author":63,"featured_media":0,"parent":0,"menu_order":0,"comment_status":"closed","ping_status":"closed","template":"","meta":{"footnotes":""},"class_list":["post-2630","page","type-page","status-publish","hentry"],"_links":{"self":[{"href":"https:\/\/site.ac-martinique.fr\/documentation\/index.php?rest_route=\/wp\/v2\/pages\/2630","targetHints":{"allow":["GET"]}}],"collection":[{"href":"https:\/\/site.ac-martinique.fr\/documentation\/index.php?rest_route=\/wp\/v2\/pages"}],"about":[{"href":"https:\/\/site.ac-martinique.fr\/documentation\/index.php?rest_route=\/wp\/v2\/types\/page"}],"author":[{"embeddable":true,"href":"https:\/\/site.ac-martinique.fr\/documentation\/index.php?rest_route=\/wp\/v2\/users\/63"}],"replies":[{"embeddable":true,"href":"https:\/\/site.ac-martinique.fr\/documentation\/index.php?rest_route=%2Fwp%2Fv2%2Fcomments&post=2630"}],"version-history":[{"count":17,"href":"https:\/\/site.ac-martinique.fr\/documentation\/index.php?rest_route=\/wp\/v2\/pages\/2630\/revisions"}],"predecessor-version":[{"id":3975,"href":"https:\/\/site.ac-martinique.fr\/documentation\/index.php?rest_route=\/wp\/v2\/pages\/2630\/revisions\/3975"}],"wp:attachment":[{"href":"https:\/\/site.ac-martinique.fr\/documentation\/index.php?rest_route=%2Fwp%2Fv2%2Fmedia&parent=2630"}],"curies":[{"name":"wp","href":"https:\/\/api.w.org\/{rel}","templated":true}]}}