{"id":2685,"date":"2018-10-15T14:15:38","date_gmt":"2018-10-15T18:15:38","guid":{"rendered":"\/documentation\/?page_id=2685"},"modified":"2024-01-11T08:39:39","modified_gmt":"2024-01-11T12:39:39","slug":"en-direct-des-cdi","status":"publish","type":"page","link":"https:\/\/site.ac-martinique.fr\/documentation\/?page_id=2685","title":{"rendered":"En direct des CDI"},"content":{"rendered":"<p style=\"text-align: center;\"><a href=\"\/documentation\/wp-content\/uploads\/sites\/10\/2020\/03\/20200325_175156.jpg\"><img loading=\"lazy\" decoding=\"async\" class=\"alignnone wp-image-2814\" src=\"\/documentation\/wp-content\/uploads\/sites\/10\/2020\/03\/20200325_175156-300x139.jpg\" alt=\"\" width=\"238\" height=\"115\"><\/a><\/p>\n<\/p>\n\n\n<p class=\"has-text-align-center\"><\/p>\n\n\n<p><a href=\"https:\/\/site.ac-martinique.fr\/documentation\/?p=3980\" target=\"_blank\" rel=\"noopener\"><strong>Nuit de la lecture<\/strong><\/a><strong> par Thara PIEJOS professeur documentaliste<\/strong><\/p>\n<p><strong><a href=\"https:\/\/site.ac-martinique.fr\/documentation\/?p=3825\" target=\"_blank\" rel=\"noreferrer noopener\">Des affiches pour dire non au harc\u00e8lement<\/a><\/strong> <strong>par Eve-Emmanuelle BOURDET-URSULET\u00a0 professeure documentaliste<\/strong><\/p>\n<p><strong><a href=\"https:\/\/site.ac-martinique.fr\/documentation\/?p=3917\" target=\"_blank\" rel=\"noopener\">Les \u00e9l\u00e8ves du LGT Frantz FANON disent non au harc\u00e8lement<\/a> par Patrick Andr\u00e9 professeur documentaliste<\/strong><\/p>\n<p><a href=\"https:\/\/site.ac-martinique.fr\/documentation\/?p=3898\" target=\"_blank\" rel=\"noopener\"><strong>Focus sur Madinina Ch\u00e9rie le magazine culturel du LGT Frantz FANON<\/strong><\/a> <strong>par Patrick Andr\u00e9 professeur documentaliste<\/strong><\/p>\n\n\n<\/p>\n<p class=\"has-text-align-center\"><strong><mark><mark class=\"has-inline-color has-blue-color\">Ann\u00e9e scolaire 2021-2022<\/mark><\/mark><\/strong><\/p>\n<p>\n\n\n\n<p><\/p>\n\n\n<p><strong><a href=\"https:\/\/site.ac-martinique.fr\/documentation\/?p=3612\" target=\"_blank\" rel=\"noreferrer noopener\" data-type=\"URL\" data-id=\"https:\/\/site.ac-martinique.fr\/documentation\/?p=3612\">Festival des Am\u00e9riques au Lyc\u00e9e Acajou 2<\/a> par V\u00e9ronique REUNIF professeure et Marthe BERTIDE-LIMIER professeure documentaliste<\/strong><\/p>\n<\/p>\n<p><strong><a href=\"https:\/\/site.ac-martinique.fr\/documentation\/?p=3603\" target=\"_blank\" rel=\"noreferrer noopener\" data-type=\"URL\" data-id=\"https:\/\/site.ac-martinique.fr\/documentation\/?p=3603\">Nuit de la lecture au lyc\u00e9e J. ZOBEL<\/a><\/strong> <strong>par Marie-Dominique JEANNE professeure documentaliste<\/strong><\/p>\n<\/p>\n<p><a href=\"https:\/\/site.ac-martinique.fr\/documentation\/?p=3628\" target=\"_blank\" rel=\"noreferrer noopener\" data-type=\"URL\" data-id=\"https:\/\/site.ac-martinique.fr\/documentation\/?p=3628\"><strong>Le blog du lyc\u00e9e professionnel de Place D&rsquo;armes 2<\/strong><\/a> <strong>par Sylvie-GIRAUDEL DEFREMONT professeure documentaliste<\/strong><\/p>\n<\/p>\n<p><strong><a href=\"https:\/\/site.ac-martinique.fr\/documentation\/?p=3645\" target=\"_blank\" rel=\"noreferrer noopener\" data-type=\"URL\" data-id=\"https:\/\/site.ac-martinique.fr\/documentation\/?p=3645\">Vie de l&rsquo;internat au Lyc\u00e9e J-ZOBEL <\/a>par Marie-Dominique JEANNE professeure documentaliste<\/strong><\/p>\n<\/p>\n<p><strong><a href=\"https:\/\/site.ac-martinique.fr\/documentation\/?p=3656\" data-type=\"URL\" data-id=\"https:\/\/site.ac-martinique.fr\/documentation\/?p=3656\">Journ\u00e9e de la femme au Lyc\u00e9e J-ZOBEL <\/a>par Marie-Dominique JEANNE professeure documentaliste<\/strong><\/p>\n<\/p>\n<p><strong><a href=\"https:\/\/site.ac-martinique.fr\/documentation\/?p=3674\" target=\"_blank\" rel=\"noreferrer noopener\" data-type=\"URL\" data-id=\"https:\/\/site.ac-martinique.fr\/documentation\/?p=3674\">Pers\u00e9v\u00e9rance et r\u00e9silience dans le cadre des nuits de l&rsquo;internat au Lyc\u00e9e J-ZOBEL<\/a> par Marie-Dominique JEANNE professeure documentaliste<\/strong><\/p>\n<\/p>\n<p><strong><a href=\"https:\/\/site.ac-martinique.fr\/documentation\/?p=3688\" target=\"_blank\" rel=\"noreferrer noopener\" data-type=\"URL\" data-id=\"https:\/\/site.ac-martinique.fr\/documentation\/?p=3688\">Jeunes en librairie<\/a><\/strong> <strong>par Philippe LANDAU professeur documentaliste<\/strong><\/p>\n<\/p>\n<p><strong><a href=\"https:\/\/site.ac-martinique.fr\/documentation\/?p=3752\" target=\"_blank\" rel=\"noreferrer noopener\">Concours Martinique 2036&nbsp; Lyc\u00e9e Joseph Gaillard<\/a> par Ang\u00e9lique PARASMO professeure documentaliste<\/strong><\/p>\n<\/p>\n<p style=\"text-align: center;\"><strong><mark class=\"has-inline-color has-blue-color\">Ann\u00e9e scolaire 2020-2021<\/mark><\/strong><\/p>\n<p style=\"text-align: left;\"><strong><a href=\"\/documentation\/?p=3230\" target=\"_blank\" rel=\"noopener noreferrer\">Des pr\u00eats sur le carbet<\/a> par Claire JUSTON professeure documentaliste<\/strong><\/p>\n<p style=\"text-align: left;\"><!--more--><\/p>\n<p style=\"text-align: left;\"><strong><a href=\"\/documentation\/?p=3234\" target=\"_blank\" rel=\"noopener noreferrer\">Rencontre litt\u00e9raire avec Mathieu GAMA<\/a> par Monique CARDA professeur&nbsp;<\/strong><\/p>\n<p style=\"text-align: left;\"><!--more--><\/p>\n<p style=\"text-align: left;\"><a href=\"\/documentation\/?p=3239\" target=\"_blank\" rel=\"noopener noreferrer\"><strong>Atelier alimentation du sportif<\/strong><\/a> <strong>par Marthe BERTIDE-LIMIER professeure documentaliste<\/strong><\/p>\n<p><!--more--><\/p>\n<p style=\"text-align: left;\"><a href=\"\/documentation\/?p=3242\" target=\"_blank\" rel=\"noopener noreferrer\"><strong>F\u00eate de la science 2020 ( 18 novembre 2020)<\/strong><\/a>&nbsp;<strong>par Marthe BERTIDE-LIMIER&nbsp; professeure documentaliste<\/strong><\/p>\n<p><!--more--><\/p>\n<p><strong><a href=\"\/documentation\/?p=3246\" target=\"_blank\" rel=\"noopener noreferrer\">Slam&amp; photographie au lyc\u00e9e Joseph Zobel de Rivi\u00e8re-Sal\u00e9e<\/a>\u2026 par&nbsp; Marie-Dominique JEANNE professeure documentaliste<\/strong><\/p>\n<p><!--more--><\/p>\n<p><strong><a href=\"https:\/\/site.ac-martinique.fr\/documentation\/?p=3338\" target=\"_blank\" rel=\"noopener\">Un nouveau CDI au Coll\u00e8ge de Basse-Pointe<\/a>&nbsp;<\/strong><\/p>\n<\/p>\n<p style=\"text-align: left;\"><strong><a href=\"\/documentation\/?p=3177\" target=\"_blank\" rel=\"noopener noreferrer\">Sc\u00e8ne de crime au CDI&nbsp;:&nbsp;Qui a tu\u00e9 Britannicus&nbsp;?<\/a>&nbsp;par Eve-Emmanuelle Bourdet Professeure documentaliste<\/strong><!--more--><\/p>\n<p style=\"text-align: center;\"><strong><mark class=\"has-inline-color has-blue-color\">ARCHIVES<\/mark><\/strong><\/p>\n<p style=\"text-align: left;\"><b><a href=\"\/documentation\/?p=3180\" target=\"_blank\" rel=\"noopener noreferrer\">Com\u00e9die musicale&nbsp;\u00ab&nbsp;STOP AU HARC\u00c8LEMENT&nbsp;\u00bb<\/a> par Ang\u00e9lique Mondor <strong>professeure documentaliste<\/strong> <\/b><!--more--><\/p>\n<p style=\"text-align: left;\"><strong><a href=\"\/documentation\/?p=2126\" target=\"_blank\" rel=\"noopener noreferrer\">La bibliobox&nbsp;<\/a>par Sylvie Giraudel-Defremont professeure documentaliste<\/strong><\/p>\n<p style=\"text-align: left;\"><strong><a href=\"\/documentation\/?p=2228\" target=\"_blank\" rel=\"noopener noreferrer\">Le club manga&nbsp;en coll\u00e8ge<\/a> par Ang\u00e9lique Parasmo professeure documentaliste <\/strong><!--more--><\/p>\n<\/p>\n\n\n<p><\/p>\n\n\n\n<p class=\"has-text-align-center\"><\/p>\n","protected":false},"excerpt":{"rendered":"<p>Nuit de la lecture par Thara PIEJOS professeur documentaliste Des affiches pour dire non au harc\u00e8lement par Eve-Emmanuelle BOURDET-URSULET\u00a0 professeure documentaliste Les \u00e9l\u00e8ves du LGT Frantz FANON disent non au harc\u00e8lement par Patrick Andr\u00e9 professeur documentaliste Focus sur Madinina Ch\u00e9rie &hellip; <a href=\"https:\/\/site.ac-martinique.fr\/documentation\/?page_id=2685\">Continuer la lecture <span class=\"meta-nav\">&rarr;<\/span><\/a><\/p>\n","protected":false},"author":63,"featured_media":0,"parent":0,"menu_order":0,"comment_status":"closed","ping_status":"closed","template":"","meta":{"footnotes":""},"class_list":["post-2685","page","type-page","status-publish","hentry"],"_links":{"self":[{"href":"https:\/\/site.ac-martinique.fr\/documentation\/index.php?rest_route=\/wp\/v2\/pages\/2685","targetHints":{"allow":["GET"]}}],"collection":[{"href":"https:\/\/site.ac-martinique.fr\/documentation\/index.php?rest_route=\/wp\/v2\/pages"}],"about":[{"href":"https:\/\/site.ac-martinique.fr\/documentation\/index.php?rest_route=\/wp\/v2\/types\/page"}],"author":[{"embeddable":true,"href":"https:\/\/site.ac-martinique.fr\/documentation\/index.php?rest_route=\/wp\/v2\/users\/63"}],"replies":[{"embeddable":true,"href":"https:\/\/site.ac-martinique.fr\/documentation\/index.php?rest_route=%2Fwp%2Fv2%2Fcomments&post=2685"}],"version-history":[{"count":42,"href":"https:\/\/site.ac-martinique.fr\/documentation\/index.php?rest_route=\/wp\/v2\/pages\/2685\/revisions"}],"predecessor-version":[{"id":3984,"href":"https:\/\/site.ac-martinique.fr\/documentation\/index.php?rest_route=\/wp\/v2\/pages\/2685\/revisions\/3984"}],"wp:attachment":[{"href":"https:\/\/site.ac-martinique.fr\/documentation\/index.php?rest_route=%2Fwp%2Fv2%2Fmedia&parent=2685"}],"curies":[{"name":"wp","href":"https:\/\/api.w.org\/{rel}","templated":true}]}}