{"id":2793,"date":"2020-03-22T12:50:05","date_gmt":"2020-03-22T16:50:05","guid":{"rendered":"\/documentation\/?page_id=2793"},"modified":"2020-04-02T10:53:45","modified_gmt":"2020-04-02T14:53:45","slug":"continuite-pedagogique-covid-19","status":"publish","type":"page","link":"https:\/\/site.ac-martinique.fr\/documentation\/?page_id=2793","title":{"rendered":"Continuit\u00e9 p\u00e9dagogique -Covid 19"},"content":{"rendered":"<p style=\"text-align: center;\"><a href=\"\/documentation\/wp-content\/uploads\/sites\/10\/2020\/03\/t\u00e9l\u00e9chargement.png\"><img loading=\"lazy\" decoding=\"async\" class=\"alignnone size-medium wp-image-2794\" src=\"\/documentation\/wp-content\/uploads\/sites\/10\/2020\/03\/t\u00e9l\u00e9chargement-300x166.png\" alt=\"\" width=\"300\" height=\"166\" srcset=\"https:\/\/site.ac-martinique.fr\/documentation\/wp-content\/uploads\/sites\/10\/2020\/03\/t\u00e9l\u00e9chargement-300x166.png 300w, https:\/\/site.ac-martinique.fr\/documentation\/wp-content\/uploads\/sites\/10\/2020\/03\/t\u00e9l\u00e9chargement.png 301w\" sizes=\"auto, (max-width: 300px) 100vw, 300px\" \/><\/a><\/p>\n<p>Cette rubrique est destin\u00e9e aux professionnels de la documentation dans le cadre de la continuit\u00e9 p\u00e9dagogique li\u00e9e au COVID 19.<\/p>\n<p>Vous y trouverez une s\u00e9lection de ressources institutionnelles, \u00e9ducatives, culturelles et p\u00e9dagogiques \u00e0 destination des \u00e9l\u00e8ves et \u00e9quipes \u00e9ducatives qui pourront \u00eatre relay\u00e9es sur les portails documentaires des \u00e9tablissements ou vos outils de veille. Cette solution num\u00e9rique est adapt\u00e9e \u00e0 l&rsquo;enseignement \u00e0 distance.<\/p>\n<p>Nous recenserons \u00e9galement les pratiques des professeurs documentalistes de la Martinique dans le cadre de l&rsquo;Education aux M\u00e9dias ou encore l&rsquo;accompagnement des \u00e9l\u00e8ves et enseignants \u00e0 distance tenant compte du contexte et des r\u00e9alit\u00e9s locales.<\/p>\n<div class=\"titre\"><\/div>\n<div class=\"padding-left-10\">\n<div class=\"chapo margin-bottom-20 padding-top-10 font-georgia font-12 font-grey bold\">\n<p><em><strong>Cette rubrique\u00a0sera r\u00e9guli\u00e8rement mise \u00e0 jour afin de tenir compte de l\u2019actualit\u00e9 des outils \u00e0 disposition pour la continuit\u00e9 p\u00e9dagogique.<\/strong><\/em><\/p>\n<p>Pour consulter notre veille, vous pouvez cliquer sur le lien ci-dessous<\/p>\n<p><iframe loading=\"lazy\" src=\"https:\/\/www.pearltrees.com\/private\/id30926360?access=1789311a18b.1d7e618.ed491ec112be48e97952fd8bcc4a7d32&#038;embed=2&#038;d=202004021051\" width=\"853\" height=\"604\" style=\"border:0px;\" allowtransparency=\"true\"><\/iframe><span style=\"display:block; padding-top:2px; color:#818181; font-size:13px;\"><a href=\"http:\/\/www.pearltrees.com\/documentationmartinique\/continuite-pedagogique\/id30926360\" style=\" color:#818181; font-size:13px;\" target=\"_blank\">CONTINUITE PEDAGOGIQUE<\/a>, par <a href=\"http:\/\/www.pearltrees.com\/documentationmartinique\" style=\" color:#818181; font-size:13px;\" target=\"_blank\">documentationmartinique<\/a><\/span><\/p>\n<\/div>\n<\/div>\n<p>&nbsp;<\/p>\n<p>&nbsp;<\/p>\n<p style=\"text-align: center;\"><strong>Mise \u00e0 jour Mars 2020<\/strong><\/p>\n","protected":false},"excerpt":{"rendered":"<p>Cette rubrique est destin\u00e9e aux professionnels de la documentation dans le cadre de la continuit\u00e9 p\u00e9dagogique li\u00e9e au COVID 19. Vous y trouverez une s\u00e9lection de ressources institutionnelles, \u00e9ducatives, culturelles et p\u00e9dagogiques \u00e0 destination des \u00e9l\u00e8ves et \u00e9quipes \u00e9ducatives qui &hellip; <a href=\"https:\/\/site.ac-martinique.fr\/documentation\/?page_id=2793\">Continuer la lecture <span class=\"meta-nav\">&rarr;<\/span><\/a><\/p>\n","protected":false},"author":63,"featured_media":0,"parent":0,"menu_order":0,"comment_status":"closed","ping_status":"closed","template":"","meta":{"footnotes":""},"class_list":["post-2793","page","type-page","status-publish","hentry"],"_links":{"self":[{"href":"https:\/\/site.ac-martinique.fr\/documentation\/index.php?rest_route=\/wp\/v2\/pages\/2793","targetHints":{"allow":["GET"]}}],"collection":[{"href":"https:\/\/site.ac-martinique.fr\/documentation\/index.php?rest_route=\/wp\/v2\/pages"}],"about":[{"href":"https:\/\/site.ac-martinique.fr\/documentation\/index.php?rest_route=\/wp\/v2\/types\/page"}],"author":[{"embeddable":true,"href":"https:\/\/site.ac-martinique.fr\/documentation\/index.php?rest_route=\/wp\/v2\/users\/63"}],"replies":[{"embeddable":true,"href":"https:\/\/site.ac-martinique.fr\/documentation\/index.php?rest_route=%2Fwp%2Fv2%2Fcomments&post=2793"}],"version-history":[{"count":12,"href":"https:\/\/site.ac-martinique.fr\/documentation\/index.php?rest_route=\/wp\/v2\/pages\/2793\/revisions"}],"predecessor-version":[{"id":3140,"href":"https:\/\/site.ac-martinique.fr\/documentation\/index.php?rest_route=\/wp\/v2\/pages\/2793\/revisions\/3140"}],"wp:attachment":[{"href":"https:\/\/site.ac-martinique.fr\/documentation\/index.php?rest_route=%2Fwp%2Fv2%2Fmedia&parent=2793"}],"curies":[{"name":"wp","href":"https:\/\/api.w.org\/{rel}","templated":true}]}}