{"id":2848,"date":"2020-03-27T12:10:55","date_gmt":"2020-03-27T16:10:55","guid":{"rendered":"\/documentation\/?page_id=2848"},"modified":"2024-01-11T08:19:25","modified_gmt":"2024-01-11T12:19:25","slug":"veille-documentaire","status":"publish","type":"page","link":"https:\/\/site.ac-martinique.fr\/documentation\/?page_id=2848","title":{"rendered":"Veille Documentaire"},"content":{"rendered":"\n<p class=\"has-text-align-center\"><strong>Des sites \u00e0 consulter pour se tenir au courant de l&rsquo;actualit\u00e9 p\u00e9dagogique, num\u00e9rique et culturelle.<\/strong><\/p>\n\n\n\n<p><\/p>\n\n\n<p><iframe loading=\"lazy\" style=\"border: 0px;\" src=\"https:\/\/www.pearltrees.com\/documentationmartinique\/annee-2023-2024\/id70179555?embed=2&amp;d=20240111820\" width=\"560\" height=\"413\"><\/iframe><span style=\"display: block; padding-top: 2px; color: #818181; font-size: 13px;\"><a style=\"color: #818181; font-size: 13px;\" href=\"https:\/\/www.pearltrees.com\/documentationmartinique\/annee-2023-2024\/id70179555\" target=\"_blank\" rel=\"noopener\">Ann\u00e9e 2023-2024<\/a>, par <a style=\"color: #818181; font-size: 13px;\" href=\"https:\/\/www.pearltrees.com\/documentationmartinique\" target=\"_blank\" rel=\"noopener\">documentationmartinique<\/a><\/span><\/p>","protected":false},"excerpt":{"rendered":"<p>Des sites \u00e0 consulter pour se tenir au courant de l&rsquo;actualit\u00e9 p\u00e9dagogique, num\u00e9rique et culturelle. Ann\u00e9e 2023-2024, par documentationmartinique<\/p>\n","protected":false},"author":63,"featured_media":0,"parent":0,"menu_order":0,"comment_status":"closed","ping_status":"closed","template":"","meta":{"footnotes":""},"class_list":["post-2848","page","type-page","status-publish","hentry"],"_links":{"self":[{"href":"https:\/\/site.ac-martinique.fr\/documentation\/index.php?rest_route=\/wp\/v2\/pages\/2848","targetHints":{"allow":["GET"]}}],"collection":[{"href":"https:\/\/site.ac-martinique.fr\/documentation\/index.php?rest_route=\/wp\/v2\/pages"}],"about":[{"href":"https:\/\/site.ac-martinique.fr\/documentation\/index.php?rest_route=\/wp\/v2\/types\/page"}],"author":[{"embeddable":true,"href":"https:\/\/site.ac-martinique.fr\/documentation\/index.php?rest_route=\/wp\/v2\/users\/63"}],"replies":[{"embeddable":true,"href":"https:\/\/site.ac-martinique.fr\/documentation\/index.php?rest_route=%2Fwp%2Fv2%2Fcomments&post=2848"}],"version-history":[{"count":22,"href":"https:\/\/site.ac-martinique.fr\/documentation\/index.php?rest_route=\/wp\/v2\/pages\/2848\/revisions"}],"predecessor-version":[{"id":3972,"href":"https:\/\/site.ac-martinique.fr\/documentation\/index.php?rest_route=\/wp\/v2\/pages\/2848\/revisions\/3972"}],"wp:attachment":[{"href":"https:\/\/site.ac-martinique.fr\/documentation\/index.php?rest_route=%2Fwp%2Fv2%2Fmedia&parent=2848"}],"curies":[{"name":"wp","href":"https:\/\/api.w.org\/{rel}","templated":true}]}}