{"id":3206,"date":"2020-06-08T11:40:02","date_gmt":"2020-06-08T15:40:02","guid":{"rendered":"\/documentation\/?page_id=3206"},"modified":"2021-03-23T15:15:04","modified_gmt":"2021-03-23T19:15:04","slug":"deconfinement-et-retour-dans-les-cdi","status":"publish","type":"page","link":"https:\/\/site.ac-martinique.fr\/documentation\/?page_id=3206","title":{"rendered":"D\u00e9confinement et retour dans les CDI"},"content":{"rendered":"<p>Le contexte sanitaire actuel nous invite \u00e0 repenser l&rsquo;accueil du CDI.\u00a0Nous vous proposons une s\u00e9lection de liens \u00e0 consulter pour d\u00e9couvrir les recommandations officielles et les pr\u00e9conisations pour accompagner le d\u00e9confinement. Nous vous invitons \u00e0 prendre connaissance de la\u00a0contribution de 4 professeurs documentalistes de la Martinique pour un retour serein\u00a0au CDI.<\/p>\n<ol>\n<li><strong>Pr\u00e9parer le d\u00e9confinement et le retour au CDI<\/strong><\/li>\n<\/ol>\n<p><iframe loading=\"lazy\" style=\"border: 0px;\" src=\"\/\/www.pearltrees.com\/documentationmartinique\/preparer-deconfinement-retour\/id31295680?embed=2&amp;d=202006081135\" width=\"853\" height=\"604\"><\/iframe><span style=\"display: block; padding-top: 2px; color: #818181; font-size: 13px;\"><a style=\"color: #818181; font-size: 13px;\" href=\"http:\/\/www.pearltrees.com\/documentationmartinique\/preparer-deconfinement-retour\/id31295680\" target=\"_blank\" rel=\"noopener noreferrer\">Pr\u00e9parer le d\u00e9confinement et le retour au CDI<\/a>, par <a style=\"color: #818181; font-size: 13px;\" href=\"http:\/\/www.pearltrees.com\/documentationmartinique\" target=\"_blank\" rel=\"noopener noreferrer\">documentationmartinique<\/a><\/span><\/p>\n<p><strong>2. Penser l\u2019apr\u00e8s covid avec\u00a0 le CDI hybride\u00a0+\u00a0deux\u00a0<\/strong><strong>\u00a0exemples de protocoles<\/strong> d\u00e9clin\u00e9s en application propos\u00e9s par Eve Emmanuelle BOURDET\u00a0 professeure documentaliste au coll\u00e8ge Belle Etoile \u00e0 Saint-Joseph disponible\u00a0\u00e0 l&rsquo;adresse\u00a0\u00a0<a href=\"https:\/\/clgbelletoile.glideapp.io\/\" target=\"_blank\" rel=\"noopener noreferrer\">https:\/\/clgbelletoile.glideapp.io\/<\/a>\u00a0et Marthe BERTIDE-LIMIER professeure documentaliste au Lyc\u00e9e Acajou 2 \u00e0 t\u00e9l\u00e9charger via\u00a0\u00a0<a href=\"https:\/\/protocoleacajou2.glideapp.io\/\" target=\"_blank\" rel=\"noopener noreferrer\">https:\/\/protocoleAcajou2.glideapp.io\/<\/a>\u00a0.On y trouve les textes officiels, les diff\u00e9rentes d\u00e9clinaisons du\u00a0protocole\u00a0 pour la s\u00e9curit\u00e9 de tous, des conseils pour les parents et des liens vers la continuit\u00e9 p\u00e9dagogique et culturelle.<\/p>\n<p>&nbsp;<\/p>\n<div style=\"width: 100%;\">\n<div style=\"position: relative; padding-bottom: 56.25%; padding-top: 0; height: 0;\"><iframe loading=\"lazy\" style=\"position: absolute; top: 0; left: 0; width: 100%; height: 100%;\" src=\"https:\/\/view.genial.ly\/5eaacc897b8ef50d76d1500b\" width=\"1200px\" height=\"675px\" frameborder=\"0\" scrolling=\"yes\" allowfullscreen=\"allowfullscreen\"><\/iframe><\/div>\n<\/div>\n","protected":false},"excerpt":{"rendered":"<p>Le contexte sanitaire actuel nous invite \u00e0 repenser l&rsquo;accueil du CDI.\u00a0Nous vous proposons une s\u00e9lection de liens \u00e0 consulter pour d\u00e9couvrir les recommandations officielles et les pr\u00e9conisations pour accompagner le d\u00e9confinement. Nous vous invitons \u00e0 prendre connaissance de la\u00a0contribution de &hellip; <a href=\"https:\/\/site.ac-martinique.fr\/documentation\/?page_id=3206\">Continuer la lecture <span class=\"meta-nav\">&rarr;<\/span><\/a><\/p>\n","protected":false},"author":63,"featured_media":0,"parent":0,"menu_order":0,"comment_status":"closed","ping_status":"closed","template":"","meta":{"footnotes":""},"class_list":["post-3206","page","type-page","status-publish","hentry"],"_links":{"self":[{"href":"https:\/\/site.ac-martinique.fr\/documentation\/index.php?rest_route=\/wp\/v2\/pages\/3206","targetHints":{"allow":["GET"]}}],"collection":[{"href":"https:\/\/site.ac-martinique.fr\/documentation\/index.php?rest_route=\/wp\/v2\/pages"}],"about":[{"href":"https:\/\/site.ac-martinique.fr\/documentation\/index.php?rest_route=\/wp\/v2\/types\/page"}],"author":[{"embeddable":true,"href":"https:\/\/site.ac-martinique.fr\/documentation\/index.php?rest_route=\/wp\/v2\/users\/63"}],"replies":[{"embeddable":true,"href":"https:\/\/site.ac-martinique.fr\/documentation\/index.php?rest_route=%2Fwp%2Fv2%2Fcomments&post=3206"}],"version-history":[{"count":7,"href":"https:\/\/site.ac-martinique.fr\/documentation\/index.php?rest_route=\/wp\/v2\/pages\/3206\/revisions"}],"predecessor-version":[{"id":3252,"href":"https:\/\/site.ac-martinique.fr\/documentation\/index.php?rest_route=\/wp\/v2\/pages\/3206\/revisions\/3252"}],"wp:attachment":[{"href":"https:\/\/site.ac-martinique.fr\/documentation\/index.php?rest_route=%2Fwp%2Fv2%2Fmedia&parent=3206"}],"curies":[{"name":"wp","href":"https:\/\/api.w.org\/{rel}","templated":true}]}}

Déconfinement et retour dans les CDI

<p>Le contexte sanitaire actuel nous invite à repenser l&rsquo;accueil du CDI. Nous vous proposons une sélection de liens à consulter pour découvrir les recommandations officielles et les préconisations pour accompagner le déconfinement. Nous vous invitons à prendre connaissance de la contribution de 4 professeurs documentalistes de la Martinique pour un retour serein au CDI.</p>
<ol>
<li><strong>Préparer le déconfinement et le retour au CDI</strong></li>
</ol>
<p><iframe loading="lazy" style="border: 0px;" src="//www.pearltrees.com/documentationmartinique/preparer-deconfinement-retour/id31295680?embed=2&amp;d=202006081135" width="853" height="604"></iframe><span style="display: block; padding-top: 2px; color: #818181; font-size: 13px;"><a style="color: #818181; font-size: 13px;" href="http://www.pearltrees.com/documentationmartinique/preparer-deconfinement-retour/id31295680" target="_blank" rel="noopener noreferrer">Préparer le déconfinement et le retour au CDI</a>, par <a style="color: #818181; font-size: 13px;" href="http://www.pearltrees.com/documentationmartinique" target="_blank" rel="noopener noreferrer">documentationmartinique</a></span></p>
<p><strong>2. Penser l’après covid avec  le CDI hybride + deux </strong><strong> exemples de protocoles</strong> déclinés en application proposés par Eve Emmanuelle BOURDET  professeure documentaliste au collège Belle Etoile à Saint-Joseph disponible à l&rsquo;adresse  <a href="https://clgbelletoile.glideapp.io/" target="_blank" rel="noopener noreferrer">https://clgbelletoile.glideapp.io/</a> et Marthe BERTIDE-LIMIER professeure documentaliste au Lycée Acajou 2 à télécharger via  <a href="https://protocoleacajou2.glideapp.io/" target="_blank" rel="noopener noreferrer">https://protocoleAcajou2.glideapp.io/</a> .On y trouve les textes officiels, les différentes déclinaisons du protocole  pour la sécurité de tous, des conseils pour les parents et des liens vers la continuité pédagogique et culturelle.</p>
<p>&nbsp;</p>
<div style="width: 100%;">
<div style="position: relative; padding-bottom: 56.25%; padding-top: 0; height: 0;"><iframe loading="lazy" style="position: absolute; top: 0; left: 0; width: 100%; height: 100%;" src="https://view.genial.ly/5eaacc897b8ef50d76d1500b" width="1200px" height="675px" frameborder="0" scrolling="yes" allowfullscreen="allowfullscreen"></iframe></div>
</div>

<p>Le contexte sanitaire actuel nous invite à repenser l&rsquo;accueil du CDI. Nous vous proposons une sélection de liens à consulter pour découvrir les recommandations officielles et les préconisations pour accompagner le déconfinement. Nous vous invitons à prendre connaissance de la contribution de &hellip; <a href="https://site.ac-martinique.fr/documentation/?page_id=3206">Continuer la lecture <span class="meta-nav">&rarr;</span></a></p>
