{"id":3428,"date":"2023-01-23T15:00:39","date_gmt":"2023-01-23T19:00:39","guid":{"rendered":"https:\/\/site.ac-martinique.fr\/drane\/?page_id=3428"},"modified":"2025-03-09T11:57:27","modified_gmt":"2025-03-09T15:57:27","slug":"site-academique-emi","status":"publish","type":"page","link":"https:\/\/site.ac-martinique.fr\/drane\/?page_id=3428","title":{"rendered":"EMI"},"content":{"rendered":"\n<figure class=\"wp-block-image size-full\"><img loading=\"lazy\" decoding=\"async\" width=\"1000\" height=\"250\" src=\"https:\/\/site.ac-martinique.fr\/drane\/wp-content\/uploads\/sites\/100\/2023\/04\/Copie-de-Banniere-logo-academie-1.png\" alt=\"\" class=\"wp-image-3753\" srcset=\"https:\/\/site.ac-martinique.fr\/drane\/wp-content\/uploads\/sites\/100\/2023\/04\/Copie-de-Banniere-logo-academie-1.png 1000w, https:\/\/site.ac-martinique.fr\/drane\/wp-content\/uploads\/sites\/100\/2023\/04\/Copie-de-Banniere-logo-academie-1-300x75.png 300w, https:\/\/site.ac-martinique.fr\/drane\/wp-content\/uploads\/sites\/100\/2023\/04\/Copie-de-Banniere-logo-academie-1-768x192.png 768w, https:\/\/site.ac-martinique.fr\/drane\/wp-content\/uploads\/sites\/100\/2023\/04\/Copie-de-Banniere-logo-academie-1-150x38.png 150w, https:\/\/site.ac-martinique.fr\/drane\/wp-content\/uploads\/sites\/100\/2023\/04\/Copie-de-Banniere-logo-academie-1-250x63.png 250w\" sizes=\"auto, (max-width: 1000px) 100vw, 1000px\" \/><\/figure>\n\n\n\n<p><\/p>\n\n\n\n<div class=\"wp-block-columns is-layout-flex wp-container-core-columns-is-layout-abceabcf wp-block-columns-is-layout-flex\">\n<div class=\"wp-block-column is-layout-flow wp-block-column-is-layout-flow\" style=\"--col-width:66.66%;flex-basis:66.66%\">\n<p>Cette page acad\u00e9mique vous pr\u00e9sente des ressources et des travaux de recherche r\u00e9cents qui permettent de cerner les contours des pratiques m\u00e9diatiques et informationnelles des \u00e9l\u00e8ves. Elle vise \u00e0 offrir aux enseignants et \u00e9ducateurs :<\/p>\n\n\n\n<p>.une culture partag\u00e9e de l&rsquo;EMI au niveau acad\u00e9mique.<br>.un panorama du paysage m\u00e9diatique et ses enjeux.<br>.des pistes pour mettre en place des m\u00e9diations pour aider l&rsquo;\u00e9l\u00e8ve \u00e0 exercer son esprit critique en interrogeant les sources, la pertinence et la cr\u00e9dibilit\u00e9 d&rsquo;une information.<br>. des rep\u00e8res pour identifier les discours de manipulation et les outils pour les d\u00e9jouer.<br>. une vision des projets existants et pistes d&rsquo;exploitation des diff\u00e9rents m\u00e9dias.<\/p>\n\n\n\n<p><a href=\"https:\/\/site.ac-martinique.fr\/drane\/?p=3513(ouvre un nouvel onglet)\" data-type=\"URL\" data-id=\"https:\/\/site.ac-martinique.fr\/drane\/?p=3513(ouvre un nouvel onglet)\">Actualit\u00e9s<\/a><\/p>\n\n\n\n<p><a href=\"https:\/\/site.ac-martinique.fr\/drane\/?p=3461\" data-type=\"URL\" data-id=\"https:\/\/site.ac-martinique.fr\/drane\/?p=3461\">D\u00e9finition<\/a><\/p>\n\n\n\n<p><a href=\"https:\/\/site.ac-martinique.fr\/drane\/?p=3477(ouvre un nouvel onglet)\" data-type=\"URL\" data-id=\"https:\/\/site.ac-martinique.fr\/drane\/?p=3477(ouvre un nouvel onglet)\">L\u2019EMI dans les textes officiels &amp; programmes<\/a><\/p>\n\n\n\n<p><a href=\"https:\/\/site.ac-martinique.fr\/drane\/?cat=133\">La Cellule Acad\u00e9mique<\/a><\/p>\n\n\n\n<p><a href=\"https:\/\/site.ac-martinique.fr\/drane\/?p=3488(ouvre un nouvel onglet)\" data-type=\"URL\" data-id=\"https:\/\/site.ac-martinique.fr\/drane\/?p=3488(ouvre un nouvel onglet)\">Les partenaires en EMI<\/a><\/p>\n\n\n\n<p><a href=\"https:\/\/site.ac-martinique.fr\/drane\/?p=5462\" data-type=\"link\" data-id=\"https:\/\/site.ac-martinique.fr\/drane\/?p=5462\">Agenda EMI 2024-2025<\/a><\/p>\n<\/div>\n\n\n\n<div class=\"wp-block-column is-layout-flow wp-block-column-is-layout-flow\" style=\"--col-width:33.33%;flex-basis:33.33%\">\n<h3 class=\"wp-block-heading has-text-align-left has-vivid-cyan-blue-color has-text-color\">          FOCUS SUR <\/h3>\n\n\n\n<p><a href=\"https:\/\/site.ac-martinique.fr\/drane\/?p=3594\" data-type=\"URL\" data-id=\"https:\/\/site.ac-martinique.fr\/drane\/?p=3594\" target=\"_blank\" rel=\"noreferrer noopener\">Safer Internet Day <\/a><\/p>\n\n\n\n<p><a href=\"https:\/\/site.ac-martinique.fr\/drane\/?p=3616\" data-type=\"URL\" data-id=\"https:\/\/site.ac-martinique.fr\/drane\/?p=3616\">Semaine de la Presse et des M\u00e9dia \u00e0 l&rsquo;\u00c9cole <\/a><\/p>\n\n\n\n<p class=\"has-vivid-cyan-blue-color has-text-color\"><strong>L&rsquo;EMI DANS L&rsquo;ACADEMIE<\/strong><\/p>\n\n\n\n<p><a href=\"https:\/\/site.ac-martinique.fr\/drane\/?p=3813\" data-type=\"URL\" data-id=\"https:\/\/site.ac-martinique.fr\/drane\/?p=3813\" target=\"_blank\" rel=\"noreferrer noopener\">Cartographie des s\u00e9ances EMI men\u00e9es dans l\u2019acad\u00e9mie <\/a><\/p>\n\n\n\n<p class=\"has-text-align-left\"><strong><a rel=\"noreferrer noopener\" href=\"https:\/\/site.ac-martinique.fr\/drane\/?p=3470\" data-type=\"URL\" data-id=\"https:\/\/site.ac-martinique.fr\/drane\/?p=3470\" target=\"_blank\">Formations<\/a> <\/strong><\/p>\n\n\n\n<p class=\"has-text-align-left has-vivid-cyan-blue-color has-text-color\"><strong>VEILLE EMI <\/strong><\/p>\n\n\n<div class=\"wp-block-image is-resized\">\n<figure class=\"alignright size-full\"><img loading=\"lazy\" decoding=\"async\" width=\"500\" height=\"500\" src=\"https:\/\/site.ac-martinique.fr\/drane\/wp-content\/uploads\/sites\/100\/2023\/01\/istockphoto-829878366-612x612-removebg-preview.png\" alt=\"\" class=\"wp-image-3502\" srcset=\"https:\/\/site.ac-martinique.fr\/drane\/wp-content\/uploads\/sites\/100\/2023\/01\/istockphoto-829878366-612x612-removebg-preview.png 500w, https:\/\/site.ac-martinique.fr\/drane\/wp-content\/uploads\/sites\/100\/2023\/01\/istockphoto-829878366-612x612-removebg-preview-300x300.png 300w, https:\/\/site.ac-martinique.fr\/drane\/wp-content\/uploads\/sites\/100\/2023\/01\/istockphoto-829878366-612x612-removebg-preview-150x150.png 150w\" sizes=\"auto, (max-width: 500px) 100vw, 500px\" \/><\/figure>\n<\/div>\n\n\n<p class=\"has-text-align-left has-vivid-cyan-blue-color has-text-color\"><a href=\"http:\/\/www.pearltrees.com\/documentationmartinique\/emi\/id57921808\" target=\"_blank\" rel=\"noreferrer noopener\">PearlTrees<\/a><\/p>\n\n\n\n<p>Ressources par niveau<\/p>\n\n\n\n<p><a href=\"https:\/\/site.ac-martinique.fr\/drane\/?p=3681(ouvre un nouvel onglet)\" data-type=\"URL\" data-id=\"https:\/\/site.ac-martinique.fr\/drane\/?p=3681(ouvre un nouvel onglet)\" target=\"_blank\" rel=\"noreferrer noopener\">Actus EMI<\/a><\/p>\n\n\n\n<figure class=\"wp-block-image size-full is-resized\"><img loading=\"lazy\" decoding=\"async\" width=\"532\" height=\"469\" src=\"https:\/\/site.ac-martinique.fr\/drane\/wp-content\/uploads\/sites\/100\/2023\/01\/istockphoto-1289197192-612x612-removebg-preview.png\" alt=\"\" class=\"wp-image-3501\" srcset=\"https:\/\/site.ac-martinique.fr\/drane\/wp-content\/uploads\/sites\/100\/2023\/01\/istockphoto-1289197192-612x612-removebg-preview.png 532w, https:\/\/site.ac-martinique.fr\/drane\/wp-content\/uploads\/sites\/100\/2023\/01\/istockphoto-1289197192-612x612-removebg-preview-300x264.png 300w, https:\/\/site.ac-martinique.fr\/drane\/wp-content\/uploads\/sites\/100\/2023\/01\/istockphoto-1289197192-612x612-removebg-preview-150x132.png 150w, https:\/\/site.ac-martinique.fr\/drane\/wp-content\/uploads\/sites\/100\/2023\/01\/istockphoto-1289197192-612x612-removebg-preview-170x150.png 170w\" sizes=\"auto, (max-width: 532px) 100vw, 532px\" \/><\/figure>\n\n\n\n<h3 class=\"wp-block-heading has-text-align-left has-vivid-cyan-blue-color has-text-color\"><a href=\"https:\/\/twitter.com\/DaneMartinique?ref_src=twsrc%5Egoogle%7Ctwcamp%5Eserp%7Ctwgr%5Eauthor\" data-type=\"URL\" data-id=\"https:\/\/twitter.com\/DaneMartinique?ref_src=twsrc%5Egoogle%7Ctwcamp%5Eserp%7Ctwgr%5Eauthor\" target=\"_blank\" rel=\"noreferrer noopener\">NOUS SUIVRE<\/a><\/h3>\n\n\n\n<figure class=\"wp-block-image size-full is-resized\"><img decoding=\"async\" src=\"https:\/\/site.ac-martinique.fr\/drane\/wp-content\/uploads\/sites\/100\/2023\/03\/hDRSoExt_400x400.jpg\" alt=\"\" class=\"wp-image-3638\"\/><\/figure>\n<\/div>\n<\/div>\n\n\n\n<div class=\"wp-block-group alignfull has-contrast-color has-text-color has-link-color wp-elements-0e1a47060215cf979a732bff3085d6f5\" style=\"padding-top:var(--wp--preset--spacing--30);padding-right:var(--wp--preset--spacing--30);padding-bottom:var(--wp--preset--spacing--30);padding-left:var(--wp--preset--spacing--30)\"><div class=\"wp-block-group__inner-container is-layout-constrained wp-container-core-group-is-layout-97875daf wp-block-group-is-layout-constrained\">\n<div class=\"wp-block-group alignwide is-content-justification-space-between is-layout-flex wp-container-core-group-is-layout-256aec57 wp-block-group-is-layout-flex\">\n<div class=\"wp-block-group is-layout-flex wp-block-group-is-layout-flex\"><\/div>\n\n\n<nav class=\"has-small-font-size is-responsive items-justified-right wp-block-navigation is-content-justification-right is-layout-flex wp-container-core-navigation-is-layout-3817c3ed wp-block-navigation-is-layout-flex\" aria-label=\"menu-principal\" \n\t\t data-wp-interactive=\"core\/navigation\" data-wp-context='{\"overlayOpenedBy\":{\"click\":false,\"hover\":false,\"focus\":false},\"type\":\"overlay\",\"roleAttribute\":\"\",\"ariaLabel\":\"Menu\"}'><button aria-haspopup=\"dialog\" aria-label=\"Ouvrir le menu\" class=\"wp-block-navigation__responsive-container-open\" \n\t\t\t\tdata-wp-on--click=\"actions.openMenuOnClick\"\n\t\t\t\tdata-wp-on--keydown=\"actions.handleMenuKeydown\"\n\t\t\t><svg width=\"24\" height=\"24\" xmlns=\"http:\/\/www.w3.org\/2000\/svg\" viewBox=\"0 0 24 24\" aria-hidden=\"true\" focusable=\"false\"><path d=\"M4 7.5h16v1.5H4z\"><\/path><path d=\"M4 15h16v1.5H4z\"><\/path><\/svg><\/button>\n\t\t\t\t<div class=\"wp-block-navigation__responsive-container\"  id=\"modal-1\" \n\t\t\t\tdata-wp-class--has-modal-open=\"state.isMenuOpen\"\n\t\t\t\tdata-wp-class--is-menu-open=\"state.isMenuOpen\"\n\t\t\t\tdata-wp-watch=\"callbacks.initMenu\"\n\t\t\t\tdata-wp-on--keydown=\"actions.handleMenuKeydown\"\n\t\t\t\tdata-wp-on--focusout=\"actions.handleMenuFocusout\"\n\t\t\t\ttabindex=\"-1\"\n\t\t\t>\n\t\t\t\t\t<div class=\"wp-block-navigation__responsive-close\" tabindex=\"-1\">\n\t\t\t\t\t\t<div class=\"wp-block-navigation__responsive-dialog\" \n\t\t\t\tdata-wp-bind--aria-modal=\"state.ariaModal\"\n\t\t\t\tdata-wp-bind--aria-label=\"state.ariaLabel\"\n\t\t\t\tdata-wp-bind--role=\"state.roleAttribute\"\n\t\t\t>\n\t\t\t\t\t\t\t<button aria-label=\"Fermer le menu\" class=\"wp-block-navigation__responsive-container-close\" \n\t\t\t\tdata-wp-on--click=\"actions.closeMenuOnClick\"\n\t\t\t><svg xmlns=\"http:\/\/www.w3.org\/2000\/svg\" viewBox=\"0 0 24 24\" width=\"24\" height=\"24\" aria-hidden=\"true\" focusable=\"false\"><path d=\"m13.06 12 6.47-6.47-1.06-1.06L12 10.94 5.53 4.47 4.47 5.53 10.94 12l-6.47 6.47 1.06 1.06L12 13.06l6.47 6.47 1.06-1.06L13.06 12Z\"><\/path><\/svg><\/button>\n\t\t\t\t\t\t\t<div class=\"wp-block-navigation__responsive-container-content\" \n\t\t\t\tdata-wp-watch=\"callbacks.focusFirstElement\"\n\t\t\t id=\"modal-1-content\">\n\t\t\t\t\t\t\t\t<ul class=\"wp-block-navigation__container has-small-font-size is-responsive items-justified-right wp-block-navigation has-small-font-size\"><li class=\"has-small-font-size wp-block-navigation-item  menu-item menu-item-type-custom menu-item-object-custom menu-item-home wp-block-navigation-link\"><a class=\"wp-block-navigation-item__content\"  href=\"https:\/\/site.ac-martinique.fr\/drane\/\" title=\"\"><span class=\"wp-block-navigation-item__label\">Accueil<\/span><\/a><\/li><li class=\"has-small-font-size wp-block-navigation-item  menu-item menu-item-type-taxonomy menu-item-object-category wp-block-navigation-link\"><a class=\"wp-block-navigation-item__content\"  href=\"https:\/\/site.ac-martinique.fr\/drane\/?cat=1\" title=\"\"><span class=\"wp-block-navigation-item__label\">Actualit\u00e9s<\/span><\/a><\/li><li class=\"has-small-font-size wp-block-navigation-item  menu-item menu-item-type-post_type menu-item-object-page wp-block-navigation-link\"><a class=\"wp-block-navigation-item__content\"  href=\"https:\/\/site.ac-martinique.fr\/drane\/?page_id=42\" title=\"\"><span class=\"wp-block-navigation-item__label\">R\u00e9seau DRANE<\/span><\/a><\/li><li class=\"has-small-font-size wp-block-navigation-item  menu-item menu-item-type-taxonomy menu-item-object-category wp-block-navigation-link\"><a class=\"wp-block-navigation-item__content\"  href=\"https:\/\/site.ac-martinique.fr\/drane\/?cat=25\" title=\"\"><span class=\"wp-block-navigation-item__label\">Projets<\/span><\/a><\/li><li class=\"has-small-font-size wp-block-navigation-item  menu-item menu-item-type-taxonomy menu-item-object-category wp-block-navigation-link\"><a class=\"wp-block-navigation-item__content\"  href=\"https:\/\/site.ac-martinique.fr\/drane\/?cat=13\" title=\"\"><span class=\"wp-block-navigation-item__label\">D\u00e9couvrir<\/span><\/a><\/li><li class=\"has-small-font-size wp-block-navigation-item  menu-item menu-item-type-taxonomy menu-item-object-category wp-block-navigation-link\"><a class=\"wp-block-navigation-item__content\"  href=\"https:\/\/site.ac-martinique.fr\/drane\/?cat=11\" title=\"\"><span class=\"wp-block-navigation-item__label\">Piloter<\/span><\/a><\/li><li class=\"has-small-font-size wp-block-navigation-item  menu-item menu-item-type-taxonomy menu-item-object-category wp-block-navigation-link\"><a class=\"wp-block-navigation-item__content\"  href=\"https:\/\/site.ac-martinique.fr\/drane\/?cat=12\" title=\"\"><span class=\"wp-block-navigation-item__label\">Enseigner<\/span><\/a><\/li><li class=\"has-small-font-size wp-block-navigation-item  menu-item menu-item-type-taxonomy menu-item-object-category wp-block-navigation-link\"><a class=\"wp-block-navigation-item__content\"  href=\"https:\/\/site.ac-martinique.fr\/drane\/?cat=26\" title=\"\"><span class=\"wp-block-navigation-item__label\">Se former<\/span><\/a><\/li><li class=\"has-small-font-size wp-block-navigation-item  menu-item menu-item-type-taxonomy menu-item-object-category wp-block-navigation-link\"><a class=\"wp-block-navigation-item__content\"  href=\"https:\/\/site.ac-martinique.fr\/drane\/?cat=28\" title=\"\"><span class=\"wp-block-navigation-item__label\">Apprendre<\/span><\/a><\/li><li class=\"has-small-font-size wp-block-navigation-item  menu-item menu-item-type-taxonomy menu-item-object-category wp-block-navigation-link\"><a class=\"wp-block-navigation-item__content\"  href=\"https:\/\/site.ac-martinique.fr\/drane\/?cat=27\" title=\"\"><span class=\"wp-block-navigation-item__label\">Eduquer<\/span><\/a><\/li><li class=\"has-small-font-size wp-block-navigation-item  menu-item menu-item-type-post_type menu-item-object-post wp-block-navigation-link\"><a class=\"wp-block-navigation-item__content\"  href=\"https:\/\/site.ac-martinique.fr\/drane\/?p=1006\" title=\"\"><span class=\"wp-block-navigation-item__label\">WordPress<\/span><\/a><\/li><li data-wp-context=\"{ &quot;submenuOpenedBy&quot;: { &quot;click&quot;: false, &quot;hover&quot;: false, &quot;focus&quot;: false }, &quot;type&quot;: &quot;submenu&quot;, &quot;modal&quot;: null, &quot;previousFocus&quot;: null }\" data-wp-interactive=\"core\/navigation\" data-wp-on--focusout=\"actions.handleMenuFocusout\" data-wp-on--keydown=\"actions.handleMenuKeydown\" data-wp-on--mouseenter=\"actions.openMenuOnHover\" data-wp-on--mouseleave=\"actions.closeMenuOnHover\" data-wp-watch=\"callbacks.initMenu\" tabindex=\"-1\" class=\"wp-block-navigation-item has-small-font-size has-child open-on-hover-click  menu-item menu-item-type-post_type menu-item-object-page wp-block-navigation-submenu\"><a class=\"wp-block-navigation-item__content\" href=\"https:\/\/site.ac-martinique.fr\/drane\/?page_id=3428\" title=\"\"><span class=\"wp-block-navigation-item__label\">EMI<\/span><\/a><button data-wp-bind--aria-expanded=\"state.isMenuOpen\" data-wp-on--click=\"actions.toggleMenuOnClick\" aria-label=\"Sous-menu EMI\" class=\"wp-block-navigation__submenu-icon wp-block-navigation-submenu__toggle\" ><svg xmlns=\"http:\/\/www.w3.org\/2000\/svg\" width=\"12\" height=\"12\" viewBox=\"0 0 12 12\" fill=\"none\" aria-hidden=\"true\" focusable=\"false\"><path d=\"M1.50002 4L6.00002 8L10.5 4\" stroke-width=\"1.5\"><\/path><\/svg><\/button><ul data-wp-on--focus=\"actions.openMenuOnFocus\" class=\"wp-block-navigation__submenu-container  menu-item menu-item-type-post_type menu-item-object-page wp-block-navigation-submenu\"><li class=\"has-small-font-size wp-block-navigation-item  menu-item menu-item-type-taxonomy menu-item-object-category wp-block-navigation-link\"><a class=\"wp-block-navigation-item__content\"  href=\"https:\/\/site.ac-martinique.fr\/drane\/?cat=131\" title=\"\"><span class=\"wp-block-navigation-item__label\">D\u00e9finition<\/span><\/a><\/li><li class=\"has-small-font-size wp-block-navigation-item  menu-item menu-item-type-taxonomy menu-item-object-category wp-block-navigation-link\"><a class=\"wp-block-navigation-item__content\"  href=\"https:\/\/site.ac-martinique.fr\/drane\/?cat=132\" title=\"\"><span class=\"wp-block-navigation-item__label\">Textes officiels<\/span><\/a><\/li><li class=\"has-small-font-size wp-block-navigation-item  menu-item menu-item-type-taxonomy menu-item-object-category wp-block-navigation-link\"><a class=\"wp-block-navigation-item__content\"  href=\"https:\/\/site.ac-martinique.fr\/drane\/?cat=133\" title=\"\"><span class=\"wp-block-navigation-item__label\">Cellule acad\u00e9mique<\/span><\/a><\/li><li class=\"has-small-font-size wp-block-navigation-item  menu-item menu-item-type-taxonomy menu-item-object-category wp-block-navigation-link\"><a class=\"wp-block-navigation-item__content\"  href=\"https:\/\/site.ac-martinique.fr\/drane\/?cat=134\" title=\"\"><span class=\"wp-block-navigation-item__label\">Partenaires locaux<\/span><\/a><\/li><\/ul><\/li><\/ul>\n\t\t\t\t\t\t\t<\/div>\n\t\t\t\t\t\t<\/div>\n\t\t\t\t\t<\/div>\n\t\t\t\t<\/div><\/nav><\/div>\n<\/div><\/div>\n","protected":false},"excerpt":{"rendered":"<p>Cette page acad\u00e9mique vous pr\u00e9sente des ressources et des travaux de recherche r\u00e9cents qui permettent de cerner les contours des pratiques m\u00e9diatiques et informationnelles des \u00e9l\u00e8ves. Elle vise \u00e0 offrir aux enseignants et \u00e9ducateurs : .une culture partag\u00e9e de l&rsquo;EMI au niveau acad\u00e9mique..un panorama du paysage m\u00e9diatique et ses enjeux..des&#8230; <a class=\"continue-reading-link\" href=\"https:\/\/site.ac-martinique.fr\/drane\/?page_id=3428\">Lire la suite&#8230; <span class=\"meta-nav\">&rarr; <\/span><\/a><\/p>\n","protected":false},"author":63,"featured_media":3494,"parent":0,"menu_order":0,"comment_status":"closed","ping_status":"closed","template":"","meta":{"footnotes":"","_links_to":"","_links_to_target":""},"class_list":["post-3428","page","type-page","status-publish","has-post-thumbnail","hentry"],"_links":{"self":[{"href":"https:\/\/site.ac-martinique.fr\/drane\/index.php?rest_route=\/wp\/v2\/pages\/3428","targetHints":{"allow":["GET"]}}],"collection":[{"href":"https:\/\/site.ac-martinique.fr\/drane\/index.php?rest_route=\/wp\/v2\/pages"}],"about":[{"href":"https:\/\/site.ac-martinique.fr\/drane\/index.php?rest_route=\/wp\/v2\/types\/page"}],"author":[{"embeddable":true,"href":"https:\/\/site.ac-martinique.fr\/drane\/index.php?rest_route=\/wp\/v2\/users\/63"}],"replies":[{"embeddable":true,"href":"https:\/\/site.ac-martinique.fr\/drane\/index.php?rest_route=%2Fwp%2Fv2%2Fcomments&post=3428"}],"version-history":[{"count":38,"href":"https:\/\/site.ac-martinique.fr\/drane\/index.php?rest_route=\/wp\/v2\/pages\/3428\/revisions"}],"predecessor-version":[{"id":5474,"href":"https:\/\/site.ac-martinique.fr\/drane\/index.php?rest_route=\/wp\/v2\/pages\/3428\/revisions\/5474"}],"wp:featuredmedia":[{"embeddable":true,"href":"https:\/\/site.ac-martinique.fr\/drane\/index.php?rest_route=\/wp\/v2\/media\/3494"}],"wp:attachment":[{"href":"https:\/\/site.ac-martinique.fr\/drane\/index.php?rest_route=%2Fwp%2Fv2%2Fmedia&parent=3428"}],"curies":[{"name":"wp","href":"https:\/\/api.w.org\/{rel}","templated":true}]}}