{"id":6081,"date":"2025-09-16T13:00:07","date_gmt":"2025-09-16T17:00:07","guid":{"rendered":"https:\/\/site.ac-martinique.fr\/drane\/?post_type=tribe_events&#038;p=6081"},"modified":"2025-09-19T09:20:39","modified_gmt":"2025-09-19T13:20:39","slug":"webinaire-de-presentation-de-la-mission-de-conseiller-formateur-a-lintelligence-artificielle-etablissements","status":"publish","type":"tribe_events","link":"https:\/\/site.ac-martinique.fr\/drane\/?tribe_events=webinaire-de-presentation-de-la-mission-de-conseiller-formateur-a-lintelligence-artificielle-etablissements","title":{"rendered":"Webinaire de pr\u00e9sentation de la mission de Conseiller-Formateur \u00e0 l&rsquo;intelligence artificielle Etablissements"},"content":{"rendered":"<p>La DRANE Martinique lance un appel \u00e0 candidatures \u00e0 destination des enseignants et enseignantes du second degr\u00e9 public de l&rsquo;acad\u00e9mie, pour la mission de<b> Conseiller-Formateur \u00e0 l&rsquo;intelligence artificielle<\/b>\u00a0<b>Etablissements.\u00a0<\/b>Une vingtaine de places est \u00e0 pourvoir.<\/p>\n<p>Il s&rsquo;adresse \u00e0 des enseignants ou enseignantes, usagers fr\u00e9quents d&rsquo;outils d&rsquo;intelligence artificielle g\u00e9n\u00e9rative et d\u00e9sireux de partager leurs comp\u00e9tences num\u00e9riques et p\u00e9dagogiques. La mission propos\u00e9e consiste en l&rsquo;accompagnement de coll\u00e8ges et de lyc\u00e9es de l&rsquo;acad\u00e9mie de Martinique dans la d\u00e9finition et la mise en \u0153uvre de leur feuille de route IA.\u00a0Si vous avez d\u00e9j\u00e0 une exp\u00e9rience de l&rsquo;accompagnement des enseignants dans les usages num\u00e9riques (\u00e9quipier num\u00e9rique, IAN, RRUPN, formateur acad\u00e9mique), vous \u00eates les bienvenus !\u00a0Si les activit\u00e9s de la DRANE et le sujet vous int\u00e9ressent, c&rsquo;est une occasion d&rsquo;int\u00e9grer notre r\u00e9seau !<\/p>\n","protected":false},"excerpt":{"rendered":"<p>La DRANE Martinique lance un appel \u00e0 candidatures \u00e0 destination des enseignants et enseignantes du second degr\u00e9 public de l&rsquo;acad\u00e9mie, pour la mission de Conseiller-Formateur \u00e0 l&rsquo;intelligence artificielle\u00a0Etablissements.\u00a0Une vingtaine de places est \u00e0 pourvoir. Il s&rsquo;adresse \u00e0 des enseignants ou enseignantes, usagers fr\u00e9quents d&rsquo;outils d&rsquo;intelligence artificielle g\u00e9n\u00e9rative et d\u00e9sireux de&#8230; <a class=\"continue-reading-link\" href=\"https:\/\/site.ac-martinique.fr\/drane\/?tribe_events=webinaire-de-presentation-de-la-mission-de-conseiller-formateur-a-lintelligence-artificielle-etablissements\">Lire la suite&#8230; <span class=\"meta-nav\">&rarr; <\/span><\/a><\/p>\n","protected":false},"author":206,"featured_media":6113,"template":"","meta":{"_tribe_events_status":"","_tribe_events_status_reason":"","footnotes":"","_links_to":"","_links_to_target":""},"tags":[141],"tribe_events_cat":[51],"class_list":["post-6081","tribe_events","type-tribe_events","status-publish","has-post-thumbnail","hentry","tag-ia","tribe_events_cat-webinaires","cat_webinaires"],"_links":{"self":[{"href":"https:\/\/site.ac-martinique.fr\/drane\/index.php?rest_route=\/wp\/v2\/tribe_events\/6081","targetHints":{"allow":["GET"]}}],"collection":[{"href":"https:\/\/site.ac-martinique.fr\/drane\/index.php?rest_route=\/wp\/v2\/tribe_events"}],"about":[{"href":"https:\/\/site.ac-martinique.fr\/drane\/index.php?rest_route=\/wp\/v2\/types\/tribe_events"}],"author":[{"embeddable":true,"href":"https:\/\/site.ac-martinique.fr\/drane\/index.php?rest_route=\/wp\/v2\/users\/206"}],"version-history":[{"count":2,"href":"https:\/\/site.ac-martinique.fr\/drane\/index.php?rest_route=\/wp\/v2\/tribe_events\/6081\/revisions"}],"predecessor-version":[{"id":6086,"href":"https:\/\/site.ac-martinique.fr\/drane\/index.php?rest_route=\/wp\/v2\/tribe_events\/6081\/revisions\/6086"}],"wp:featuredmedia":[{"embeddable":true,"href":"https:\/\/site.ac-martinique.fr\/drane\/index.php?rest_route=\/wp\/v2\/media\/6113"}],"wp:attachment":[{"href":"https:\/\/site.ac-martinique.fr\/drane\/index.php?rest_route=%2Fwp%2Fv2%2Fmedia&parent=6081"}],"wp:term":[{"taxonomy":"post_tag","embeddable":true,"href":"https:\/\/site.ac-martinique.fr\/drane\/index.php?rest_route=%2Fwp%2Fv2%2Ftags&post=6081"},{"taxonomy":"tribe_events_cat","embeddable":true,"href":"https:\/\/site.ac-martinique.fr\/drane\/index.php?rest_route=%2Fwp%2Fv2%2Ftribe_events_cat&post=6081"}],"curies":[{"name":"wp","href":"https:\/\/api.w.org\/{rel}","templated":true}]}}

Webinaire de présentation de la mission de Conseiller-Formateur à l&rsquo;intelligence artificielle Etablissements

<p>La DRANE Martinique lance un appel à candidatures à destination des enseignants et enseignantes du second degré public de l&rsquo;académie, pour la mission de<b> Conseiller-Formateur à l&rsquo;intelligence artificielle</b> <b>Etablissements. </b>Une vingtaine de places est à pourvoir.</p>
<p>Il s&rsquo;adresse à des enseignants ou enseignantes, usagers fréquents d&rsquo;outils d&rsquo;intelligence artificielle générative et désireux de partager leurs compétences numériques et pédagogiques. La mission proposée consiste en l&rsquo;accompagnement de collèges et de lycées de l&rsquo;académie de Martinique dans la définition et la mise en œuvre de leur feuille de route IA. Si vous avez déjà une expérience de l&rsquo;accompagnement des enseignants dans les usages numériques (équipier numérique, IAN, RRUPN, formateur académique), vous êtes les bienvenus ! Si les activités de la DRANE et le sujet vous intéressent, c&rsquo;est une occasion d&rsquo;intégrer notre réseau !</p>

<p>La DRANE Martinique lance un appel à candidatures à destination des enseignants et enseignantes du second degré public de l&rsquo;académie, pour la mission de Conseiller-Formateur à l&rsquo;intelligence artificielle Etablissements. Une vingtaine de places est à pourvoir. Il s&rsquo;adresse à des enseignants ou enseignantes, usagers fréquents d&rsquo;outils d&rsquo;intelligence artificielle générative et désireux de&#8230; <a class="continue-reading-link" href="https://site.ac-martinique.fr/drane/?tribe_events=webinaire-de-presentation-de-la-mission-de-conseiller-formateur-a-lintelligence-artificielle-etablissements">Lire la suite&#8230; <span class="meta-nav">&rarr; </span></a></p>
