{"id":6437,"date":"2025-11-21T12:03:47","date_gmt":"2025-11-21T16:03:47","guid":{"rendered":"https:\/\/site.ac-martinique.fr\/drane\/?post_type=tribe_events&#038;p=6437"},"modified":"2025-11-21T12:09:25","modified_gmt":"2025-11-21T16:09:25","slug":"creia-le-cadre-dusage-en-academie","status":"publish","type":"tribe_events","link":"https:\/\/site.ac-martinique.fr\/drane\/?tribe_events=creia-le-cadre-dusage-en-academie","title":{"rendered":"CREIA &#8211; Le cadre d&rsquo;usage en acad\u00e9mie"},"content":{"rendered":"<p>Un premier webinaire national, en partenariat avec les r\u00e9gions acad\u00e9miques d\u2019Occitanie, de PACA et l\u2019acad\u00e9mie de Lyon.<br \/>\nAu programme :<\/p>\n<ul>\n<li>la mise en pratique du cadre d\u2019usage de l\u2019IA en acad\u00e9mie ;<\/li>\n<li>des retours d\u2019exp\u00e9rience concrets et transf\u00e9rables ;<\/li>\n<li>les outils d\u00e9velopp\u00e9s pour accompagner les \u00e9quipes ;<\/li>\n<li>une pr\u00e9sentation de l\u2019Observatoire national des pratiques p\u00e9dagogiques de l\u2019IA par Cl\u00e9ment Fantoli.<\/li>\n<\/ul>\n","protected":false},"excerpt":{"rendered":"<p>Un premier webinaire national, en partenariat avec les r\u00e9gions acad\u00e9miques d\u2019Occitanie, de PACA et l\u2019acad\u00e9mie de Lyon. Au programme : la mise en pratique du cadre d\u2019usage de l\u2019IA en acad\u00e9mie ; des retours d\u2019exp\u00e9rience concrets et transf\u00e9rables ; les outils d\u00e9velopp\u00e9s pour accompagner les \u00e9quipes ; une pr\u00e9sentation de&#8230; <a class=\"continue-reading-link\" href=\"https:\/\/site.ac-martinique.fr\/drane\/?tribe_events=creia-le-cadre-dusage-en-academie\">Lire la suite&#8230; <span class=\"meta-nav\">&rarr; <\/span><\/a><\/p>\n","protected":false},"author":206,"featured_media":6438,"template":"","meta":{"_tribe_events_status":"","_tribe_events_status_reason":"","footnotes":"","_links_to":"","_links_to_target":""},"tags":[141],"tribe_events_cat":[51],"class_list":["post-6437","tribe_events","type-tribe_events","status-publish","has-post-thumbnail","hentry","tag-ia","tribe_events_cat-webinaires","cat_webinaires"],"_links":{"self":[{"href":"https:\/\/site.ac-martinique.fr\/drane\/index.php?rest_route=\/wp\/v2\/tribe_events\/6437","targetHints":{"allow":["GET"]}}],"collection":[{"href":"https:\/\/site.ac-martinique.fr\/drane\/index.php?rest_route=\/wp\/v2\/tribe_events"}],"about":[{"href":"https:\/\/site.ac-martinique.fr\/drane\/index.php?rest_route=\/wp\/v2\/types\/tribe_events"}],"author":[{"embeddable":true,"href":"https:\/\/site.ac-martinique.fr\/drane\/index.php?rest_route=\/wp\/v2\/users\/206"}],"version-history":[{"count":1,"href":"https:\/\/site.ac-martinique.fr\/drane\/index.php?rest_route=\/wp\/v2\/tribe_events\/6437\/revisions"}],"predecessor-version":[{"id":6439,"href":"https:\/\/site.ac-martinique.fr\/drane\/index.php?rest_route=\/wp\/v2\/tribe_events\/6437\/revisions\/6439"}],"wp:featuredmedia":[{"embeddable":true,"href":"https:\/\/site.ac-martinique.fr\/drane\/index.php?rest_route=\/wp\/v2\/media\/6438"}],"wp:attachment":[{"href":"https:\/\/site.ac-martinique.fr\/drane\/index.php?rest_route=%2Fwp%2Fv2%2Fmedia&parent=6437"}],"wp:term":[{"taxonomy":"post_tag","embeddable":true,"href":"https:\/\/site.ac-martinique.fr\/drane\/index.php?rest_route=%2Fwp%2Fv2%2Ftags&post=6437"},{"taxonomy":"tribe_events_cat","embeddable":true,"href":"https:\/\/site.ac-martinique.fr\/drane\/index.php?rest_route=%2Fwp%2Fv2%2Ftribe_events_cat&post=6437"}],"curies":[{"name":"wp","href":"https:\/\/api.w.org\/{rel}","templated":true}]}}

CREIA &#8211; Le cadre d&rsquo;usage en académie

<p>Un premier webinaire national, en partenariat avec les régions académiques d’Occitanie, de PACA et l’académie de Lyon.<br />
Au programme :</p>
<ul>
<li>la mise en pratique du cadre d’usage de l’IA en académie ;</li>
<li>des retours d’expérience concrets et transférables ;</li>
<li>les outils développés pour accompagner les équipes ;</li>
<li>une présentation de l’Observatoire national des pratiques pédagogiques de l’IA par Clément Fantoli.</li>
</ul>

<p>Un premier webinaire national, en partenariat avec les régions académiques d’Occitanie, de PACA et l’académie de Lyon. Au programme : la mise en pratique du cadre d’usage de l’IA en académie ; des retours d’expérience concrets et transférables ; les outils développés pour accompagner les équipes ; une présentation de&#8230; <a class="continue-reading-link" href="https://site.ac-martinique.fr/drane/?tribe_events=creia-le-cadre-dusage-en-academie">Lire la suite&#8230; <span class="meta-nav">&rarr; </span></a></p>
