{"id":1047,"date":"2025-01-06T20:08:52","date_gmt":"2025-01-06T19:08:52","guid":{"rendered":"https:\/\/site.ac-martinique.fr\/eac\/?page_id=1047"},"modified":"2025-07-04T22:01:34","modified_gmt":"2025-07-04T20:01:34","slug":"mutualisation","status":"publish","type":"page","link":"https:\/\/site.ac-martinique.fr\/eac\/?page_id=1047","title":{"rendered":"Mutualisation"},"content":{"rendered":"\n<figure class=\"wp-block-embed is-type-wp-embed is-provider-ducation-artistique-et-action-culturelle wp-block-embed-ducation-artistique-et-action-culturelle\"><div class=\"wp-block-embed__wrapper\">\n<blockquote class=\"wp-embedded-content\" data-secret=\"FIh44cYZrv\"><a href=\"https:\/\/site.ac-martinique.fr\/eac\/?page_id=1140\">D\u00e9fi r\u00e9alis\u00e9 par l&rsquo;\u00e9cole de Grand-Rivi\u00e8re<\/a><\/blockquote><iframe loading=\"lazy\" class=\"wp-embedded-content\" sandbox=\"allow-scripts\" security=\"restricted\" style=\"position: absolute; visibility: hidden;\" title=\"\u00ab\u00a0D\u00e9fi r\u00e9alis\u00e9 par l&rsquo;\u00e9cole de Grand-Rivi\u00e8re\u00a0\u00bb &#8212; \u00c9ducation Artistique et Action Culturelle\" src=\"https:\/\/site.ac-martinique.fr\/eac\/?page_id=1140&#038;embed=true#?secret=PjJpPdfxHM#?secret=FIh44cYZrv\" data-secret=\"FIh44cYZrv\" width=\"525\" height=\"296\" frameborder=\"0\" marginwidth=\"0\" marginheight=\"0\" scrolling=\"no\"><\/iframe>\n<\/div><\/figure>\n\n\n\n<p><strong>Productions r\u00e9alis\u00e9es <\/strong><\/p>\n\n\n\n<p>Charbon, bissop, huile, eau chaude<\/p>\n\n\n\n<figure class=\"wp-block-image size-large\"><img loading=\"lazy\" decoding=\"async\" width=\"1600\" height=\"900\" src=\"https:\/\/site.ac-martinique.fr\/eac\/wp-content\/uploads\/sites\/103\/2025\/01\/ecbb5082-1dac-4117-a6bb-80611124502d-1-edited.jpeg\" alt=\"\" class=\"wp-image-1068\" srcset=\"https:\/\/site.ac-martinique.fr\/eac\/wp-content\/uploads\/sites\/103\/2025\/01\/ecbb5082-1dac-4117-a6bb-80611124502d-1-edited.jpeg 1600w, https:\/\/site.ac-martinique.fr\/eac\/wp-content\/uploads\/sites\/103\/2025\/01\/ecbb5082-1dac-4117-a6bb-80611124502d-1-edited-300x169.jpeg 300w, https:\/\/site.ac-martinique.fr\/eac\/wp-content\/uploads\/sites\/103\/2025\/01\/ecbb5082-1dac-4117-a6bb-80611124502d-1-edited-1024x576.jpeg 1024w, https:\/\/site.ac-martinique.fr\/eac\/wp-content\/uploads\/sites\/103\/2025\/01\/ecbb5082-1dac-4117-a6bb-80611124502d-1-edited-768x432.jpeg 768w, https:\/\/site.ac-martinique.fr\/eac\/wp-content\/uploads\/sites\/103\/2025\/01\/ecbb5082-1dac-4117-a6bb-80611124502d-1-edited-1536x864.jpeg 1536w\" sizes=\"auto, (max-width: 767px) 89vw, (max-width: 1000px) 54vw, (max-width: 1071px) 543px, 580px\" \/><\/figure>\n\n\n\n<p>L&rsquo;auteur n&rsquo;a pas d\u00e9voil\u00e9 ses accessoires  :<\/p>\n\n\n\n<figure class=\"wp-block-image size-large\"><img loading=\"lazy\" decoding=\"async\" width=\"1156\" height=\"868\" src=\"https:\/\/site.ac-martinique.fr\/eac\/wp-content\/uploads\/sites\/103\/2025\/01\/10d5928b-b2ba-4c6e-9f21-e5756e629b77-edited.jpeg\" alt=\"\" class=\"wp-image-1064\" srcset=\"https:\/\/site.ac-martinique.fr\/eac\/wp-content\/uploads\/sites\/103\/2025\/01\/10d5928b-b2ba-4c6e-9f21-e5756e629b77-edited.jpeg 1156w, https:\/\/site.ac-martinique.fr\/eac\/wp-content\/uploads\/sites\/103\/2025\/01\/10d5928b-b2ba-4c6e-9f21-e5756e629b77-edited-300x225.jpeg 300w, https:\/\/site.ac-martinique.fr\/eac\/wp-content\/uploads\/sites\/103\/2025\/01\/10d5928b-b2ba-4c6e-9f21-e5756e629b77-edited-1024x769.jpeg 1024w, https:\/\/site.ac-martinique.fr\/eac\/wp-content\/uploads\/sites\/103\/2025\/01\/10d5928b-b2ba-4c6e-9f21-e5756e629b77-edited-768x577.jpeg 768w\" sizes=\"auto, (max-width: 767px) 89vw, (max-width: 1000px) 54vw, (max-width: 1071px) 543px, 580px\" \/><\/figure>\n\n\n\n<p>Hibiscus broy\u00e9 au mortier avec de l&rsquo;eau, bissop, Huile d&rsquo;olive.<\/p>\n\n\n\n<figure class=\"wp-block-image size-large\"><img loading=\"lazy\" decoding=\"async\" width=\"1600\" height=\"900\" src=\"https:\/\/site.ac-martinique.fr\/eac\/wp-content\/uploads\/sites\/103\/2025\/01\/8fc4b9f4-a228-4bf4-979d-7ae3126ba852-edited.jpeg\" alt=\"\" class=\"wp-image-1062\" srcset=\"https:\/\/site.ac-martinique.fr\/eac\/wp-content\/uploads\/sites\/103\/2025\/01\/8fc4b9f4-a228-4bf4-979d-7ae3126ba852-edited.jpeg 1600w, https:\/\/site.ac-martinique.fr\/eac\/wp-content\/uploads\/sites\/103\/2025\/01\/8fc4b9f4-a228-4bf4-979d-7ae3126ba852-edited-300x169.jpeg 300w, https:\/\/site.ac-martinique.fr\/eac\/wp-content\/uploads\/sites\/103\/2025\/01\/8fc4b9f4-a228-4bf4-979d-7ae3126ba852-edited-1024x576.jpeg 1024w, https:\/\/site.ac-martinique.fr\/eac\/wp-content\/uploads\/sites\/103\/2025\/01\/8fc4b9f4-a228-4bf4-979d-7ae3126ba852-edited-768x432.jpeg 768w, https:\/\/site.ac-martinique.fr\/eac\/wp-content\/uploads\/sites\/103\/2025\/01\/8fc4b9f4-a228-4bf4-979d-7ae3126ba852-edited-1536x864.jpeg 1536w\" sizes=\"auto, (max-width: 767px) 89vw, (max-width: 1000px) 54vw, (max-width: 1071px) 543px, 580px\" \/><\/figure>\n\n\n\n<p>Support en bois d\u00e9cor\u00e9 ave une orchid\u00e9e et de l&rsquo;hibiscus :<\/p>\n\n\n\n<figure class=\"wp-block-image size-full\"><img loading=\"lazy\" decoding=\"async\" width=\"720\" height=\"291\" src=\"https:\/\/site.ac-martinique.fr\/eac\/wp-content\/uploads\/sites\/103\/2025\/01\/ea29e91b-406f-44f1-a6a4-29165f6ed1c1.jpeg\" alt=\"\" class=\"wp-image-1060\" srcset=\"https:\/\/site.ac-martinique.fr\/eac\/wp-content\/uploads\/sites\/103\/2025\/01\/ea29e91b-406f-44f1-a6a4-29165f6ed1c1.jpeg 720w, https:\/\/site.ac-martinique.fr\/eac\/wp-content\/uploads\/sites\/103\/2025\/01\/ea29e91b-406f-44f1-a6a4-29165f6ed1c1-300x121.jpeg 300w\" sizes=\"auto, (max-width: 720px) 100vw, 720px\" \/><\/figure>\n\n\n\n<p>Caf\u00e9 :<\/p>\n\n\n\n<figure class=\"wp-block-image size-large\"><img loading=\"lazy\" decoding=\"async\" width=\"1019\" height=\"1024\" src=\"https:\/\/site.ac-martinique.fr\/eac\/wp-content\/uploads\/sites\/103\/2025\/01\/7a4f227f-7962-4d49-a774-5913468b5b67-1019x1024.jpeg\" alt=\"\" class=\"wp-image-1058\" srcset=\"https:\/\/site.ac-martinique.fr\/eac\/wp-content\/uploads\/sites\/103\/2025\/01\/7a4f227f-7962-4d49-a774-5913468b5b67-1019x1024.jpeg 1019w, https:\/\/site.ac-martinique.fr\/eac\/wp-content\/uploads\/sites\/103\/2025\/01\/7a4f227f-7962-4d49-a774-5913468b5b67-300x300.jpeg 300w, https:\/\/site.ac-martinique.fr\/eac\/wp-content\/uploads\/sites\/103\/2025\/01\/7a4f227f-7962-4d49-a774-5913468b5b67-150x150.jpeg 150w, https:\/\/site.ac-martinique.fr\/eac\/wp-content\/uploads\/sites\/103\/2025\/01\/7a4f227f-7962-4d49-a774-5913468b5b67-768x772.jpeg 768w, https:\/\/site.ac-martinique.fr\/eac\/wp-content\/uploads\/sites\/103\/2025\/01\/7a4f227f-7962-4d49-a774-5913468b5b67-1528x1536.jpeg 1528w, https:\/\/site.ac-martinique.fr\/eac\/wp-content\/uploads\/sites\/103\/2025\/01\/7a4f227f-7962-4d49-a774-5913468b5b67-100x100.jpeg 100w, https:\/\/site.ac-martinique.fr\/eac\/wp-content\/uploads\/sites\/103\/2025\/01\/7a4f227f-7962-4d49-a774-5913468b5b67.jpeg 1592w\" sizes=\"auto, (max-width: 767px) 89vw, (max-width: 1000px) 54vw, (max-width: 1071px) 543px, 580px\" \/><\/figure>\n\n\n\n<p>Fleurs du jardin de l&rsquo;\u00e9cole :<\/p>\n\n\n\n<figure class=\"wp-block-image size-large\"><img loading=\"lazy\" decoding=\"async\" width=\"573\" height=\"1019\" src=\"https:\/\/site.ac-martinique.fr\/eac\/wp-content\/uploads\/sites\/103\/2025\/01\/fa640cbc-7773-40be-90bb-d1846173d41d-edited.jpeg\" alt=\"\" class=\"wp-image-1065\" srcset=\"https:\/\/site.ac-martinique.fr\/eac\/wp-content\/uploads\/sites\/103\/2025\/01\/fa640cbc-7773-40be-90bb-d1846173d41d-edited.jpeg 573w, https:\/\/site.ac-martinique.fr\/eac\/wp-content\/uploads\/sites\/103\/2025\/01\/fa640cbc-7773-40be-90bb-d1846173d41d-edited-169x300.jpeg 169w\" sizes=\"auto, (max-width: 573px) 100vw, 573px\" \/><\/figure>\n","protected":false},"excerpt":{"rendered":"<p>Productions r\u00e9alis\u00e9es Charbon, bissop, huile, eau chaude L&rsquo;auteur n&rsquo;a pas d\u00e9voil\u00e9 ses accessoires : Hibiscus broy\u00e9 au mortier avec de l&rsquo;eau, bissop, Huile d&rsquo;olive. Support en bois d\u00e9cor\u00e9 ave une orchid\u00e9e et de l&rsquo;hibiscus : Caf\u00e9 : Fleurs du jardin de l&rsquo;\u00e9cole :<\/p>\n","protected":false},"author":444,"featured_media":0,"parent":0,"menu_order":0,"comment_status":"closed","ping_status":"closed","template":"","meta":{"footnotes":""},"class_list":["post-1047","page","type-page","status-publish","hentry"],"_links":{"self":[{"href":"https:\/\/site.ac-martinique.fr\/eac\/index.php?rest_route=\/wp\/v2\/pages\/1047","targetHints":{"allow":["GET"]}}],"collection":[{"href":"https:\/\/site.ac-martinique.fr\/eac\/index.php?rest_route=\/wp\/v2\/pages"}],"about":[{"href":"https:\/\/site.ac-martinique.fr\/eac\/index.php?rest_route=\/wp\/v2\/types\/page"}],"author":[{"embeddable":true,"href":"https:\/\/site.ac-martinique.fr\/eac\/index.php?rest_route=\/wp\/v2\/users\/444"}],"replies":[{"embeddable":true,"href":"https:\/\/site.ac-martinique.fr\/eac\/index.php?rest_route=%2Fwp%2Fv2%2Fcomments&post=1047"}],"version-history":[{"count":5,"href":"https:\/\/site.ac-martinique.fr\/eac\/index.php?rest_route=\/wp\/v2\/pages\/1047\/revisions"}],"predecessor-version":[{"id":1146,"href":"https:\/\/site.ac-martinique.fr\/eac\/index.php?rest_route=\/wp\/v2\/pages\/1047\/revisions\/1146"}],"wp:attachment":[{"href":"https:\/\/site.ac-martinique.fr\/eac\/index.php?rest_route=%2Fwp%2Fv2%2Fmedia&parent=1047"}],"curies":[{"name":"wp","href":"https:\/\/api.w.org\/{rel}","templated":true}]}}