{"id":1219,"date":"2026-02-23T11:22:36","date_gmt":"2026-02-23T15:22:36","guid":{"rendered":"https:\/\/site.ac-martinique.fr\/eac\/?page_id=1219"},"modified":"2026-04-01T19:31:13","modified_gmt":"2026-04-01T23:31:13","slug":"tropiques-atrium-scene-nationale-de-martinique","status":"publish","type":"page","link":"https:\/\/site.ac-martinique.fr\/eac\/?page_id=1219","title":{"rendered":"Tropiques Atrium, Sc\u00e8ne Nationale de Martinique"},"content":{"rendered":"\n<p class=\"has-black-color has-cyan-bluish-gray-background-color has-text-color has-background has-link-color has-medium-font-size wp-elements-475b71c582035f427ec92fe07777c551 tw-block-animation tw-animation-fade-in\"><strong>Bonjour et bienvenue sur la page d\u00e9di\u00e9e \u00e0 la structure Culturelle Tropiques Atrium, sc\u00e8ne nationale.<\/strong><\/p>\n\n\n\n<figure class=\"wp-block-image size-full\"><img loading=\"lazy\" decoding=\"async\" width=\"771\" height=\"500\" src=\"https:\/\/site.ac-martinique.fr\/eac\/wp-content\/uploads\/sites\/103\/2026\/03\/Tropique-atrium.webp\" alt=\"\" class=\"wp-image-1264\" srcset=\"https:\/\/site.ac-martinique.fr\/eac\/wp-content\/uploads\/sites\/103\/2026\/03\/Tropique-atrium.webp 771w, https:\/\/site.ac-martinique.fr\/eac\/wp-content\/uploads\/sites\/103\/2026\/03\/Tropique-atrium-300x195.webp 300w, https:\/\/site.ac-martinique.fr\/eac\/wp-content\/uploads\/sites\/103\/2026\/03\/Tropique-atrium-768x498.webp 768w\" sizes=\"auto, (max-width: 767px) 89vw, (max-width: 1000px) 54vw, (max-width: 1071px) 543px, 580px\" \/><\/figure>\n\n\n\n<p>Mme N&rsquo;goala Raymonde, professeure des \u00e9coles, et professeure relais entre le rectorat de la Martinique et Tropiques Atrium.<\/p>\n\n\n\n<p class=\"has-vivid-cyan-blue-color has-text-color has-link-color wp-elements-087a37d42053a47564c520f1d9874995\">Lien vers Tropiques-Atrium : <a href=\"https:\/\/tropiques-atrium.fr\/scene-nationale\/\">https:\/\/tropiques-atrium.fr\/scene-nationale\/<\/a><\/p>\n\n\n\n<hr class=\"wp-block-separator has-alpha-channel-opacity\"\/>\n\n\n\n<h2 class=\"wp-block-heading has-black-color has-vivid-cyan-blue-background-color has-text-color has-background has-link-color wp-elements-e20fc543be91000c3e2e8a8e176d057a\" style=\"font-size:22px\"><strong>Programme des scolaires mois de Mars 2026<\/strong>.<\/h2>\n\n\n\n<hr class=\"wp-block-separator has-alpha-channel-opacity\"\/>\n\n\n\n<h2 class=\"wp-block-heading has-text-align-center has-black-color has-pale-cyan-blue-background-color has-text-color has-background has-link-color wp-elements-4f54d4a8e425740c591411a103b8645d\" style=\"font-size:22px\"><strong>Actualit\u00e9 : spectacle vivant. (Th\u00e9\u00e2tre<\/strong>)<\/h2>\n\n\n\n<p><strong>Le 17 mars : M\u00e8re prison. Scolaire \u00e0 partir de 14 ans \u00e0 9h30.<\/strong><\/p>\n\n\n\n<p>Deux fois par semaine, une m\u00e8re attrape son courage, l\u2019attache \u00e0 ses reins, monte dans le bus et se rend au parloir pour voir ses fils. Le mardi, c\u2019est pour son ain\u00e9, incarc\u00e9r\u00e9 pour meurtre ; le jeudi, pour son cadet, inculp\u00e9 pour trafic de drogue.<\/p>\n\n\n\n<p>Ils attendent tout de cette m\u00e8re qu\u2019ils accablent pourtant de reproches. Normal : quand on est en prison, il faut bien un exutoire, quelqu\u2019un sur qui crier sa rage. Elle accepte ce r\u00f4le vertige\u2026comme bien d\u2019autres m\u00e8res qu\u2019elle croise.<\/p>\n\n\n\n<p>Quant au dernier fils, il reste \u00e0 la maison jouer \u00e0 des jeux vid\u00e9o violents&nbsp;; refusant de grandir de peur de ressembler aux deux autres. Jusqu\u2019o\u00f9 cette femme, coinc\u00e9e entre boulot, bus, parloir et reproches, acceptera-t-elle d\u2019aller ?<\/p>\n\n\n\n<p class=\"has-vivid-green-cyan-color has-text-color has-link-color wp-elements-7a5359f6bbf6e2c2d118d8bb626a1497\">En savoir plus : <a href=\"https:\/\/tropiques-atrium.fr\/scene-nationale\/events\/mere-prison\/\">Cliquez sur le lien. <\/a><\/p>\n\n\n\n<hr class=\"wp-block-separator has-alpha-channel-opacity\"\/>\n\n\n\n<h2 class=\"wp-block-heading has-text-align-center has-black-color has-vivid-green-cyan-background-color has-text-color has-background has-link-color wp-elements-56ef30bda90971895fe04f26e11ee8ff\" style=\"font-size:22px\"><strong>Actualit\u00e9 : cin\u00e9ma destin\u00e9 aux scolaires \u00e0 Tropiques-Atrium<\/strong><\/h2>\n\n\n\n<p class=\"has-black-color has-text-color has-link-color wp-elements-09b7951015da66be34d3652d2ffa7326\"><strong>Le Mardi 31 mars \u00e0 9h30.<\/strong> A partir de 8 ans  public : (CE2 et cycle 3)<\/p>\n\n\n\n<p>Tropiques Atrium vous invite \u00e0 visionner <strong>\u00ab\u00a0Olivia\u00a0\u00bb<\/strong>, un film d&rsquo;animation profond et visuellement marquant, id\u00e9al pour susciter la r\u00e9flexion et le d\u00e9bat sur les \u00e9motions  en classe. C&rsquo;est une s\u00e9ance de cin\u00e9ma, sp\u00e9cialement con\u00e7ue pour accompagner le parcours d&rsquo;\u00e9ducation \u00e0 l&rsquo;image de vos \u00e9l\u00e8ves.&nbsp;<\/p>\n\n\n\n<figure class=\"wp-block-image size-large\"><a href=\"https:\/\/youtu.be\/AJ_vVzTjzJ4?si=0vqCEgoNFw-TXJFq\"><img loading=\"lazy\" decoding=\"async\" width=\"1024\" height=\"554\" src=\"https:\/\/site.ac-martinique.fr\/eac\/wp-content\/uploads\/sites\/103\/2026\/03\/8ce4f7d363e6b866184f85fbb6ba51dc-1600-1000-80-1024x554.jpg\" alt=\"\" class=\"wp-image-1263\" srcset=\"https:\/\/site.ac-martinique.fr\/eac\/wp-content\/uploads\/sites\/103\/2026\/03\/8ce4f7d363e6b866184f85fbb6ba51dc-1600-1000-80-1024x554.jpg 1024w, https:\/\/site.ac-martinique.fr\/eac\/wp-content\/uploads\/sites\/103\/2026\/03\/8ce4f7d363e6b866184f85fbb6ba51dc-1600-1000-80-300x162.jpg 300w, https:\/\/site.ac-martinique.fr\/eac\/wp-content\/uploads\/sites\/103\/2026\/03\/8ce4f7d363e6b866184f85fbb6ba51dc-1600-1000-80-768x415.jpg 768w, https:\/\/site.ac-martinique.fr\/eac\/wp-content\/uploads\/sites\/103\/2026\/03\/8ce4f7d363e6b866184f85fbb6ba51dc-1600-1000-80-1536x830.jpg 1536w, https:\/\/site.ac-martinique.fr\/eac\/wp-content\/uploads\/sites\/103\/2026\/03\/8ce4f7d363e6b866184f85fbb6ba51dc-1600-1000-80.jpg 1600w\" sizes=\"auto, (max-width: 767px) 89vw, (max-width: 1000px) 54vw, (max-width: 1071px) 543px, 580px\" \/><\/a><\/figure>\n\n\n\n<p><strong>Les th\u00e9matiques abord\u00e9es sont :<\/strong><\/p>\n\n\n\n<ul class=\"wp-block-list\">\n<li>Le courage et l&rsquo;affirmation de soi.<\/li>\n\n\n\n<li>La sant\u00e9 mentale.<\/li>\n\n\n\n<li>L\u2019amiti\u00e9 et la solidarit\u00e9.<\/li>\n\n\n\n<li>L\u2019imaginaire comme refuge et m\u00e9canisme de protection<\/li>\n<\/ul>\n\n\n\n<p class=\"has-vivid-cyan-blue-color has-text-color has-link-color wp-elements-8e59683d16f3573be3dd3244fdf9d8cd\"><a href=\"https:\/\/www.dropbox.com\/scl\/fi\/hzopvqma4g9w4rl8af7j5\/OLIVIA_DOSS-PEDA_A4.pdf?rlkey=8deo4fe60jsbsdm5fxf9nszus&amp;e=3&amp;st=jwy837gr&amp;dl=0\">Fiches p\u00e9dagogiques<\/a> et <a href=\"https:\/\/lesenfantsducinema.fr\/films\/olivia\">lien<\/a> pour pr\u00e9parer ou prolonger la s\u00e9ance en classe.<\/p>\n\n\n\n<p class=\"has-vivid-cyan-blue-color has-text-color has-link-color wp-elements-7a4f0f8d37a4bdfa441f5bad87aa6902\"><a href=\"https:\/\/littlekmbo.com\/distribution\/olivia\/\">Lien officiel avec des fiches p\u00e9dagogiques pour exploiter le film.<\/a><\/p>\n\n\n\n<p><strong>Tarif scolaire :<\/strong>&nbsp;3\u20ac par \u00e9l\u00e8ve ( un accompagnateur exon\u00e9r\u00e9\/ dix \u00e9l\u00e8ves).<\/p>\n\n\n\n<p>Nous restons \u00e0 votre enti\u00e8re disposition pour organiser les projections ou r\u00e9pondre \u00e0 vos questions sur ces films.<\/p>\n\n\n\n<p>Au plaisir de vous accueillir prochainement avec vos classes !<\/p>\n\n\n\n<p>Bien cordialement.<\/p>\n\n\n\n<p>Lynda Voltat. <\/p>\n\n\n\n<figure class=\"wp-block-image size-full\"><img loading=\"lazy\" decoding=\"async\" width=\"550\" height=\"165\" src=\"https:\/\/site.ac-martinique.fr\/eac\/wp-content\/uploads\/sites\/103\/2026\/03\/image001.jpg\" alt=\"\" class=\"wp-image-1265\" srcset=\"https:\/\/site.ac-martinique.fr\/eac\/wp-content\/uploads\/sites\/103\/2026\/03\/image001.jpg 550w, https:\/\/site.ac-martinique.fr\/eac\/wp-content\/uploads\/sites\/103\/2026\/03\/image001-300x90.jpg 300w\" sizes=\"auto, (max-width: 550px) 100vw, 550px\" \/><\/figure>\n\n\n\n<p class=\"has-text-align-center has-black-color has-vivid-cyan-blue-background-color has-text-color has-background has-link-color wp-elements-0e263a80692d0d17f737ff0df16cfcb5\" style=\"font-size:22px\"><strong>Programme des scolaires mois d&rsquo;Avril  2026<\/strong>.<\/p>\n\n\n\n<hr class=\"wp-block-separator has-alpha-channel-opacity\"\/>\n\n\n\n<p class=\"has-text-align-center has-black-color has-vivid-green-cyan-background-color has-text-color has-background has-link-color wp-elements-32ebb44ed43cb0964fbe1abf53e7b9a4\" style=\"font-size:22px\"><strong>Actualit\u00e9s cin\u00e9ma mois d&rsquo;Avril 2026<\/strong>.<\/p>\n\n\n\n<p class=\"has-black-color has-white-background-color has-text-color has-background has-link-color wp-elements-74156c4cf3a0f37d600606296bf21da1\">Programme du cin\u00e9ma pour les scolaires (coll\u00e8ge et lyc\u00e9e) lire l&rsquo;article <a href=\"https:\/\/site.ac-martinique.fr\/eac\/?p=1286\">Post du 01\/04\/2026.<\/a><\/p>\n\n\n\n<p class=\"has-text-align-center has-black-color has-pale-cyan-blue-background-color has-text-color has-background has-link-color wp-elements-c1d0f4205d5da8836331e34816e3e4c0\" style=\"font-size:22px\"><strong>Actualit\u00e9s spectacles vivants mois d&rsquo;Avril 2026<\/strong>.<\/p>\n\n\n\n<p class=\"has-black-color has-text-color has-link-color wp-elements-03538d1f97be38c92a135ad3821d25ee\">Programme spectacles vivants pour les scolaires (coll\u00e8ge et lyc\u00e9e) lire l&rsquo;article <a href=\"https:\/\/site.ac-martinique.fr\/eac\/?p=1300\" data-type=\"link\" data-id=\"https:\/\/site.ac-martinique.fr\/eac\/?p=1300\">Post du 01\/04\/ 2026<\/a><\/p>\n\n\n\n<p><\/p>\n\n\n\n<p class=\"has-black-color has-text-color has-link-color wp-elements-f9945f3a8903a43c1ceb4ef48b6d4b1b\">A venir &#8230;..Harriet Tubman.<\/p>\n","protected":false},"excerpt":{"rendered":"<p>Bonjour et bienvenue sur la page d\u00e9di\u00e9e \u00e0 la structure Culturelle Tropiques Atrium, sc\u00e8ne nationale. Mme N&rsquo;goala Raymonde, professeure des \u00e9coles, et professeure relais entre le rectorat de la Martinique et Tropiques Atrium. Lien vers Tropiques-Atrium : https:\/\/tropiques-atrium.fr\/scene-nationale\/ Programme des scolaires mois de Mars 2026. Actualit\u00e9 : spectacle vivant. (Th\u00e9\u00e2tre) Le 17 mars : M\u00e8re &hellip; <\/p>\n<p class=\"link-more\"><a href=\"https:\/\/site.ac-martinique.fr\/eac\/?page_id=1219\" class=\"more-link\">Continuer la lecture<span class=\"screen-reader-text\"> de &laquo;&nbsp;Tropiques Atrium, Sc\u00e8ne Nationale de Martinique&nbsp;&raquo;<\/span><\/a><\/p>\n","protected":false},"author":281,"featured_media":0,"parent":0,"menu_order":0,"comment_status":"closed","ping_status":"closed","template":"","meta":{"footnotes":""},"class_list":["post-1219","page","type-page","status-publish","hentry"],"_links":{"self":[{"href":"https:\/\/site.ac-martinique.fr\/eac\/index.php?rest_route=\/wp\/v2\/pages\/1219","targetHints":{"allow":["GET"]}}],"collection":[{"href":"https:\/\/site.ac-martinique.fr\/eac\/index.php?rest_route=\/wp\/v2\/pages"}],"about":[{"href":"https:\/\/site.ac-martinique.fr\/eac\/index.php?rest_route=\/wp\/v2\/types\/page"}],"author":[{"embeddable":true,"href":"https:\/\/site.ac-martinique.fr\/eac\/index.php?rest_route=\/wp\/v2\/users\/281"}],"replies":[{"embeddable":true,"href":"https:\/\/site.ac-martinique.fr\/eac\/index.php?rest_route=%2Fwp%2Fv2%2Fcomments&post=1219"}],"version-history":[{"count":17,"href":"https:\/\/site.ac-martinique.fr\/eac\/index.php?rest_route=\/wp\/v2\/pages\/1219\/revisions"}],"predecessor-version":[{"id":1317,"href":"https:\/\/site.ac-martinique.fr\/eac\/index.php?rest_route=\/wp\/v2\/pages\/1219\/revisions\/1317"}],"wp:attachment":[{"href":"https:\/\/site.ac-martinique.fr\/eac\/index.php?rest_route=%2Fwp%2Fv2%2Fmedia&parent=1219"}],"curies":[{"name":"wp","href":"https:\/\/api.w.org\/{rel}","templated":true}]}}