{"id":841,"date":"2024-02-06T15:07:13","date_gmt":"2024-02-06T14:07:13","guid":{"rendered":"https:\/\/site.ac-martinique.fr\/eac\/?page_id=841"},"modified":"2025-04-01T15:36:38","modified_gmt":"2025-04-01T13:36:38","slug":"ressources-1er-degre","status":"publish","type":"page","link":"https:\/\/site.ac-martinique.fr\/eac\/?page_id=841","title":{"rendered":"ressources 1er degr\u00e9"},"content":{"rendered":"\n<figure class=\"wp-block-embed is-type-wp-embed is-provider-ducation-artistique-et-action-culturelle wp-block-embed-ducation-artistique-et-action-culturelle\"><div class=\"wp-block-embed__wrapper\">\n<blockquote class=\"wp-embedded-content\" data-secret=\"X5L6JrVVLz\"><a href=\"https:\/\/site.ac-martinique.fr\/eac\/?page_id=1035\">D\u00e9fi artistique et scientifiques<\/a><\/blockquote><iframe loading=\"lazy\" class=\"wp-embedded-content\" sandbox=\"allow-scripts\" security=\"restricted\" style=\"position: absolute; visibility: hidden;\" title=\"\u00ab\u00a0D\u00e9fi artistique et scientifiques\u00a0\u00bb &#8212; \u00c9ducation Artistique et Action Culturelle\" src=\"https:\/\/site.ac-martinique.fr\/eac\/?page_id=1035&#038;embed=true#?secret=kiympWUELs#?secret=X5L6JrVVLz\" data-secret=\"X5L6JrVVLz\" width=\"525\" height=\"296\" frameborder=\"0\" marginwidth=\"0\" marginheight=\"0\" scrolling=\"no\"><\/iframe>\n<\/div><\/figure>\n\n\n\n<p>Vous&nbsp;trouverez&nbsp;&nbsp;\u00e0 cette adresse&nbsp;une pr\u00e9sentation de l&rsquo;outil de pr\u00e9vention des troubles de la voix \u00a0\u00bb VOCALIZ \u00ab\u00a0:&nbsp;<a href=\"https:\/\/www.mgen.fr\/vocaliz\/\" target=\"_blank\" rel=\"noreferrer noopener\">https:\/\/www.mgen.fr\/vocaliz\/<\/a><\/p>\n\n\n\n<div data-wp-interactive=\"core\/file\" class=\"wp-block-file\"><object data-wp-bind--hidden=\"!state.hasPdfPreview\" hidden class=\"wp-block-file__embed\" data=\"https:\/\/site.ac-martinique.fr\/eac\/wp-content\/uploads\/sites\/103\/2025\/04\/feuille-de-route-Reussir-le-100EAC-1D-Academie-Martinique_vdef.pdf\" type=\"application\/pdf\" style=\"width:100%;height:600px\" aria-label=\"Contenu embarqu\u00e9 feuille-de-route-Reussir-le-100EAC-1D-Academie-Martinique_vdef.\"><\/object><a id=\"wp-block-file--media-fa51d4b1-667f-4abd-8ac3-daa7b6528b14\" href=\"https:\/\/site.ac-martinique.fr\/eac\/wp-content\/uploads\/sites\/103\/2025\/04\/feuille-de-route-Reussir-le-100EAC-1D-Academie-Martinique_vdef.pdf\">feuille-de-route-Reussir-le-100EAC-1D-Academie-Martinique_vdef<\/a><a href=\"https:\/\/site.ac-martinique.fr\/eac\/wp-content\/uploads\/sites\/103\/2025\/04\/feuille-de-route-Reussir-le-100EAC-1D-Academie-Martinique_vdef.pdf\" class=\"wp-block-file__button wp-element-button\" download aria-describedby=\"wp-block-file--media-fa51d4b1-667f-4abd-8ac3-daa7b6528b14\">T\u00e9l\u00e9charger<\/a><\/div>\n","protected":false},"excerpt":{"rendered":"<p>Vous&nbsp;trouverez&nbsp;&nbsp;\u00e0 cette adresse&nbsp;une pr\u00e9sentation de l&rsquo;outil de pr\u00e9vention des troubles de la voix \u00a0\u00bb VOCALIZ \u00ab\u00a0:&nbsp;https:\/\/www.mgen.fr\/vocaliz\/<\/p>\n","protected":false},"author":281,"featured_media":0,"parent":0,"menu_order":0,"comment_status":"closed","ping_status":"closed","template":"","meta":{"footnotes":""},"class_list":["post-841","page","type-page","status-publish","hentry"],"_links":{"self":[{"href":"https:\/\/site.ac-martinique.fr\/eac\/index.php?rest_route=\/wp\/v2\/pages\/841","targetHints":{"allow":["GET"]}}],"collection":[{"href":"https:\/\/site.ac-martinique.fr\/eac\/index.php?rest_route=\/wp\/v2\/pages"}],"about":[{"href":"https:\/\/site.ac-martinique.fr\/eac\/index.php?rest_route=\/wp\/v2\/types\/page"}],"author":[{"embeddable":true,"href":"https:\/\/site.ac-martinique.fr\/eac\/index.php?rest_route=\/wp\/v2\/users\/281"}],"replies":[{"embeddable":true,"href":"https:\/\/site.ac-martinique.fr\/eac\/index.php?rest_route=%2Fwp%2Fv2%2Fcomments&post=841"}],"version-history":[{"count":5,"href":"https:\/\/site.ac-martinique.fr\/eac\/index.php?rest_route=\/wp\/v2\/pages\/841\/revisions"}],"predecessor-version":[{"id":1104,"href":"https:\/\/site.ac-martinique.fr\/eac\/index.php?rest_route=\/wp\/v2\/pages\/841\/revisions\/1104"}],"wp:attachment":[{"href":"https:\/\/site.ac-martinique.fr\/eac\/index.php?rest_route=%2Fwp%2Fv2%2Fmedia&parent=841"}],"curies":[{"name":"wp","href":"https:\/\/api.w.org\/{rel}","templated":true}]}}