{"id":25,"date":"2025-03-17T16:16:54","date_gmt":"2025-03-17T20:16:54","guid":{"rendered":"https:\/\/site.ac-martinique.fr\/eafc\/?page_id=25"},"modified":"2025-03-17T16:16:54","modified_gmt":"2025-03-17T20:16:54","slug":"nos-missions","status":"publish","type":"page","link":"https:\/\/site.ac-martinique.fr\/eafc\/?page_id=25","title":{"rendered":"Nos missions"},"content":{"rendered":"\n<p class=\"has-text-align-left\">L\u2019\u00c9cole acad\u00e9mique de la formation continue de l&rsquo;Acad\u00e9mie de Martinique a pour ambition de proposer une offre de formation plus lisible, plus accessible et plus coh\u00e9rente. <\/p>\n\n\n\n<p class=\"has-text-align-left\">Notre vocation est d&rsquo;accompagner le <span style=\"text-decoration: underline;\">d\u00e9veloppement professionnel individuel des personnels<\/span> avec un suivi plus r\u00e9gulier tout au long de la carri\u00e8re et de proposer une aide \u00e0 la construction d\u2019un parcours de formation au plus pr\u00e8s de vos besoins. \u200b.<\/p>\n\n\n\n<p><strong>Tous les personnels sont concern\u00e9s <\/strong>\u00a0: <\/p>\n\n\n\n<ul class=\"wp-block-list\">\n<li>Professeurs (1er et 2nd degr\u00e9s, n\u00e9o-titulaires, contractuels), <\/li>\n\n\n\n<li>Personnels d\u2019\u00e9ducation ( CPE , AED , AESH ), <\/li>\n\n\n\n<li>Personnels d\u2019encadrement, <\/li>\n\n\n\n<li>Personnels administratifs, techniques, social et de sant\u00e9, personnels de la Jeunesse et des Sports.<\/li>\n<\/ul>\n\n\n\n<p><\/p>\n","protected":false},"excerpt":{"rendered":"<p>L\u2019\u00c9cole acad\u00e9mique de la formation continue de l&rsquo;Acad\u00e9mie de Martinique a pour ambition de proposer une offre de formation plus &hellip; <\/p>\n<p class=\"link-more\"><a href=\"https:\/\/site.ac-martinique.fr\/eafc\/?page_id=25\" class=\"more-link\">Lire la suite&#8230;<span class=\"screen-reader-text\"> \u00ab\u00a0Nos missions\u00a0\u00bb<\/span><\/a><\/p>\n","protected":false},"author":569,"featured_media":0,"parent":0,"menu_order":0,"comment_status":"closed","ping_status":"closed","template":"","meta":{"footnotes":""},"class_list":["post-25","page","type-page","status-publish","hentry"],"_links":{"self":[{"href":"https:\/\/site.ac-martinique.fr\/eafc\/index.php?rest_route=\/wp\/v2\/pages\/25","targetHints":{"allow":["GET"]}}],"collection":[{"href":"https:\/\/site.ac-martinique.fr\/eafc\/index.php?rest_route=\/wp\/v2\/pages"}],"about":[{"href":"https:\/\/site.ac-martinique.fr\/eafc\/index.php?rest_route=\/wp\/v2\/types\/page"}],"author":[{"embeddable":true,"href":"https:\/\/site.ac-martinique.fr\/eafc\/index.php?rest_route=\/wp\/v2\/users\/569"}],"replies":[{"embeddable":true,"href":"https:\/\/site.ac-martinique.fr\/eafc\/index.php?rest_route=%2Fwp%2Fv2%2Fcomments&post=25"}],"version-history":[{"count":1,"href":"https:\/\/site.ac-martinique.fr\/eafc\/index.php?rest_route=\/wp\/v2\/pages\/25\/revisions"}],"predecessor-version":[{"id":26,"href":"https:\/\/site.ac-martinique.fr\/eafc\/index.php?rest_route=\/wp\/v2\/pages\/25\/revisions\/26"}],"wp:attachment":[{"href":"https:\/\/site.ac-martinique.fr\/eafc\/index.php?rest_route=%2Fwp%2Fv2%2Fmedia&parent=25"}],"curies":[{"name":"wp","href":"https:\/\/api.w.org\/{rel}","templated":true}]}}