{"id":58,"date":"2021-08-26T06:00:41","date_gmt":"2021-08-26T10:00:41","guid":{"rendered":"https:\/\/site.ac-martinique.fr\/economie-gestion-lp\/?page_id=58"},"modified":"2021-09-03T16:21:11","modified_gmt":"2021-09-03T20:21:11","slug":"economie-droit","status":"publish","type":"page","link":"https:\/\/site.ac-martinique.fr\/economie-gestion-lp\/?page_id=58","title":{"rendered":"Economie-Droit"},"content":{"rendered":"\n<p><strong><span class=\"has-inline-color has-black-color\">Pr\u00e9ambule<\/span><\/strong><\/p>\n\n\n\n<p>La voie professionnelle poursuit un double objectif pour le futur bachelier : lui permettre de&nbsp;s\u2019ins\u00e9rer professionnellement une fois son dipl\u00f4me obtenu&nbsp;ou de poursuivre ses \u00e9tudes dans&nbsp;l\u2019enseignement sup\u00e9rieur. Dans les deux cas, le bachelier sera amen\u00e9 \u00e0 \u00e9voluer dans un&nbsp;monde professionnel en mutation dont il devra percevoir les enjeux afin d\u2019y prendre&nbsp;pleinement sa place.<\/p>\n\n\n\n<p>L\u2019enseignement d\u2019\u00e9conomie-droit au sein de la formation du futur bachelier professionnel.<\/p>\n\n\n\n<p><strong>Programme pour les classes de seconde, premi\u00e8re et terminale<\/strong><\/p>\n\n\n\n<p><strong>Module 1<\/strong>&nbsp;\u2013 \u00c0 la d\u00e9couverte de l\u2019environnement \u00e9conomique et de son&nbsp;cadre juridique.<\/p>\n\n\n\n<p><strong>Module 2<\/strong>&nbsp;\u2013&nbsp;La consommation : quels choix pour les m\u00e9nages ? <\/p>\n\n\n\n<p><strong>Module 3<\/strong>&nbsp;\u2013&nbsp;La production : quelles \u00e9volutions ?<\/p>\n\n\n\n<p><strong>Module 4<\/strong>&nbsp;\u2013 L\u2019\u00c9tat&nbsp;:&nbsp;quel r\u00f4le dans l\u2019activit\u00e9 \u00e9conomique&nbsp;? <\/p>\n\n\n\n<p><strong>Module 5<\/strong>&nbsp;\u2013&nbsp;Le travail : quelles mutations ?<\/p>\n","protected":false},"excerpt":{"rendered":"<p>Pr\u00e9ambule La voie professionnelle poursuit un double objectif pour le futur bachelier : lui permettre de&nbsp;s\u2019ins\u00e9rer professionnellement une fois son dipl\u00f4me obtenu&nbsp;ou de poursuivre ses \u00e9tudes dans&nbsp;l\u2019enseignement sup\u00e9rieur. Dans les deux cas, le bachelier sera&#8230;<\/p>\n","protected":false},"author":242,"featured_media":0,"parent":0,"menu_order":0,"comment_status":"closed","ping_status":"closed","template":"","meta":{"footnotes":""},"class_list":["post-58","page","type-page","status-publish","hentry"],"_links":{"self":[{"href":"https:\/\/site.ac-martinique.fr\/economie-gestion-lp\/index.php?rest_route=\/wp\/v2\/pages\/58","targetHints":{"allow":["GET"]}}],"collection":[{"href":"https:\/\/site.ac-martinique.fr\/economie-gestion-lp\/index.php?rest_route=\/wp\/v2\/pages"}],"about":[{"href":"https:\/\/site.ac-martinique.fr\/economie-gestion-lp\/index.php?rest_route=\/wp\/v2\/types\/page"}],"author":[{"embeddable":true,"href":"https:\/\/site.ac-martinique.fr\/economie-gestion-lp\/index.php?rest_route=\/wp\/v2\/users\/242"}],"replies":[{"embeddable":true,"href":"https:\/\/site.ac-martinique.fr\/economie-gestion-lp\/index.php?rest_route=%2Fwp%2Fv2%2Fcomments&post=58"}],"version-history":[{"count":5,"href":"https:\/\/site.ac-martinique.fr\/economie-gestion-lp\/index.php?rest_route=\/wp\/v2\/pages\/58\/revisions"}],"predecessor-version":[{"id":771,"href":"https:\/\/site.ac-martinique.fr\/economie-gestion-lp\/index.php?rest_route=\/wp\/v2\/pages\/58\/revisions\/771"}],"wp:attachment":[{"href":"https:\/\/site.ac-martinique.fr\/economie-gestion-lp\/index.php?rest_route=%2Fwp%2Fv2%2Fmedia&parent=58"}],"curies":[{"name":"wp","href":"https:\/\/api.w.org\/{rel}","templated":true}]}}

<p><strong><span class="has-inline-color has-black-color">Préambule</span></strong></p>



<p>La voie professionnelle poursuit un double objectif pour le futur bachelier : lui permettre de&nbsp;s’insérer professionnellement une fois son diplôme obtenu&nbsp;ou de poursuivre ses études dans&nbsp;l’enseignement supérieur. Dans les deux cas, le bachelier sera amené à évoluer dans un&nbsp;monde professionnel en mutation dont il devra percevoir les enjeux afin d’y prendre&nbsp;pleinement sa place.</p>



<p>L’enseignement d’économie-droit au sein de la formation du futur bachelier professionnel.</p>



<p><strong>Programme pour les classes de seconde, première et terminale</strong></p>



<p><strong>Module 1</strong>&nbsp;– À la découverte de l’environnement économique et de son&nbsp;cadre juridique.</p>



<p><strong>Module 2</strong>&nbsp;–&nbsp;La consommation : quels choix pour les ménages ? </p>



<p><strong>Module 3</strong>&nbsp;–&nbsp;La production : quelles évolutions ?</p>



<p><strong>Module 4</strong>&nbsp;– L’État&nbsp;:&nbsp;quel rôle dans l’activité économique&nbsp;? </p>



<p><strong>Module 5</strong>&nbsp;–&nbsp;Le travail : quelles mutations ?</p>

<p>Préambule La voie professionnelle poursuit un double objectif pour le futur bachelier : lui permettre de&nbsp;s’insérer professionnellement une fois son diplôme obtenu&nbsp;ou de poursuivre ses études dans&nbsp;l’enseignement supérieur. Dans les deux cas, le bachelier sera&#8230;</p>
