{"id":1170,"date":"2012-10-07T14:53:32","date_gmt":"2012-10-07T18:53:32","guid":{"rendered":"https:\/\/site.ac-martinique.fr\/economie-gestion\/?page_id=1170"},"modified":"2013-02-08T10:05:56","modified_gmt":"2013-02-08T14:05:56","slug":"dcg-dscg","status":"publish","type":"page","link":"https:\/\/site.ac-martinique.fr\/economie-gestion\/?page_id=1170","title":{"rendered":"DCG \/ DSCG"},"content":{"rendered":"<ul>\n<li><a href=\"https:\/\/site.ac-martinique.fr\/economie-gestion\/?page_id=1172\">Pr\u00e9sentation<\/a><\/li>\n<li><a href=\"https:\/\/site.ac-martinique.fr\/economie-gestion\/?cat=101\">Derni\u00e8res nouvelles<\/a><\/li>\n<li><a href=\"https:\/\/site.ac-martinique.fr\/economie-gestion\/?cat=100\">Textes officiels<\/a><\/li>\n<li><a href=\"https:\/\/site.ac-martinique.fr\/economie-gestion\/?cat=105\">Ressources p\u00e9dagogiques<\/a><\/li>\n<\/ul>\n","protected":false},"excerpt":{"rendered":"<p>Pr\u00e9sentation Derni\u00e8res nouvelles Textes officiels Ressources p\u00e9dagogiques<\/p>\n","protected":false},"author":67,"featured_media":0,"parent":1102,"menu_order":0,"comment_status":"closed","ping_status":"closed","template":"","meta":{"footnotes":""},"class_list":["post-1170","page","type-page","status-publish","hentry","has_no_thumb"],"_links":{"self":[{"href":"https:\/\/site.ac-martinique.fr\/economie-gestion\/index.php?rest_route=\/wp\/v2\/pages\/1170","targetHints":{"allow":["GET"]}}],"collection":[{"href":"https:\/\/site.ac-martinique.fr\/economie-gestion\/index.php?rest_route=\/wp\/v2\/pages"}],"about":[{"href":"https:\/\/site.ac-martinique.fr\/economie-gestion\/index.php?rest_route=\/wp\/v2\/types\/page"}],"author":[{"embeddable":true,"href":"https:\/\/site.ac-martinique.fr\/economie-gestion\/index.php?rest_route=\/wp\/v2\/users\/67"}],"replies":[{"embeddable":true,"href":"https:\/\/site.ac-martinique.fr\/economie-gestion\/index.php?rest_route=%2Fwp%2Fv2%2Fcomments&post=1170"}],"version-history":[{"count":3,"href":"https:\/\/site.ac-martinique.fr\/economie-gestion\/index.php?rest_route=\/wp\/v2\/pages\/1170\/revisions"}],"predecessor-version":[{"id":2079,"href":"https:\/\/site.ac-martinique.fr\/economie-gestion\/index.php?rest_route=\/wp\/v2\/pages\/1170\/revisions\/2079"}],"up":[{"embeddable":true,"href":"https:\/\/site.ac-martinique.fr\/economie-gestion\/index.php?rest_route=\/wp\/v2\/pages\/1102"}],"wp:attachment":[{"href":"https:\/\/site.ac-martinique.fr\/economie-gestion\/index.php?rest_route=%2Fwp%2Fv2%2Fmedia&parent=1170"}],"curies":[{"name":"wp","href":"https:\/\/api.w.org\/{rel}","templated":true}]}}