{"id":2148,"date":"2013-02-09T20:11:08","date_gmt":"2013-02-10T00:11:08","guid":{"rendered":"https:\/\/site.ac-martinique.fr\/economie-gestion\/?page_id=2148"},"modified":"2021-01-18T21:43:38","modified_gmt":"2021-01-19T01:43:38","slug":"commerce","status":"publish","type":"page","link":"https:\/\/site.ac-martinique.fr\/economie-gestion\/?page_id=2148","title":{"rendered":"P\u00f4le Commercial"},"content":{"rendered":"<ul>\n<li><a href=\"https:\/\/site.ac-martinique.fr\/economie-gestion\/?page_id=1162\">Commerce International \u00e0 R\u00e9f\u00e9rentiel Commun Europ\u00e9en<\/a><\/li>\n<li><a href=\"https:\/\/site.ac-martinique.fr\/economie-gestion\/?page_id=1133\">Management Commercial Op\u00e9rationnel<\/a><\/li>\n<li><a href=\"https:\/\/site.ac-martinique.fr\/economie-gestion\/?page_id=1141\">N\u00e9gociation et Digitalisation de la Relation Client<\/a><\/li>\n<li><a href=\"https:\/\/site.ac-martinique.fr\/economie-gestion\/?page_id=1137\">Technico-Commercial<\/a><\/li>\n<li><a href=\"https:\/\/site.ac-martinique.fr\/economie-gestion\/?page_id=1342\">Communication<\/a><\/li>\n<li><a href=\"https:\/\/site.ac-martinique.fr\/economie-gestion\/?page_id=1139\">Transports et prestations logistiques<\/a><\/li>\n<\/ul>\n","protected":false},"excerpt":{"rendered":"<p>Commerce International \u00e0 R\u00e9f\u00e9rentiel Commun Europ\u00e9en Management Commercial Op\u00e9rationnel N\u00e9gociation et Digitalisation de la Relation Client Technico-Commercial Communication Transports et prestations logistiques<\/p>\n","protected":false},"author":67,"featured_media":0,"parent":1174,"menu_order":0,"comment_status":"closed","ping_status":"closed","template":"","meta":{"footnotes":""},"class_list":["post-2148","page","type-page","status-publish","hentry","has_no_thumb"],"_links":{"self":[{"href":"https:\/\/site.ac-martinique.fr\/economie-gestion\/index.php?rest_route=\/wp\/v2\/pages\/2148","targetHints":{"allow":["GET"]}}],"collection":[{"href":"https:\/\/site.ac-martinique.fr\/economie-gestion\/index.php?rest_route=\/wp\/v2\/pages"}],"about":[{"href":"https:\/\/site.ac-martinique.fr\/economie-gestion\/index.php?rest_route=\/wp\/v2\/types\/page"}],"author":[{"embeddable":true,"href":"https:\/\/site.ac-martinique.fr\/economie-gestion\/index.php?rest_route=\/wp\/v2\/users\/67"}],"replies":[{"embeddable":true,"href":"https:\/\/site.ac-martinique.fr\/economie-gestion\/index.php?rest_route=%2Fwp%2Fv2%2Fcomments&post=2148"}],"version-history":[{"count":8,"href":"https:\/\/site.ac-martinique.fr\/economie-gestion\/index.php?rest_route=\/wp\/v2\/pages\/2148\/revisions"}],"predecessor-version":[{"id":4648,"href":"https:\/\/site.ac-martinique.fr\/economie-gestion\/index.php?rest_route=\/wp\/v2\/pages\/2148\/revisions\/4648"}],"up":[{"embeddable":true,"href":"https:\/\/site.ac-martinique.fr\/economie-gestion\/index.php?rest_route=\/wp\/v2\/pages\/1174"}],"wp:attachment":[{"href":"https:\/\/site.ac-martinique.fr\/economie-gestion\/index.php?rest_route=%2Fwp%2Fv2%2Fmedia&parent=2148"}],"curies":[{"name":"wp","href":"https:\/\/api.w.org\/{rel}","templated":true}]}}