{"id":1112,"date":"2018-12-18T14:53:32","date_gmt":"2018-12-18T18:53:32","guid":{"rendered":"\/edd2ndDeg\/?page_id=1112"},"modified":"2019-11-29T18:31:34","modified_gmt":"2019-11-29T22:31:34","slug":"demarche-e3d","status":"publish","type":"page","link":"https:\/\/site.ac-martinique.fr\/edd\/?page_id=1112","title":{"rendered":"D\u00e9marche E3D"},"content":{"rendered":"<p>La d\u00e9marche E3D c&rsquo;est quoi?<\/p>\n<p>Ressource propos\u00e9e par l&rsquo;acad\u00e9mie de Versailles. <a href=\"https:\/\/edd.ac-versailles.fr\/spip.php?article434\">Cliquez ici.<\/a><\/p>\n<p>&nbsp;<\/p>\n","protected":false},"excerpt":{"rendered":"<p>La d\u00e9marche E3D c&rsquo;est quoi? Ressource propos\u00e9e par l&rsquo;acad\u00e9mie de Versailles. Cliquez ici. &nbsp;<\/p>\n","protected":false},"author":68,"featured_media":0,"parent":205,"menu_order":0,"comment_status":"closed","ping_status":"closed","template":"","meta":{"footnotes":""},"class_list":["post-1112","page","type-page","status-publish","hentry"],"_links":{"self":[{"href":"https:\/\/site.ac-martinique.fr\/edd\/index.php?rest_route=\/wp\/v2\/pages\/1112","targetHints":{"allow":["GET"]}}],"collection":[{"href":"https:\/\/site.ac-martinique.fr\/edd\/index.php?rest_route=\/wp\/v2\/pages"}],"about":[{"href":"https:\/\/site.ac-martinique.fr\/edd\/index.php?rest_route=\/wp\/v2\/types\/page"}],"author":[{"embeddable":true,"href":"https:\/\/site.ac-martinique.fr\/edd\/index.php?rest_route=\/wp\/v2\/users\/68"}],"replies":[{"embeddable":true,"href":"https:\/\/site.ac-martinique.fr\/edd\/index.php?rest_route=%2Fwp%2Fv2%2Fcomments&post=1112"}],"version-history":[{"count":4,"href":"https:\/\/site.ac-martinique.fr\/edd\/index.php?rest_route=\/wp\/v2\/pages\/1112\/revisions"}],"predecessor-version":[{"id":1235,"href":"https:\/\/site.ac-martinique.fr\/edd\/index.php?rest_route=\/wp\/v2\/pages\/1112\/revisions\/1235"}],"up":[{"embeddable":true,"href":"https:\/\/site.ac-martinique.fr\/edd\/index.php?rest_route=\/wp\/v2\/pages\/205"}],"wp:attachment":[{"href":"https:\/\/site.ac-martinique.fr\/edd\/index.php?rest_route=%2Fwp%2Fv2%2Fmedia&parent=1112"}],"curies":[{"name":"wp","href":"https:\/\/api.w.org\/{rel}","templated":true}]}}