{"id":1382,"date":"2020-09-26T19:24:20","date_gmt":"2020-09-26T23:24:20","guid":{"rendered":"\/edd\/?page_id=1382"},"modified":"2020-09-26T19:24:20","modified_gmt":"2020-09-26T23:24:20","slug":"renforcement-de-ledd_circulaire-septembre-2020","status":"publish","type":"page","link":"https:\/\/site.ac-martinique.fr\/edd\/?page_id=1382","title":{"rendered":"Renforcement de l&rsquo;EDD_circulaire Septembre 2020"},"content":{"rendered":"<p>NOR : MENE2025449C<\/p>\n<p>Circulaire du <strong>24-9-2020<\/strong><\/p>\n<p>MENJS &#8211; DGESCO C<\/p>\n<p>Depuis 2004, l&rsquo;\u00e9ducation nationale a construit et enrichi progressivement son projet d&rsquo;\u00e9ducation au d\u00e9veloppement durable (EDD). Il s&rsquo;est d\u00e9ploy\u00e9 en quatre phases successives de g\u00e9n\u00e9ralisation \u00e0 partir des quatre piliers de l&rsquo;EDD &#8211; social, culturel, \u00e9conomique et environnemental.<\/p>\n<p>Pourtant, les grandes questions de soci\u00e9t\u00e9 qui se posent de fa\u00e7on r\u00e9currente et amplifi\u00e9e depuis la derni\u00e8re d\u00e9cennie, relatives notamment au climat, \u00e0 la biodiversit\u00e9 et aux pand\u00e9mies, ont r\u00e9v\u00e9l\u00e9 la n\u00e9cessit\u00e9 d&rsquo;une prise de conscience collective, inform\u00e9e et document\u00e9e, sur les interactions scientifiques, sociologiques, \u00e9conomiques, sociales et culturelles qui en constituent la trame. Ces probl\u00e9matiques questionnent les piliers m\u00eames de l&rsquo;EDD, d\u00e9sormais au c\u0153ur du projet collectif et de l&rsquo;engagement p\u00e9dagogique du minist\u00e8re de l&rsquo;\u00c9ducation nationale, de la Jeunesse et des Sports (MENJS).<\/p>\n<p>Disposant de fortes bases scientifiques, m\u00e9thodologiques et d&rsquo;expertises de terrain, l&rsquo;engagement du minist\u00e8re dans l&rsquo;EDD a connu une nouvelle avanc\u00e9e \u00e0 la rentr\u00e9e 2019 \u00e0 la suite des travaux men\u00e9s notamment avec le Conseil national de la vie lyc\u00e9enne (CNVL). Il doit d\u00e9sormais \u00eatre consolid\u00e9 et amplifi\u00e9 avec l&rsquo;ensemble de ses partenaires.<\/p>\n<p>L&rsquo;objectif fondamental de l&rsquo;EDD demeure\u00a0inchang\u00e9\u00a0: fournir une boussole aux \u00e9l\u00e8ves, qui leur permette d&rsquo;acqu\u00e9rir des savoirs et des comp\u00e9tences, d&rsquo;orienter leurs parcours individuels, personnels et professionnels, ainsi que de fonder leurs engagements citoyens pour un monde soutenable et respectueux de la personne humaine et de son environnement.<\/p>\n<p>\u00c0 cet effet, le label E3D (\u00e9cole\/\u00e9tablissement en d\u00e9marche globale de d\u00e9veloppement durable) a \u00e9t\u00e9 cr\u00e9\u00e9 pour valoriser et amplifier l&rsquo;effort des \u00e9coles et des \u00e9tablissements engag\u00e9s dans des parcours p\u00e9dagogiques riches et diversifi\u00e9s en faveur de l&rsquo;EDD. Ce r\u00e9f\u00e9rentiel national est attribu\u00e9 par les acad\u00e9mies pour tenir compte des sp\u00e9cificit\u00e9s locales en visant l&rsquo;objectif global de la transition \u00e9cologique.<\/p>\n<p>Face aux d\u00e9fis environnementaux contemporains et \u00e0 leurs cons\u00e9quences, ainsi qu&rsquo;aux demandes sociales, l&rsquo;ensemble de ces dispositifs constitutifs de l&rsquo;EDD doit se structurer autour de nouveaux axes dont l&rsquo;horizon est constitu\u00e9 par les objectifs de d\u00e9veloppement durables de l&rsquo;ONU dans le cadre de l&rsquo;Agenda 2030.<\/p>\n<p>Dans cette perspective, il est n\u00e9cessaire de\u00a0:<\/p>\n<ul>\n<li>consolider l&rsquo;EDD\u00a0autour de sept piliers\u00a0:<\/li>\n<\/ul>\n<ol>\n<li>L&rsquo;Agenda 2030\u00a0;<\/li>\n<li>L&rsquo;enrichissement des programmes en mati\u00e8re d&rsquo;EDD\u00a0;<\/li>\n<li>L&rsquo;encouragement \u00e0 l&rsquo;engagement des jeunes et de l&rsquo;institution\u00a0;<\/li>\n<li>Un pilotage national et acad\u00e9mique renforc\u00e9\u00a0;<\/li>\n<li>Une offre de formation pour les encadrants et les enseignants\u00a0;<\/li>\n<li>Un r\u00e9seau partenarial structur\u00e9\u00a0;<\/li>\n<li>Une strat\u00e9gie internationale.<\/li>\n<\/ol>\n<ul>\n<li>\u00e9largir et acc\u00e9l\u00e9rer le d\u00e9ploiement du r\u00e9f\u00e9rentiel E3D.<\/li>\n<\/ul>\n<p style=\"text-align: center;\"><a href=\"https:\/\/www.education.gouv.fr\/bo\/20\/Hebdo36\/MENE2025449C.htm\">Consulter le texte complet<\/a><\/p>\n<p>&nbsp;<\/p>\n","protected":false},"excerpt":{"rendered":"<p>NOR : MENE2025449C Circulaire du 24-9-2020 MENJS &#8211; DGESCO C Depuis 2004, l&rsquo;\u00e9ducation nationale a construit et enrichi progressivement son projet d&rsquo;\u00e9ducation au d\u00e9veloppement durable (EDD). Il s&rsquo;est d\u00e9ploy\u00e9 en quatre phases successives de g\u00e9n\u00e9ralisation \u00e0 partir des quatre piliers de l&rsquo;EDD &#8211; social, culturel, \u00e9conomique et environnemental. Pourtant, les grandes questions de soci\u00e9t\u00e9 qui &hellip; <a href=\"https:\/\/site.ac-martinique.fr\/edd\/?page_id=1382\" class=\"more-link\">Continuer la lecture de <span class=\"screen-reader-text\">Renforcement de l&rsquo;EDD_circulaire Septembre 2020<\/span>  <span class=\"meta-nav\">&rarr;<\/span><\/a><\/p>\n","protected":false},"author":68,"featured_media":0,"parent":0,"menu_order":0,"comment_status":"closed","ping_status":"closed","template":"","meta":{"footnotes":""},"class_list":["post-1382","page","type-page","status-publish","hentry"],"_links":{"self":[{"href":"https:\/\/site.ac-martinique.fr\/edd\/index.php?rest_route=\/wp\/v2\/pages\/1382","targetHints":{"allow":["GET"]}}],"collection":[{"href":"https:\/\/site.ac-martinique.fr\/edd\/index.php?rest_route=\/wp\/v2\/pages"}],"about":[{"href":"https:\/\/site.ac-martinique.fr\/edd\/index.php?rest_route=\/wp\/v2\/types\/page"}],"author":[{"embeddable":true,"href":"https:\/\/site.ac-martinique.fr\/edd\/index.php?rest_route=\/wp\/v2\/users\/68"}],"replies":[{"embeddable":true,"href":"https:\/\/site.ac-martinique.fr\/edd\/index.php?rest_route=%2Fwp%2Fv2%2Fcomments&post=1382"}],"version-history":[{"count":1,"href":"https:\/\/site.ac-martinique.fr\/edd\/index.php?rest_route=\/wp\/v2\/pages\/1382\/revisions"}],"predecessor-version":[{"id":1383,"href":"https:\/\/site.ac-martinique.fr\/edd\/index.php?rest_route=\/wp\/v2\/pages\/1382\/revisions\/1383"}],"wp:attachment":[{"href":"https:\/\/site.ac-martinique.fr\/edd\/index.php?rest_route=%2Fwp%2Fv2%2Fmedia&parent=1382"}],"curies":[{"name":"wp","href":"https:\/\/api.w.org\/{rel}","templated":true}]}}

<p>NOR : MENE2025449C</p>
<p>Circulaire du <strong>24-9-2020</strong></p>
<p>MENJS &#8211; DGESCO C</p>
<p>Depuis 2004, l&rsquo;éducation nationale a construit et enrichi progressivement son projet d&rsquo;éducation au développement durable (EDD). Il s&rsquo;est déployé en quatre phases successives de généralisation à partir des quatre piliers de l&rsquo;EDD &#8211; social, culturel, économique et environnemental.</p>
<p>Pourtant, les grandes questions de société qui se posent de façon récurrente et amplifiée depuis la dernière décennie, relatives notamment au climat, à la biodiversité et aux pandémies, ont révélé la nécessité d&rsquo;une prise de conscience collective, informée et documentée, sur les interactions scientifiques, sociologiques, économiques, sociales et culturelles qui en constituent la trame. Ces problématiques questionnent les piliers mêmes de l&rsquo;EDD, désormais au cœur du projet collectif et de l&rsquo;engagement pédagogique du ministère de l&rsquo;Éducation nationale, de la Jeunesse et des Sports (MENJS).</p>
<p>Disposant de fortes bases scientifiques, méthodologiques et d&rsquo;expertises de terrain, l&rsquo;engagement du ministère dans l&rsquo;EDD a connu une nouvelle avancée à la rentrée 2019 à la suite des travaux menés notamment avec le Conseil national de la vie lycéenne (CNVL). Il doit désormais être consolidé et amplifié avec l&rsquo;ensemble de ses partenaires.</p>
<p>L&rsquo;objectif fondamental de l&rsquo;EDD demeure inchangé : fournir une boussole aux élèves, qui leur permette d&rsquo;acquérir des savoirs et des compétences, d&rsquo;orienter leurs parcours individuels, personnels et professionnels, ainsi que de fonder leurs engagements citoyens pour un monde soutenable et respectueux de la personne humaine et de son environnement.</p>
<p>À cet effet, le label E3D (école/établissement en démarche globale de développement durable) a été créé pour valoriser et amplifier l&rsquo;effort des écoles et des établissements engagés dans des parcours pédagogiques riches et diversifiés en faveur de l&rsquo;EDD. Ce référentiel national est attribué par les académies pour tenir compte des spécificités locales en visant l&rsquo;objectif global de la transition écologique.</p>
<p>Face aux défis environnementaux contemporains et à leurs conséquences, ainsi qu&rsquo;aux demandes sociales, l&rsquo;ensemble de ces dispositifs constitutifs de l&rsquo;EDD doit se structurer autour de nouveaux axes dont l&rsquo;horizon est constitué par les objectifs de développement durables de l&rsquo;ONU dans le cadre de l&rsquo;Agenda 2030.</p>
<p>Dans cette perspective, il est nécessaire de :</p>
<ul>
<li>consolider l&rsquo;EDD autour de sept piliers :</li>
</ul>
<ol>
<li>L&rsquo;Agenda 2030 ;</li>
<li>L&rsquo;enrichissement des programmes en matière d&rsquo;EDD ;</li>
<li>L&rsquo;encouragement à l&rsquo;engagement des jeunes et de l&rsquo;institution ;</li>
<li>Un pilotage national et académique renforcé ;</li>
<li>Une offre de formation pour les encadrants et les enseignants ;</li>
<li>Un réseau partenarial structuré ;</li>
<li>Une stratégie internationale.</li>
</ol>
<ul>
<li>élargir et accélérer le déploiement du référentiel E3D.</li>
</ul>
<p style="text-align: center;"><a href="https://www.education.gouv.fr/bo/20/Hebdo36/MENE2025449C.htm">Consulter le texte complet</a></p>
<p>&nbsp;</p>

<p>NOR : MENE2025449C Circulaire du 24-9-2020 MENJS &#8211; DGESCO C Depuis 2004, l&rsquo;éducation nationale a construit et enrichi progressivement son projet d&rsquo;éducation au développement durable (EDD). Il s&rsquo;est déployé en quatre phases successives de généralisation à partir des quatre piliers de l&rsquo;EDD &#8211; social, culturel, économique et environnemental. Pourtant, les grandes questions de société qui &hellip; <a href="https://site.ac-martinique.fr/edd/?page_id=1382" class="more-link">Continuer la lecture de <span class="screen-reader-text">Renforcement de l&rsquo;EDD_circulaire Septembre 2020</span>  <span class="meta-nav">&rarr;</span></a></p>
