{"id":2034,"date":"2022-04-21T10:36:49","date_gmt":"2022-04-21T14:36:49","guid":{"rendered":"https:\/\/site.ac-martinique.fr\/edd\/?page_id=2034"},"modified":"2022-04-21T10:36:49","modified_gmt":"2022-04-21T14:36:49","slug":"reseau-canope","status":"publish","type":"page","link":"https:\/\/site.ac-martinique.fr\/edd\/?page_id=2034","title":{"rendered":"R\u00e9seau CANOPE"},"content":{"rendered":"\n<p>Ci-dessous le lien pour t\u00e9l\u00e9charger le catalogue de ressources EDD pr\u00e9sent\u00e9 lors du s\u00e9minaire EDD Avril 2022: <a rel=\"noreferrer noopener\" href=\"https:\/\/drop.infini.fr\/r\/fhH3vd24P0#Sgd4bw\/0UZ6dKZ0RUPsjt2la4DmCXqWlu1PEx6ooVd0=\" target=\"_blank\">https:\/\/drop.infini.fr\/r\/fhH3vd24P0#Sgd4bw\/0UZ6dKZ0RUPsjt2la4DmCXqWlu1PEx6ooVd0=<\/a><\/p>\n\n\n\n<p>Le lien vers l&rsquo;appel \u00e0 candidature \u00ab\u00a0Climat, num\u00e9rique et \u00e9ducation\u00a0\u00bb: <a rel=\"noreferrer noopener\" href=\"https:\/\/www.reseau-canope.fr\/academie-de-la-martinique\/atelier-canope-972-fort-de-france\/actualites\/article\/action-climat-numerique-et-education.html\" target=\"_blank\">https:\/\/www.reseau-canope.fr\/academie-de-la-martinique\/atelier-canope-972-fort-de-france\/actualites\/article\/action-climat-numerique-et-education.html<\/a><\/p>\n\n\n\n<p><br>Le lien pour acc\u00e9der au programme des formations\/webinaires EDD :\u00a0<a rel=\"noreferrer noopener\" href=\"https:\/\/www.reseau-canope.fr\/service\/transition-energetique-et-numerique-pour-des-projets-pedagogiques-en-faveur-de-la-responsabilite-individuelle-et-collective.html\" target=\"_blank\">https:\/\/www.reseau-canope.fr\/service\/transition-energetique-et-numerique-pour-des-projets-pedagogiques-en-faveur-de-la-responsabilite-individuelle-et-collective.html<\/a><\/p>\n","protected":false},"excerpt":{"rendered":"<p>Ci-dessous le lien pour t\u00e9l\u00e9charger le catalogue de ressources EDD pr\u00e9sent\u00e9 lors du s\u00e9minaire EDD Avril 2022: https:\/\/drop.infini.fr\/r\/fhH3vd24P0#Sgd4bw\/0UZ6dKZ0RUPsjt2la4DmCXqWlu1PEx6ooVd0= Le lien vers l&rsquo;appel \u00e0 candidature \u00ab\u00a0Climat, num\u00e9rique et \u00e9ducation\u00a0\u00bb: https:\/\/www.reseau-canope.fr\/academie-de-la-martinique\/atelier-canope-972-fort-de-france\/actualites\/article\/action-climat-numerique-et-education.html Le lien pour acc\u00e9der au programme des formations\/webinaires EDD :\u00a0https:\/\/www.reseau-canope.fr\/service\/transition-energetique-et-numerique-pour-des-projets-pedagogiques-en-faveur-de-la-responsabilite-individuelle-et-collective.html<\/p>\n","protected":false},"author":68,"featured_media":0,"parent":0,"menu_order":0,"comment_status":"closed","ping_status":"closed","template":"","meta":{"footnotes":""},"class_list":["post-2034","page","type-page","status-publish","hentry"],"_links":{"self":[{"href":"https:\/\/site.ac-martinique.fr\/edd\/index.php?rest_route=\/wp\/v2\/pages\/2034","targetHints":{"allow":["GET"]}}],"collection":[{"href":"https:\/\/site.ac-martinique.fr\/edd\/index.php?rest_route=\/wp\/v2\/pages"}],"about":[{"href":"https:\/\/site.ac-martinique.fr\/edd\/index.php?rest_route=\/wp\/v2\/types\/page"}],"author":[{"embeddable":true,"href":"https:\/\/site.ac-martinique.fr\/edd\/index.php?rest_route=\/wp\/v2\/users\/68"}],"replies":[{"embeddable":true,"href":"https:\/\/site.ac-martinique.fr\/edd\/index.php?rest_route=%2Fwp%2Fv2%2Fcomments&post=2034"}],"version-history":[{"count":1,"href":"https:\/\/site.ac-martinique.fr\/edd\/index.php?rest_route=\/wp\/v2\/pages\/2034\/revisions"}],"predecessor-version":[{"id":2035,"href":"https:\/\/site.ac-martinique.fr\/edd\/index.php?rest_route=\/wp\/v2\/pages\/2034\/revisions\/2035"}],"wp:attachment":[{"href":"https:\/\/site.ac-martinique.fr\/edd\/index.php?rest_route=%2Fwp%2Fv2%2Fmedia&parent=2034"}],"curies":[{"name":"wp","href":"https:\/\/api.w.org\/{rel}","templated":true}]}}

Réseau CANOPE

<p>Ci-dessous le lien pour télécharger le catalogue de ressources EDD présenté lors du séminaire EDD Avril 2022: <a rel="noreferrer noopener" href="https://drop.infini.fr/r/fhH3vd24P0#Sgd4bw/0UZ6dKZ0RUPsjt2la4DmCXqWlu1PEx6ooVd0=" target="_blank">https://drop.infini.fr/r/fhH3vd24P0#Sgd4bw/0UZ6dKZ0RUPsjt2la4DmCXqWlu1PEx6ooVd0=</a></p>



<p>Le lien vers l&rsquo;appel à candidature « Climat, numérique et éducation »: <a rel="noreferrer noopener" href="https://www.reseau-canope.fr/academie-de-la-martinique/atelier-canope-972-fort-de-france/actualites/article/action-climat-numerique-et-education.html" target="_blank">https://www.reseau-canope.fr/academie-de-la-martinique/atelier-canope-972-fort-de-france/actualites/article/action-climat-numerique-et-education.html</a></p>



<p><br>Le lien pour accéder au programme des formations/webinaires EDD : <a rel="noreferrer noopener" href="https://www.reseau-canope.fr/service/transition-energetique-et-numerique-pour-des-projets-pedagogiques-en-faveur-de-la-responsabilite-individuelle-et-collective.html" target="_blank">https://www.reseau-canope.fr/service/transition-energetique-et-numerique-pour-des-projets-pedagogiques-en-faveur-de-la-responsabilite-individuelle-et-collective.html</a></p>

<p>Ci-dessous le lien pour télécharger le catalogue de ressources EDD présenté lors du séminaire EDD Avril 2022: https://drop.infini.fr/r/fhH3vd24P0#Sgd4bw/0UZ6dKZ0RUPsjt2la4DmCXqWlu1PEx6ooVd0= Le lien vers l&rsquo;appel à candidature « Climat, numérique et éducation »: https://www.reseau-canope.fr/academie-de-la-martinique/atelier-canope-972-fort-de-france/actualites/article/action-climat-numerique-et-education.html Le lien pour accéder au programme des formations/webinaires EDD : https://www.reseau-canope.fr/service/transition-energetique-et-numerique-pour-des-projets-pedagogiques-en-faveur-de-la-responsabilite-individuelle-et-collective.html</p>
