{"id":2046,"date":"2022-04-21T11:20:33","date_gmt":"2022-04-21T15:20:33","guid":{"rendered":"https:\/\/site.ac-martinique.fr\/edd\/?page_id=2046"},"modified":"2022-04-21T11:20:33","modified_gmt":"2022-04-21T15:20:33","slug":"atlas","status":"publish","type":"page","link":"https:\/\/site.ac-martinique.fr\/edd\/?page_id=2046","title":{"rendered":"Atlas"},"content":{"rendered":"\n<p>Le Courrier International a publi\u00e9 2 Atlas pouvant \u00eatre des ressources int\u00e9ressantes dans les d\u00e9marches de d\u00e9veloppement Durable. Ces ressources sont payantes mais peuvent command\u00e9es par les CDI des \u00e9tablissements. <\/p>\n\n\n\n<p><a href=\"https:\/\/boutique.courrierinternational.com\/la-boutique\/l-atlas-de-l-eau-version-numerique.html\">https:\/\/boutique.courrierinternational.com\/la-boutique\/l-atlas-de-l-eau-version-numerique.html<\/a><\/p>\n\n\n\n<p><a href=\"https:\/\/www.courrierinternational.com\/article\/hors-serie-latlas-du-rechauffement-climatique\">https:\/\/www.courrierinternational.com\/article\/hors-serie-latlas-du-rechauffement-climatique<\/a><\/p>\n","protected":false},"excerpt":{"rendered":"<p>Le Courrier International a publi\u00e9 2 Atlas pouvant \u00eatre des ressources int\u00e9ressantes dans les d\u00e9marches de d\u00e9veloppement Durable. Ces ressources sont payantes mais peuvent command\u00e9es par les CDI des \u00e9tablissements. https:\/\/boutique.courrierinternational.com\/la-boutique\/l-atlas-de-l-eau-version-numerique.html https:\/\/www.courrierinternational.com\/article\/hors-serie-latlas-du-rechauffement-climatique<\/p>\n","protected":false},"author":68,"featured_media":0,"parent":0,"menu_order":0,"comment_status":"closed","ping_status":"closed","template":"","meta":{"footnotes":""},"class_list":["post-2046","page","type-page","status-publish","hentry"],"_links":{"self":[{"href":"https:\/\/site.ac-martinique.fr\/edd\/index.php?rest_route=\/wp\/v2\/pages\/2046","targetHints":{"allow":["GET"]}}],"collection":[{"href":"https:\/\/site.ac-martinique.fr\/edd\/index.php?rest_route=\/wp\/v2\/pages"}],"about":[{"href":"https:\/\/site.ac-martinique.fr\/edd\/index.php?rest_route=\/wp\/v2\/types\/page"}],"author":[{"embeddable":true,"href":"https:\/\/site.ac-martinique.fr\/edd\/index.php?rest_route=\/wp\/v2\/users\/68"}],"replies":[{"embeddable":true,"href":"https:\/\/site.ac-martinique.fr\/edd\/index.php?rest_route=%2Fwp%2Fv2%2Fcomments&post=2046"}],"version-history":[{"count":1,"href":"https:\/\/site.ac-martinique.fr\/edd\/index.php?rest_route=\/wp\/v2\/pages\/2046\/revisions"}],"predecessor-version":[{"id":2047,"href":"https:\/\/site.ac-martinique.fr\/edd\/index.php?rest_route=\/wp\/v2\/pages\/2046\/revisions\/2047"}],"wp:attachment":[{"href":"https:\/\/site.ac-martinique.fr\/edd\/index.php?rest_route=%2Fwp%2Fv2%2Fmedia&parent=2046"}],"curies":[{"name":"wp","href":"https:\/\/api.w.org\/{rel}","templated":true}]}}