{"id":2058,"date":"2022-05-20T15:59:57","date_gmt":"2022-05-20T19:59:57","guid":{"rendered":"https:\/\/site.ac-martinique.fr\/edd\/?page_id=2058"},"modified":"2022-10-07T09:43:10","modified_gmt":"2022-10-07T13:43:10","slug":"semianire-edd-2022-dlo-la-te-dlo-lanme","status":"publish","type":"page","link":"https:\/\/site.ac-martinique.fr\/edd\/?page_id=2058","title":{"rendered":"SEMINAIRE EDD 2022 DLO LA TE, DLO LANME"},"content":{"rendered":"\n<p><\/p>\n\n\n\n<ul class=\"wp-block-list\"><li><a rel=\"noreferrer noopener\" href=\"https:\/\/view.genial.ly\/60c9ee8e98d1750dc48efe74\" target=\"_blank\">Acc\u00e9der \u00e0 la pr\u00e9sentation du projet Dlo La T\u00e8, Dlo Lanm\u00e8<\/a><\/li><\/ul>\n\n\n\n<ul class=\"wp-block-list\"><li>Diaporama S\u00e9minaire Dlo LaT\u00e8, Dlo Lanm\u00e8<\/li><\/ul>\n\n\n\n<div data-wp-interactive=\"core\/file\" class=\"wp-block-file\"><object data-wp-bind--hidden=\"!state.hasPdfPreview\" hidden class=\"wp-block-file__embed\" data=\"https:\/\/site.ac-martinique.fr\/edd\/wp-content\/uploads\/sites\/12\/2022\/05\/Presentation_0104_formation_EDD_Entretiens-Vcompletee-1.pdf\" type=\"application\/pdf\" style=\"width:100%;height:600px\" aria-label=\"Contenu embarqu\u00e9 Contenu embarqu\u00e9 Presentation_0104_formation_EDD_Entretiens-Vcompletee-1..\"><\/object><a id=\"wp-block-file--media-5cb2951b-4e21-468f-ac24-e8c1a184f89d\" href=\"https:\/\/site.ac-martinique.fr\/edd\/wp-content\/uploads\/sites\/12\/2022\/05\/Presentation_0104_formation_EDD_Entretiens-Vcompletee-1.pdf\">Presentation_0104_formation_EDD_Entretiens-Vcompletee-1<\/a><a href=\"https:\/\/site.ac-martinique.fr\/edd\/wp-content\/uploads\/sites\/12\/2022\/05\/Presentation_0104_formation_EDD_Entretiens-Vcompletee-1.pdf\" class=\"wp-block-file__button\" download aria-describedby=\"wp-block-file--media-5cb2951b-4e21-468f-ac24-e8c1a184f89d\">T\u00e9l\u00e9charger<\/a><\/div>\n\n\n\n<ul class=\"wp-block-list\"><li><strong>Visites virtuelles des 3 bassins versants <\/strong><\/li><\/ul>\n\n\n\n<ul class=\"is-style-tw-arrow wp-block-list\"><li><a rel=\"noreferrer noopener\" href=\"https:\/\/www.thinglink.com\/card\/1565934794859085827\" target=\"_blank\">Visite virtuelle Bassin versant Rivi\u00e8re Pilote<\/a><\/li><li>V<a rel=\"noreferrer noopener\" href=\"https:\/\/www.thinglink.com\/card\/1382207334045974530\" target=\"_blank\">isite virtuelle Bassin versant Galion<\/a><\/li><li><a rel=\"noreferrer noopener\" href=\"https:\/\/www.thinglink.com\/card\/1565932082209751043\" target=\"_blank\">Visite virtuelle Bassin versant L\u00e9zarde<\/a><\/li><\/ul>\n\n\n\n<ul class=\"wp-block-list\"><li><strong>Livrets de synth\u00e8se sur les 3 bassins versants:<\/strong><\/li><\/ul>\n\n\n\n<ul class=\"is-style-tw-arrow wp-block-list\"><li><a rel=\"noreferrer noopener\" href=\"https:\/\/site.ac-martinique.fr\/edd\/wp-content\/uploads\/sites\/12\/2022\/03\/Synthese_BV_Galion.pdf\" target=\"_blank\">Galion<\/a><\/li><li><a rel=\"noreferrer noopener\" href=\"https:\/\/site.ac-martinique.fr\/edd\/wp-content\/uploads\/sites\/12\/2022\/03\/Synthese_BV_Lezarde-20220328.pdf\" target=\"_blank\">L\u00e9zarde<\/a><\/li><li><a rel=\"noreferrer noopener\" href=\"https:\/\/site.ac-martinique.fr\/edd\/wp-content\/uploads\/sites\/12\/2022\/03\/Synthese_BV_Riviere_Pilote-20220328.pdf\" target=\"_blank\">Rivi\u00e8re Pilote<\/a><\/li><\/ul>\n\n\n\n<ul class=\"wp-block-list\"><li><a rel=\"noreferrer noopener\" href=\"https:\/\/madmagz.com\/fr\/magazine\/2036594#\/page\/6\" target=\"_blank\">Magasine num\u00e9rique Dlo la t\u00e8, Dlo lanm\u00e8<\/a> (Madmagz)<\/li><li><a rel=\"noreferrer noopener\" href=\"https:\/\/view.genial.ly\/62e183ae5f460a0011274019\" target=\"_blank\">Magasine num\u00e9rique Dlo la t\u00e8, Dlo Lanm\u00e8<\/a> (genially)<\/li><\/ul>\n\n\n\n<p><\/p>\n\n\n\n<ul class=\"wp-block-list\"><li><a href=\"blob:https:\/\/site.ac-martinique.fr\/ed35d761-930b-40cb-9499-c8fa90c649a3\">Poster \u00ab\u00a0Dlo La t\u00e8, Dlo LanM\u00e8\u00a0\u00bb \u00e0 t\u00e9l\u00e9charger<\/a><\/li><\/ul>\n\n\n<div class=\"wp-block-image\">\n<figure class=\"aligncenter size-large is-resized\"><a href=\"https:\/\/site.ac-martinique.fr\/edd\/wp-content\/uploads\/sites\/12\/2022\/05\/Capture-decran-2022-05-20-160343.png\"><img loading=\"lazy\" decoding=\"async\" src=\"https:\/\/site.ac-martinique.fr\/edd\/wp-content\/uploads\/sites\/12\/2022\/05\/Capture-decran-2022-05-20-160343-1024x587.png\" alt=\"\" class=\"wp-image-2062\" width=\"507\" height=\"290\" srcset=\"https:\/\/site.ac-martinique.fr\/edd\/wp-content\/uploads\/sites\/12\/2022\/05\/Capture-decran-2022-05-20-160343-1024x587.png 1024w, https:\/\/site.ac-martinique.fr\/edd\/wp-content\/uploads\/sites\/12\/2022\/05\/Capture-decran-2022-05-20-160343-300x172.png 300w, https:\/\/site.ac-martinique.fr\/edd\/wp-content\/uploads\/sites\/12\/2022\/05\/Capture-decran-2022-05-20-160343-768x440.png 768w, https:\/\/site.ac-martinique.fr\/edd\/wp-content\/uploads\/sites\/12\/2022\/05\/Capture-decran-2022-05-20-160343-600x344.png 600w, https:\/\/site.ac-martinique.fr\/edd\/wp-content\/uploads\/sites\/12\/2022\/05\/Capture-decran-2022-05-20-160343.png 1033w\" sizes=\"auto, (max-width: 507px) 100vw, 507px\" \/><\/a><\/figure>\n<\/div>\n\n\n<p><\/p>\n","protected":false},"excerpt":{"rendered":"<p>Acc\u00e9der \u00e0 la pr\u00e9sentation du projet Dlo La T\u00e8, Dlo Lanm\u00e8 Diaporama S\u00e9minaire Dlo LaT\u00e8, Dlo Lanm\u00e8 Visites virtuelles des 3 bassins versants Visite virtuelle Bassin versant Rivi\u00e8re Pilote Visite virtuelle Bassin versant Galion Visite virtuelle Bassin versant L\u00e9zarde Livrets de synth\u00e8se sur les 3 bassins versants: Galion L\u00e9zarde Rivi\u00e8re Pilote Magasine num\u00e9rique Dlo la &hellip; <a href=\"https:\/\/site.ac-martinique.fr\/edd\/?page_id=2058\" class=\"more-link\">Continuer la lecture de <span class=\"screen-reader-text\">SEMINAIRE EDD 2022 DLO LA TE, DLO LANME<\/span>  <span class=\"meta-nav\">&rarr;<\/span><\/a><\/p>\n","protected":false},"author":68,"featured_media":0,"parent":0,"menu_order":0,"comment_status":"closed","ping_status":"closed","template":"","meta":{"footnotes":""},"class_list":["post-2058","page","type-page","status-publish","hentry"],"_links":{"self":[{"href":"https:\/\/site.ac-martinique.fr\/edd\/index.php?rest_route=\/wp\/v2\/pages\/2058","targetHints":{"allow":["GET"]}}],"collection":[{"href":"https:\/\/site.ac-martinique.fr\/edd\/index.php?rest_route=\/wp\/v2\/pages"}],"about":[{"href":"https:\/\/site.ac-martinique.fr\/edd\/index.php?rest_route=\/wp\/v2\/types\/page"}],"author":[{"embeddable":true,"href":"https:\/\/site.ac-martinique.fr\/edd\/index.php?rest_route=\/wp\/v2\/users\/68"}],"replies":[{"embeddable":true,"href":"https:\/\/site.ac-martinique.fr\/edd\/index.php?rest_route=%2Fwp%2Fv2%2Fcomments&post=2058"}],"version-history":[{"count":8,"href":"https:\/\/site.ac-martinique.fr\/edd\/index.php?rest_route=\/wp\/v2\/pages\/2058\/revisions"}],"predecessor-version":[{"id":2135,"href":"https:\/\/site.ac-martinique.fr\/edd\/index.php?rest_route=\/wp\/v2\/pages\/2058\/revisions\/2135"}],"wp:attachment":[{"href":"https:\/\/site.ac-martinique.fr\/edd\/index.php?rest_route=%2Fwp%2Fv2%2Fmedia&parent=2058"}],"curies":[{"name":"wp","href":"https:\/\/api.w.org\/{rel}","templated":true}]}}