{"id":2213,"date":"2023-07-10T10:19:42","date_gmt":"2023-07-10T14:19:42","guid":{"rendered":"https:\/\/site.ac-martinique.fr\/edd\/?page_id=2213"},"modified":"2023-07-10T10:34:33","modified_gmt":"2023-07-10T14:34:33","slug":"cacem_intervention-dans-les-etablissements","status":"publish","type":"page","link":"https:\/\/site.ac-martinique.fr\/edd\/?page_id=2213","title":{"rendered":"CACEM_Accompagnement des actions EDD dans les \u00e9tablissements"},"content":{"rendered":"\n<div class=\"wp-block-group\"><div class=\"wp-block-group__inner-container is-layout-flow wp-block-group-is-layout-flow\">\n<div class=\"wp-block-group is-vertical is-layout-flex wp-container-core-group-is-layout-8cf370e7 wp-block-group-is-layout-flex\">\n<blockquote class=\"wp-block-quote is-layout-flow wp-block-quote-is-layout-flow\">\n<h6 class=\"wp-block-heading\"><em><strong>Dans le cadre de la convention pluriannuelle CACEM\/Acad\u00e9mie de Martinique, sign\u00e9e le 13 septembre 2022, les missions STE2D (Science Technologie et Education au d\u00e9veloppement durable) et EDD (Education au d\u00e9veloppement durable)&nbsp;se rapprochent des coll\u00e8ges et lyc\u00e9es du territoire CACEM&nbsp;afin de recueillir les informations qui nous permettront&nbsp;d&rsquo;organiser cet accompagnement.&nbsp;<\/strong><\/em><\/h6>\n\n\n\n<h6 class=\"wp-block-heading\"><em>A cet effet, la CACEM&nbsp;peut organiser des interventions sur les th\u00e9matiques suivantes, associ\u00e9es au D\u00e9veloppement Durable,&nbsp;au sein de vos \u00e9tablissements scolaires&nbsp;:<\/em><\/h6>\n<\/blockquote>\n\n\n\n<ul class=\"wp-block-list\">\n<li>&nbsp;&nbsp;Pr\u00e9vention des d\u00e9chets (ensemble des gestes pour r\u00e9duire les d\u00e9chets)<\/li>\n<\/ul>\n\n\n\n<ul class=\"wp-block-list\">\n<li>&nbsp;Compostage dans le cadre de projet conjoint jardin et compostage<\/li>\n\n\n\n<li>Lutte contre le gaspillage alimentaire<\/li>\n\n\n\n<li>&nbsp;&nbsp;Maitrise de l\u2019\u00e9nergie \u2013&nbsp;<em>non disponible pour le moment<\/em><\/li>\n\n\n\n<li>&nbsp;&nbsp;Adaptation au changement climatique \u2013&nbsp;<em>non disponible<\/em>&nbsp;<em>pour le moment<\/em><\/li>\n\n\n\n<li>Pollution de l\u2019air et gestes associ\u00e9s<\/li>\n\n\n\n<li>Le tri et la nature&nbsp;(les emballages dans les paysages\/ la dur\u00e9e de vie des emballages\/les mati\u00e8res premi\u00e8res des emballages)<\/li>\n\n\n\n<li>G\u00e9n\u00e9ralit\u00e9s sur les d\u00e9chets (L\u2019organisation de la gestion des d\u00e9chets\/ la composition d\u2019une poubelle en Martinique\/l\u2019\u00e9volution de la production de d\u00e9chets\/ les exutoires \/ les enjeux pour l\u2019\u00eele)<\/li>\n\n\n\n<li>Les emballages au quotidien (Production d\u2019emballages et papiers graphiques \u00e0 l\u2019\u00e9cole\/ production d\u2019emballages et papiers graphiques \u00e0 la maison\/ les consignes de tri et les \u00e9quipements de pr\u00e9 collecte)<\/li>\n<\/ul>\n\n\n\n<ul class=\"wp-block-list\">\n<li>Les acteurs du tri (le cycle de l\u2019emballage\/ les acteurs du recyclage)<\/li>\n\n\n\n<li>&nbsp;Les missions de la Brigade de l\u2019environnement (pouvoirs de police sp\u00e9ciale\/ R\u00e8glement de collecte\/ types d\u2019infractions sanctions )<\/li>\n<\/ul>\n\n\n\n<ul class=\"wp-block-list\">\n<li>Pr\u00e9servation des eaux.<\/li>\n<\/ul>\n\n\n\n<p>Notez bien que les \u00e9tablissements cibl\u00e9s sont ceux des quatre communes du Centre&nbsp;: <strong>Fort de France, Lamentin, Saint-Joseph et Sch\u0153lcher.<\/strong><\/p>\n\n\n\n<p>Afin que la CACEM puisse vous proposer l\u2019accompagnement le plus adapt\u00e9 et une planification sur l\u2019ann\u00e9e scolaire 2023-2024, nous vous demandons de bien vouloir&nbsp;compl\u00e9ter le formulaire (lien ci-dessous) et nous le retourner au plus tard le&nbsp;<strong>vendredi 22 septembre 2023&nbsp;:&nbsp;CLIQUEZ SUR CE LIEN<\/strong><\/p>\n\n\n\n<p><strong><a rel=\"noreferrer noopener\" href=\"https:\/\/framaforms.org\/inscription-aux-actions-de-sensibilisation-a-lenvironnement-de-la-cacem-annee-scolaire-2023-2024\" target=\"_blank\">https:\/\/framaforms.org\/inscription-aux-actions-de-sensibilisation-a-lenvironnement-de-la-cacem-annee-scolaire-2023-2024<\/a>&nbsp;<\/strong><\/p>\n<\/div>\n<\/div><\/div>\n","protected":false},"excerpt":{"rendered":"<p>Dans le cadre de la convention pluriannuelle CACEM\/Acad\u00e9mie de Martinique, sign\u00e9e le 13 septembre 2022, les missions STE2D (Science Technologie et Education au d\u00e9veloppement durable) et EDD (Education au d\u00e9veloppement durable)&nbsp;se rapprochent des coll\u00e8ges et lyc\u00e9es du territoire CACEM&nbsp;afin de recueillir les informations qui nous permettront&nbsp;d&rsquo;organiser cet accompagnement.&nbsp; A cet effet, la CACEM&nbsp;peut organiser des &hellip; <a href=\"https:\/\/site.ac-martinique.fr\/edd\/?page_id=2213\" class=\"more-link\">Continuer la lecture de <span class=\"screen-reader-text\">CACEM_Accompagnement des actions EDD dans les \u00e9tablissements<\/span>  <span class=\"meta-nav\">&rarr;<\/span><\/a><\/p>\n","protected":false},"author":68,"featured_media":0,"parent":0,"menu_order":0,"comment_status":"closed","ping_status":"closed","template":"","meta":{"footnotes":""},"class_list":["post-2213","page","type-page","status-publish","hentry"],"_links":{"self":[{"href":"https:\/\/site.ac-martinique.fr\/edd\/index.php?rest_route=\/wp\/v2\/pages\/2213","targetHints":{"allow":["GET"]}}],"collection":[{"href":"https:\/\/site.ac-martinique.fr\/edd\/index.php?rest_route=\/wp\/v2\/pages"}],"about":[{"href":"https:\/\/site.ac-martinique.fr\/edd\/index.php?rest_route=\/wp\/v2\/types\/page"}],"author":[{"embeddable":true,"href":"https:\/\/site.ac-martinique.fr\/edd\/index.php?rest_route=\/wp\/v2\/users\/68"}],"replies":[{"embeddable":true,"href":"https:\/\/site.ac-martinique.fr\/edd\/index.php?rest_route=%2Fwp%2Fv2%2Fcomments&post=2213"}],"version-history":[{"count":3,"href":"https:\/\/site.ac-martinique.fr\/edd\/index.php?rest_route=\/wp\/v2\/pages\/2213\/revisions"}],"predecessor-version":[{"id":2219,"href":"https:\/\/site.ac-martinique.fr\/edd\/index.php?rest_route=\/wp\/v2\/pages\/2213\/revisions\/2219"}],"wp:attachment":[{"href":"https:\/\/site.ac-martinique.fr\/edd\/index.php?rest_route=%2Fwp%2Fv2%2Fmedia&parent=2213"}],"curies":[{"name":"wp","href":"https:\/\/api.w.org\/{rel}","templated":true}]}}