{"id":241,"date":"2016-02-08T19:58:48","date_gmt":"2016-02-08T18:58:48","guid":{"rendered":"\/edd2ndDeg\/?page_id=241"},"modified":"2021-12-06T11:28:58","modified_gmt":"2021-12-06T15:28:58","slug":"sequences-pedagogiques","status":"publish","type":"page","link":"https:\/\/site.ac-martinique.fr\/edd\/?page_id=241","title":{"rendered":"S\u00e9quences p\u00e9dagogiques"},"content":{"rendered":"<p>\/edd2ndDeg\/?p=676<\/p>\n\n\n<p>S\u00e9quence p\u00e9dagogique propos\u00e9e par un enseignant de l&rsquo;acad\u00e9mie de Guadeloupe. \u00ab\u00a0Les sargasses en Guadeloupe: un ph\u00e9nom\u00e8ne syst\u00e9mique facteur de risque et reli\u00e9 \u00e0 la question de la transition dans la gestion des ressources\u00a0\u00bb. <a href=\"https:\/\/pedagogie.ac-guadeloupe.fr\/histoire_et_geographie\/societes_et_environnements_equilibres_fragiles_sargasses_en_guadeloupe\" data-type=\"URL\" data-id=\"https:\/\/pedagogie.ac-guadeloupe.fr\/histoire_et_geographie\/societes_et_environnements_equilibres_fragiles_sargasses_en_guadeloupe\" target=\"_blank\" rel=\"noreferrer noopener\"> Acc\u00e9der \u00e0 cette s\u00e9quence p\u00e9dagogique<\/a><\/p>\n","protected":false},"excerpt":{"rendered":"<p>\/edd2ndDeg\/?p=676 S\u00e9quence p\u00e9dagogique propos\u00e9e par un enseignant de l&rsquo;acad\u00e9mie de Guadeloupe. \u00ab\u00a0Les sargasses en Guadeloupe: un ph\u00e9nom\u00e8ne syst\u00e9mique facteur de risque et reli\u00e9 \u00e0 la question de la transition dans la gestion des ressources\u00a0\u00bb. Acc\u00e9der \u00e0 cette s\u00e9quence p\u00e9dagogique<\/p>\n","protected":false},"author":68,"featured_media":0,"parent":203,"menu_order":0,"comment_status":"closed","ping_status":"closed","template":"","meta":{"footnotes":""},"class_list":["post-241","page","type-page","status-publish","hentry"],"_links":{"self":[{"href":"https:\/\/site.ac-martinique.fr\/edd\/index.php?rest_route=\/wp\/v2\/pages\/241","targetHints":{"allow":["GET"]}}],"collection":[{"href":"https:\/\/site.ac-martinique.fr\/edd\/index.php?rest_route=\/wp\/v2\/pages"}],"about":[{"href":"https:\/\/site.ac-martinique.fr\/edd\/index.php?rest_route=\/wp\/v2\/types\/page"}],"author":[{"embeddable":true,"href":"https:\/\/site.ac-martinique.fr\/edd\/index.php?rest_route=\/wp\/v2\/users\/68"}],"replies":[{"embeddable":true,"href":"https:\/\/site.ac-martinique.fr\/edd\/index.php?rest_route=%2Fwp%2Fv2%2Fcomments&post=241"}],"version-history":[{"count":4,"href":"https:\/\/site.ac-martinique.fr\/edd\/index.php?rest_route=\/wp\/v2\/pages\/241\/revisions"}],"predecessor-version":[{"id":1889,"href":"https:\/\/site.ac-martinique.fr\/edd\/index.php?rest_route=\/wp\/v2\/pages\/241\/revisions\/1889"}],"up":[{"embeddable":true,"href":"https:\/\/site.ac-martinique.fr\/edd\/index.php?rest_route=\/wp\/v2\/pages\/203"}],"wp:attachment":[{"href":"https:\/\/site.ac-martinique.fr\/edd\/index.php?rest_route=%2Fwp%2Fv2%2Fmedia&parent=241"}],"curies":[{"name":"wp","href":"https:\/\/api.w.org\/{rel}","templated":true}]}}

Séquences pédagogiques

<p>/edd2ndDeg/?p=676</p>


<p>Séquence pédagogique proposée par un enseignant de l&rsquo;académie de Guadeloupe. « Les sargasses en Guadeloupe: un phénomène systémique facteur de risque et relié à la question de la transition dans la gestion des ressources ». <a href="https://pedagogie.ac-guadeloupe.fr/histoire_et_geographie/societes_et_environnements_equilibres_fragiles_sargasses_en_guadeloupe" data-type="URL" data-id="https://pedagogie.ac-guadeloupe.fr/histoire_et_geographie/societes_et_environnements_equilibres_fragiles_sargasses_en_guadeloupe" target="_blank" rel="noreferrer noopener"> Accéder à cette séquence pédagogique</a></p>

<p>/edd2ndDeg/?p=676 Séquence pédagogique proposée par un enseignant de l&rsquo;académie de Guadeloupe. « Les sargasses en Guadeloupe: un phénomène systémique facteur de risque et relié à la question de la transition dans la gestion des ressources ». Accéder à cette séquence pédagogique</p>
