{"id":243,"date":"2016-02-08T19:59:46","date_gmt":"2016-02-08T23:59:46","guid":{"rendered":"\/edd2ndDeg\/?page_id=243"},"modified":"2024-11-04T00:58:41","modified_gmt":"2024-11-04T04:58:41","slug":"procedure-academique","status":"publish","type":"page","link":"https:\/\/site.ac-martinique.fr\/edd\/?page_id=243","title":{"rendered":"Proc\u00e9dure acad\u00e9mique 2024-2025"},"content":{"rendered":"<p>La proc\u00e9dure de demande de <span style=\"color: #ff6600;\"><strong>labellisation E3D<\/strong><\/span> est <strong>d\u00e9mat\u00e9rialis\u00e9e<\/strong>.<\/p>\n<p>Vous trouverez ci-dessous toutes les informations et documents n\u00e9cessaires pour candidater \u00e0 la Labellisation E3D 2024-2025, \u00e0 destination des \u00e9coles et\u00a0 \u00e9tablissements.<\/p>\n<p>Le courrier de labellisation E3D (celui de l&rsquo;ann\u00e9e scolaire 2024-2025 est \u00e0 para\u00eetre) rappelle le cadre r\u00e9glementaire et le contexte du label E3D au niveau national et acad\u00e9mique.<\/p>\n<p><a href=\"https:\/\/site.ac-martinique.fr\/edd\/wp-content\/uploads\/sites\/12\/2022\/10\/MAJ-29-Sept-22_Courrier-labellisation-ac-Martinique-22-23-1D-et-2D.pdf\">Courrier Labellisation E3D Ac Martinique<\/a><\/p>\n<p>La Charte de labellisation E3D correspond \u00e0 la grille d&rsquo;\u00e9valuation utilis\u00e9e par les membres du COPILA EDD pour ent\u00e9riner ou non le label E3D demand\u00e9.\u00a0<\/p>\n<p><a href=\"https:\/\/site.ac-martinique.fr\/edd\/wp-content\/uploads\/sites\/12\/2021\/12\/CHARTE-DE-LA-LABELLISATION-ACADEMIE-MARTINIQUE-2020-2021-MAJ-271020.pdf\">Charte de Labellisation E3D<\/a><\/p>\n<p>___________________________________________________________________________<\/p>\n<p>La date limite de d\u00e9p\u00f4t des dossiers de candidatures est fix\u00e9e au <strong>12 d\u00e9cembre, 23h59 (heure locale) <\/strong>de l&rsquo;ann\u00e9e scolaire en cours.<\/p>\n<p style=\"text-align: center;\"><a href=\"https:\/\/ppe.orion.education.fr\/outremer\/itw\/answer\/s\/ZNUkhgALtR\/k\/AACum1Q\">Formulaire de demande de label E3D (dossier unique propos\u00e9 par le CAESCE)<\/a><\/p>\n\n\n<details class=\"wp-block-details is-layout-flow wp-block-details-is-layout-flow\"><summary>Si vous souhaitez prendre connaissance des questions avant de compl\u00e9ter le formulaire en ligne, vous pouvez consulter la version Word (ci-apr\u00e8s). Attention seul le formulaire en ligne doit \u00eatre compl\u00e9t\u00e9 pour la prise en compte de votre candidature au label E3D.<\/summary>\n<p><\/p>\n<\/details>\n\n\n\n<div class=\"wp-block-file\"><a id=\"wp-block-file--media-73154680-2519-4bc1-a072-ff80378b1f20\" href=\"https:\/\/site.ac-martinique.fr\/edd\/wp-content\/uploads\/sites\/12\/2024\/09\/MAJ-FB-2024_Formulaire-de-labellisation-E3D-Academie-Martinique.docx\">MAJ FB 2024_Formulaire de labellisation E3D &#8211; Academie Martinique<\/a><a href=\"https:\/\/site.ac-martinique.fr\/edd\/wp-content\/uploads\/sites\/12\/2024\/09\/MAJ-FB-2024_Formulaire-de-labellisation-E3D-Academie-Martinique.docx\" class=\"wp-block-file__button wp-element-button\" download aria-describedby=\"wp-block-file--media-73154680-2519-4bc1-a072-ff80378b1f20\">T\u00e9l\u00e9charger<\/a><\/div>\n","protected":false},"excerpt":{"rendered":"<p>La proc\u00e9dure de demande de labellisation E3D est d\u00e9mat\u00e9rialis\u00e9e. Vous trouverez ci-dessous toutes les informations et documents n\u00e9cessaires pour candidater \u00e0 la Labellisation E3D 2024-2025, \u00e0 destination des \u00e9coles et\u00a0 \u00e9tablissements. Le courrier de labellisation E3D (celui de l&rsquo;ann\u00e9e scolaire 2024-2025 est \u00e0 para\u00eetre) rappelle le cadre r\u00e9glementaire et le contexte du label E3D au &hellip; <a href=\"https:\/\/site.ac-martinique.fr\/edd\/?page_id=243\" class=\"more-link\">Continuer la lecture de <span class=\"screen-reader-text\">Proc\u00e9dure acad\u00e9mique 2024-2025<\/span>  <span class=\"meta-nav\">&rarr;<\/span><\/a><\/p>\n","protected":false},"author":68,"featured_media":0,"parent":205,"menu_order":0,"comment_status":"closed","ping_status":"closed","template":"","meta":{"footnotes":""},"class_list":["post-243","page","type-page","status-publish","hentry"],"_links":{"self":[{"href":"https:\/\/site.ac-martinique.fr\/edd\/index.php?rest_route=\/wp\/v2\/pages\/243","targetHints":{"allow":["GET"]}}],"collection":[{"href":"https:\/\/site.ac-martinique.fr\/edd\/index.php?rest_route=\/wp\/v2\/pages"}],"about":[{"href":"https:\/\/site.ac-martinique.fr\/edd\/index.php?rest_route=\/wp\/v2\/types\/page"}],"author":[{"embeddable":true,"href":"https:\/\/site.ac-martinique.fr\/edd\/index.php?rest_route=\/wp\/v2\/users\/68"}],"replies":[{"embeddable":true,"href":"https:\/\/site.ac-martinique.fr\/edd\/index.php?rest_route=%2Fwp%2Fv2%2Fcomments&post=243"}],"version-history":[{"count":41,"href":"https:\/\/site.ac-martinique.fr\/edd\/index.php?rest_route=\/wp\/v2\/pages\/243\/revisions"}],"predecessor-version":[{"id":2391,"href":"https:\/\/site.ac-martinique.fr\/edd\/index.php?rest_route=\/wp\/v2\/pages\/243\/revisions\/2391"}],"up":[{"embeddable":true,"href":"https:\/\/site.ac-martinique.fr\/edd\/index.php?rest_route=\/wp\/v2\/pages\/205"}],"wp:attachment":[{"href":"https:\/\/site.ac-martinique.fr\/edd\/index.php?rest_route=%2Fwp%2Fv2%2Fmedia&parent=243"}],"curies":[{"name":"wp","href":"https:\/\/api.w.org\/{rel}","templated":true}]}}

Procédure académique 2024-2025

<p>La procédure de demande de <span style="color: #ff6600;"><strong>labellisation E3D</strong></span> est <strong>dématérialisée</strong>.</p>
<p>Vous trouverez ci-dessous toutes les informations et documents nécessaires pour candidater à la Labellisation E3D 2024-2025, à destination des écoles et  établissements.</p>
<p>Le courrier de labellisation E3D (celui de l&rsquo;année scolaire 2024-2025 est à paraître) rappelle le cadre réglementaire et le contexte du label E3D au niveau national et académique.</p>
<p><a href="https://site.ac-martinique.fr/edd/wp-content/uploads/sites/12/2022/10/MAJ-29-Sept-22_Courrier-labellisation-ac-Martinique-22-23-1D-et-2D.pdf">Courrier Labellisation E3D Ac Martinique</a></p>
<p>La Charte de labellisation E3D correspond à la grille d&rsquo;évaluation utilisée par les membres du COPILA EDD pour entériner ou non le label E3D demandé. </p>
<p><a href="https://site.ac-martinique.fr/edd/wp-content/uploads/sites/12/2021/12/CHARTE-DE-LA-LABELLISATION-ACADEMIE-MARTINIQUE-2020-2021-MAJ-271020.pdf">Charte de Labellisation E3D</a></p>
<p>___________________________________________________________________________</p>
<p>La date limite de dépôt des dossiers de candidatures est fixée au <strong>12 décembre, 23h59 (heure locale) </strong>de l&rsquo;année scolaire en cours.</p>
<p style="text-align: center;"><a href="https://ppe.orion.education.fr/outremer/itw/answer/s/ZNUkhgALtR/k/AACum1Q">Formulaire de demande de label E3D (dossier unique proposé par le CAESCE)</a></p>


<details class="wp-block-details is-layout-flow wp-block-details-is-layout-flow"><summary>Si vous souhaitez prendre connaissance des questions avant de compléter le formulaire en ligne, vous pouvez consulter la version Word (ci-après). Attention seul le formulaire en ligne doit être complété pour la prise en compte de votre candidature au label E3D.</summary>
<p></p>
</details>



<div class="wp-block-file"><a id="wp-block-file--media-73154680-2519-4bc1-a072-ff80378b1f20" href="https://site.ac-martinique.fr/edd/wp-content/uploads/sites/12/2024/09/MAJ-FB-2024_Formulaire-de-labellisation-E3D-Academie-Martinique.docx">MAJ FB 2024_Formulaire de labellisation E3D &#8211; Academie Martinique</a><a href="https://site.ac-martinique.fr/edd/wp-content/uploads/sites/12/2024/09/MAJ-FB-2024_Formulaire-de-labellisation-E3D-Academie-Martinique.docx" class="wp-block-file__button wp-element-button" download aria-describedby="wp-block-file--media-73154680-2519-4bc1-a072-ff80378b1f20">Télécharger</a></div>

<p>La procédure de demande de labellisation E3D est dématérialisée. Vous trouverez ci-dessous toutes les informations et documents nécessaires pour candidater à la Labellisation E3D 2024-2025, à destination des écoles et  établissements. Le courrier de labellisation E3D (celui de l&rsquo;année scolaire 2024-2025 est à paraître) rappelle le cadre réglementaire et le contexte du label E3D au &hellip; <a href="https://site.ac-martinique.fr/edd/?page_id=243" class="more-link">Continuer la lecture de <span class="screen-reader-text">Procédure académique 2024-2025</span>  <span class="meta-nav">&rarr;</span></a></p>
