{"id":117,"date":"2020-06-28T23:59:00","date_gmt":"2020-06-28T22:59:00","guid":{"rendered":"\/eps\/?page_id=117"},"modified":"2021-06-29T17:42:54","modified_gmt":"2021-06-29T16:42:54","slug":"ccf-lycee-professionnel","status":"publish","type":"page","link":"https:\/\/site.ac-martinique.fr\/eps\/?page_id=117","title":{"rendered":"CCF- Bac professionnel"},"content":{"rendered":"\n<p><a rel=\"noreferrer noopener\" href=\"https:\/\/site.ac-martinique.fr\/eps\/wp-content\/uploads\/sites\/13\/2020\/06\/Referentiel_CA5_2019-07-04.pdf\" target=\"_blank\"><br><\/a>\u00a0\u00a0\u00a0  \u00a0\u00a0<\/p>\n\n\n<p style=\"text-align: left\"><strong><a href=\"\/eps\/wp-content\/uploads\/sites\/13\/2019\/05\/New.png\"><img loading=\"lazy\" decoding=\"async\" class=\"alignnone wp-image-3050 alignleft\" src=\"\/eps\/wp-content\/uploads\/sites\/13\/2019\/05\/New.png\" alt=\"\" width=\"147\" height=\"77\" \/><\/a><\/strong><\/p>\n<p>\u00a0<\/p>\n<p><strong><span style=\"color: #000000\">\u00c9valuation de l&rsquo;enseignement d&rsquo;\u00e9ducation physique et sportive aux examens du baccalaur\u00e9at professionnel: BO n\u00b0 04 du 28-01-2021<\/span>:<\/strong> <a href=\"https:\/\/www.education.gouv.fr\/bo\/21\/Hebdo4\/MENE2037057C.htm\" target=\"_blank\" rel=\"noreferrer noopener\">cliquez ici<\/a><\/p>\n<hr \/>\n<p><span style=\"color: #ff0000\"><strong data-rich-text-format-boundary=\"true\">R\u00e9f\u00e9rentiels Nationaux d\u2019\u00e9preuves (BAC PRO 2022) \u2013 BO n\u00b0 04 du 28-01-2021:<\/strong><\/span><\/p>\n<ul>\n<li><strong data-rich-text-format-boundary=\"true\">CHAMP D\u2019APPRENTISSAGE n\u00b0 1<\/strong>: \u00ab R\u00e9aliser une performance motrice maximale mesurable \u00e0 une \u00e9ch\u00e9ance donn\u00e9e \u00bb: Courses, sauts, lancers, natation vitesse <a href=\"https:\/\/site.ac-martinique.fr\/eps\/wp-content\/uploads\/sites\/13\/2021\/06\/Referentiels-CCF-CA-1-Bac-Pro-Session-2022-1.pdf\" target=\"_blank\" rel=\"noopener\"><img loading=\"lazy\" decoding=\"async\" class=\"alignnone wp-image-3007\" src=\"https:\/\/site.ac-martinique.fr\/eps\/wp-content\/uploads\/sites\/13\/2019\/03\/pdf.png\" alt=\"\" width=\"33\" height=\"33\" data-pagespeed-url-hash=\"890858465\" \/><\/a><br data-rich-text-line-break=\"true\" \/>\u00a0\u00a0\u00a0 \u00a0\u00a0<\/li>\n<li><strong>CHAMP D\u2019APPRENTISSAGE n\u00b0 2<\/strong> : \u00ab Adapter son d\u00e9placement \u00e0 des environnements vari\u00e9s ou incertains \u00bb:\u00a0\u00a0Escalade, course d\u2019orientation, sauvetage aquatique, VTT <a href=\"https:\/\/site.ac-martinique.fr\/eps\/wp-content\/uploads\/sites\/13\/2021\/06\/Referentiels-CCF-CA-2-Bac-Pro-Session-2022-1.pdf\" target=\"_blank\" rel=\"noopener\"><img loading=\"lazy\" decoding=\"async\" class=\"alignnone wp-image-3007\" src=\"https:\/\/site.ac-martinique.fr\/eps\/wp-content\/uploads\/sites\/13\/2019\/03\/pdf.png\" alt=\"\" width=\"33\" height=\"33\" data-pagespeed-url-hash=\"890858465\" \/><\/a><br data-rich-text-line-break=\"true\" \/>\u00a0\u00a0\u00a0 \u00a0\u00a0<\/li>\n<li><strong>CHAMP D\u2019APPRENTISSAGE n\u00b0 3<\/strong> : \u00ab R\u00e9aliser une prestation corporelle destin\u00e9e \u00e0 \u00eatre vue et appr\u00e9ci\u00e9e \u00bb:\u00a0\u00a0Danse(s), arts du cirque, acrosport, gymnastique sportive <a href=\"https:\/\/site.ac-martinique.fr\/eps\/wp-content\/uploads\/sites\/13\/2021\/06\/Referentiels-CCF-CA-3-Bac-Pro-Session-2022.pdf\" target=\"_blank\" rel=\"noopener\"><img loading=\"lazy\" decoding=\"async\" class=\"alignnone wp-image-3007\" src=\"https:\/\/site.ac-martinique.fr\/eps\/wp-content\/uploads\/sites\/13\/2019\/03\/pdf.png\" alt=\"\" width=\"33\" height=\"33\" data-pagespeed-url-hash=\"890858465\" \/><\/a><br data-rich-text-line-break=\"true\" \/>\u00a0\u00a0\u00a0 \u00a0\u00a0<\/li>\n<li><strong>CHAMP D\u2019APPRENTISSAGE n\u00b0 4<\/strong> : \u00ab Conduire et ma\u00eetriser un affrontement collectif ou interindividuel pour gagner \u00bb: Badminton, tennis de table, boxe fran\u00e7aise, judo, basket-ball, football, handball, rugby, volley-ball <a href=\"https:\/\/site.ac-martinique.fr\/eps\/wp-content\/uploads\/sites\/13\/2021\/06\/Referentiels-CCF-CA-4-Bac-Pro-Session-2022.pdf\" target=\"_blank\" rel=\"noopener\"><img loading=\"lazy\" decoding=\"async\" class=\"alignnone wp-image-3007\" src=\"https:\/\/site.ac-martinique.fr\/eps\/wp-content\/uploads\/sites\/13\/2019\/03\/pdf.png\" alt=\"\" width=\"33\" height=\"33\" data-pagespeed-url-hash=\"890858465\" \/><\/a><br data-rich-text-line-break=\"true\" \/>\u00a0\u00a0\u00a0 \u00a0\u00a0<\/li>\n<li><strong>CHAMP D\u2019APPRENTISSAGE n\u00b0 5<\/strong> : \u00ab R\u00e9aliser une activit\u00e9 physique pour d\u00e9velopper ses ressources et s\u2019entretenir \u00bb: Course en dur\u00e9e, musculation, natation en dur\u00e9e, step, yoga\u00a0 <a href=\"https:\/\/site.ac-martinique.fr\/eps\/wp-content\/uploads\/sites\/13\/2021\/06\/Referentiels-CCF-CA-5-Bac-Pro-Session-2022.pdf\" target=\"_blank\" rel=\"noopener\"><img loading=\"lazy\" decoding=\"async\" class=\"alignnone wp-image-3007\" src=\"https:\/\/site.ac-martinique.fr\/eps\/wp-content\/uploads\/sites\/13\/2019\/03\/pdf.png\" alt=\"\" width=\"33\" height=\"33\" data-pagespeed-url-hash=\"890858465\" \/><\/a><\/li>\n<\/ul>\n<p>\u00a0<\/p>\n<p style=\"text-align: left\"><a href=\"\/eps\/wp-content\/uploads\/sites\/13\/2021\/02\/Bac-Pro-EPS-Circulaire-28-janvier-2021.pdf\" target=\"_blank\" rel=\"noopener\"><img loading=\"lazy\" decoding=\"async\" class=\"alignnone wp-image-3007\" src=\"\/eps\/wp-content\/uploads\/sites\/13\/2019\/03\/pdf.png\" alt=\"\" width=\"28\" height=\"28\" \/>Bac Pro EPS &#8211; Circulaire 28 janvier 2021<\/a><\/p>\n<p style=\"text-align: left\"><a href=\"\/eps\/wp-content\/uploads\/sites\/13\/2021\/02\/Bac-PRO-EPS-annexes-Circulaire-28-janvier-2021.pdf\" target=\"_blank\" rel=\"noopener\"><img loading=\"lazy\" decoding=\"async\" class=\"alignnone wp-image-3007\" src=\"\/eps\/wp-content\/uploads\/sites\/13\/2019\/03\/pdf.png\" alt=\"\" width=\"28\" height=\"28\" \/>Bac PRO EPS : annexes Circulaire 28 janvier 2021<\/a><\/p>\n<hr \/>\n<p style=\"text-align: left\"><strong>BAC PRO: modalit\u00e9s d\u2019\u00e9valuation des \u00e9preuves d\u2019enseignement g\u00e9n\u00e9ral :<\/strong> Arr\u00eat\u00e9 du 17 juin 2020 (BO n\u00b030 du 23 juillet 2020):<br \/><strong>Sur le site, cliquez ici:\u00a0\u00a0\u00a0 <a href=\"\/eps\/wp-content\/uploads\/sites\/13\/2020\/09\/Arr%C3%AAt%C3%A9-BAC-Pro-modalites-generales-evaluation-eps-2021-Bo-du-23-juillet-2020.docx\" target=\"_blank\" rel=\"noopener\"><img loading=\"lazy\" decoding=\"async\" class=\"alignnone wp-image-3190\" src=\"\/eps\/wp-content\/uploads\/sites\/13\/2020\/06\/LogoWord.png\" alt=\"\" width=\"25\" height=\"24\" \/><\/a><\/strong><\/p>\n<p style=\"text-align: left\"><strong>Ainsi que le Volume horaire de r\u00e9f\u00e9rence<\/strong> (Annexe 1 du BO n\u00b01 du 03\/01\/2019):<a href=\"\/eps\/wp-content\/uploads\/sites\/13\/2020\/09\/Annexe_Bac_Pro_Volume_Horaire_de_reference_BO-1_3-01-2019.pdf\" target=\"_blank\" rel=\"noopener\"><img loading=\"lazy\" decoding=\"async\" class=\"alignnone wp-image-3007\" src=\"\/eps\/wp-content\/uploads\/sites\/13\/2019\/03\/pdf.png\" alt=\"\" width=\"28\" height=\"28\" \/><\/a><\/p>\n<hr \/>\n<p style=\"text-align: center\"><a href=\"http:\/\/www.education.gouv.fr\/pid285\/bulletin_officiel.html?cid_bo=115425\" target=\"_blank\" rel=\"noopener\">Organisation de l&rsquo;\u00e9valuation en EPS des examens de l&rsquo;enseignement professionnel<\/a>\u00a0(Bo n\u00b0 16 du 20 avril 2017)<\/p>\n<hr \/>\n<p style=\"text-align: center\" align=\"center\"><a href=\"\/eps\/wp-content\/uploads\/sites\/13\/2015\/09\/Guide-certification-LP-2015-2016.docx\">Guide certification LP 2015-2016<\/a><\/p>\n<hr \/>\n<p style=\"text-align: center\" align=\"center\"><a title=\"R\u00e9f\u00e9rentiel Epreuves Bac Pro\" href=\"\/eps\/?page_id=1791\" target=\"_blank\" rel=\"noopener\">R\u00e9f\u00e9rentiel des Epreuves du Bac Pro<\/a><\/p>\n<p style=\"text-align: center\" align=\"center\"><a href=\"\/eps\/?page_id=131\" target=\"_blank\" rel=\"noopener\">Epreuves Adapt\u00e9es<\/a><\/p>","protected":false},"excerpt":{"rendered":"<p>\u00a0\u00a0\u00a0 \u00a0\u00a0 \u00a0 \u00c9valuation de l&rsquo;enseignement d&rsquo;\u00e9ducation physique et sportive aux examens du baccalaur\u00e9at professionnel: BO n\u00b0 04 du 28-01-2021: cliquez ici R\u00e9f\u00e9rentiels Nationaux d\u2019\u00e9preuves (BAC PRO 2022) \u2013 BO n\u00b0 04 du 28-01-2021: CHAMP D\u2019APPRENTISSAGE n\u00b0 1: \u00ab R\u00e9aliser &hellip; <a href=\"https:\/\/site.ac-martinique.fr\/eps\/?page_id=117\">Continuer la lecture <span class=\"meta-nav\">&rarr;<\/span><\/a><\/p>\n","protected":false},"author":69,"featured_media":0,"parent":0,"menu_order":0,"comment_status":"closed","ping_status":"open","template":"","meta":{"footnotes":""},"class_list":["post-117","page","type-page","status-publish","hentry"],"_links":{"self":[{"href":"https:\/\/site.ac-martinique.fr\/eps\/index.php?rest_route=\/wp\/v2\/pages\/117","targetHints":{"allow":["GET"]}}],"collection":[{"href":"https:\/\/site.ac-martinique.fr\/eps\/index.php?rest_route=\/wp\/v2\/pages"}],"about":[{"href":"https:\/\/site.ac-martinique.fr\/eps\/index.php?rest_route=\/wp\/v2\/types\/page"}],"author":[{"embeddable":true,"href":"https:\/\/site.ac-martinique.fr\/eps\/index.php?rest_route=\/wp\/v2\/users\/69"}],"replies":[{"embeddable":true,"href":"https:\/\/site.ac-martinique.fr\/eps\/index.php?rest_route=%2Fwp%2Fv2%2Fcomments&post=117"}],"version-history":[{"count":30,"href":"https:\/\/site.ac-martinique.fr\/eps\/index.php?rest_route=\/wp\/v2\/pages\/117\/revisions"}],"predecessor-version":[{"id":3807,"href":"https:\/\/site.ac-martinique.fr\/eps\/index.php?rest_route=\/wp\/v2\/pages\/117\/revisions\/3807"}],"wp:attachment":[{"href":"https:\/\/site.ac-martinique.fr\/eps\/index.php?rest_route=%2Fwp%2Fv2%2Fmedia&parent=117"}],"curies":[{"name":"wp","href":"https:\/\/api.w.org\/{rel}","templated":true}]}}