{"id":1257,"date":"2020-09-04T22:28:12","date_gmt":"2020-09-04T21:28:12","guid":{"rendered":"\/eps\/?page_id=1257"},"modified":"2020-09-05T23:53:21","modified_gmt":"2020-09-05T22:53:21","slug":"demarche-validation","status":"publish","type":"page","link":"https:\/\/site.ac-martinique.fr\/eps\/?page_id=1257","title":{"rendered":"Epreuves adapt\u00e9es d&rsquo;EPS aux \u00e9xamens"},"content":{"rendered":"<p style=\"text-align: center;\"><a href=\"\/eps\/wp-content\/uploads\/sites\/13\/2014\/05\/Demarche_certification_adaptee.pdf\" target=\"_blank\">D\u00e9marche pour une certification adapt\u00e9e<\/a><\/p>\n<p style=\"text-align: center;\"><a href=\"\/eps\/wp-content\/uploads\/sites\/13\/2014\/05\/Annexe1_lettre_type_demande_eval-adapt.pdf\" target=\"_blank\">Lettre type de demande de certification adapt\u00e9e<\/a><\/p>\n<p style=\"text-align: center;\"><a href=\"\/eps\/wp-content\/uploads\/sites\/13\/2014\/05\/protocole_epreuve_adaptees_BAC.doc\">Demande pour une validation des Epreuves du Baccalaur\u00e9at<\/a><\/p>\n<p style=\"text-align: center;\"><a href=\"\/eps\/wp-content\/uploads\/sites\/13\/2014\/05\/protocole_epreuve_adaptees-BEP-CAP.doc\">Demande pour une validation des Epreuves du BEP-CAP<\/a><\/p>\n<p style=\"text-align: center;\"><a href=\"\/eps\/wp-content\/uploads\/sites\/13\/2014\/05\/annexe4_controle_ponctuel_session_2010.pdf\" target=\"_blank\">Demande pour une validation des Epreuves Ponctuelles<\/a><\/p>\n<p style=\"text-align: center;\"><a href=\"\/eps\/wp-content\/uploads\/sites\/13\/2014\/05\/certificat_medical_type.pdf\" target=\"_blank\">Certificat m\u00e9dical type<\/a><\/p>\n","protected":false},"excerpt":{"rendered":"<p>D\u00e9marche pour une certification adapt\u00e9e Lettre type de demande de certification adapt\u00e9e Demande pour une validation des Epreuves du Baccalaur\u00e9at Demande pour une validation des Epreuves du BEP-CAP Demande pour une validation des Epreuves Ponctuelles Certificat m\u00e9dical type<\/p>\n","protected":false},"author":69,"featured_media":0,"parent":0,"menu_order":0,"comment_status":"closed","ping_status":"open","template":"","meta":{"footnotes":""},"class_list":["post-1257","page","type-page","status-publish","hentry"],"_links":{"self":[{"href":"https:\/\/site.ac-martinique.fr\/eps\/index.php?rest_route=\/wp\/v2\/pages\/1257","targetHints":{"allow":["GET"]}}],"collection":[{"href":"https:\/\/site.ac-martinique.fr\/eps\/index.php?rest_route=\/wp\/v2\/pages"}],"about":[{"href":"https:\/\/site.ac-martinique.fr\/eps\/index.php?rest_route=\/wp\/v2\/types\/page"}],"author":[{"embeddable":true,"href":"https:\/\/site.ac-martinique.fr\/eps\/index.php?rest_route=\/wp\/v2\/users\/69"}],"replies":[{"embeddable":true,"href":"https:\/\/site.ac-martinique.fr\/eps\/index.php?rest_route=%2Fwp%2Fv2%2Fcomments&post=1257"}],"version-history":[{"count":10,"href":"https:\/\/site.ac-martinique.fr\/eps\/index.php?rest_route=\/wp\/v2\/pages\/1257\/revisions"}],"predecessor-version":[{"id":2605,"href":"https:\/\/site.ac-martinique.fr\/eps\/index.php?rest_route=\/wp\/v2\/pages\/1257\/revisions\/2605"}],"wp:attachment":[{"href":"https:\/\/site.ac-martinique.fr\/eps\/index.php?rest_route=%2Fwp%2Fv2%2Fmedia&parent=1257"}],"curies":[{"name":"wp","href":"https:\/\/api.w.org\/{rel}","templated":true}]}}