{"id":131,"date":"2019-09-17T00:04:01","date_gmt":"2019-09-16T23:04:01","guid":{"rendered":"\/eps\/?page_id=131"},"modified":"2019-09-17T01:24:25","modified_gmt":"2019-09-17T00:24:25","slug":"evaluation","status":"publish","type":"page","link":"https:\/\/site.ac-martinique.fr\/eps\/?page_id=131","title":{"rendered":"Examens"},"content":{"rendered":"<p style=\"text-align: center;\" align=\"center\"><a href=\"\/eps\/wp-content\/uploads\/sites\/13\/2014\/05\/1EPS_Adaptee_log.jpg\"><img loading=\"lazy\" decoding=\"async\" class=\"alignnone size-medium wp-image-1241\" src=\"\/eps\/wp-content\/uploads\/sites\/13\/2014\/05\/1EPS_Adaptee_log-300x82.jpg\" alt=\"1EPS_Adaptee_log\" width=\"300\" height=\"82\" srcset=\"https:\/\/site.ac-martinique.fr\/eps\/wp-content\/uploads\/sites\/13\/2014\/05\/1EPS_Adaptee_log-300x82.jpg 300w, https:\/\/site.ac-martinique.fr\/eps\/wp-content\/uploads\/sites\/13\/2014\/05\/1EPS_Adaptee_log.jpg 400w\" sizes=\"auto, (max-width: 300px) 100vw, 300px\" \/><\/a><\/p>\n<p style=\"text-align: center;\"><strong><span style=\"color: #ff0000;\">CLASSIFICATIONS<\/span><\/strong><\/p>\n<p style=\"text-align: center;\"><a href=\"\/eps\/wp-content\/uploads\/sites\/13\/2014\/05\/Classifications.doc\" target=\"_blank\">Classification des pratiquants en fonction du handicap: <span style=\"color: #ff0000;\">Fauteuil (de F1 \u00e0 F3) et debout (D1 \u00e0 D3)<\/span><\/a><\/p>\n<hr \/>\n<p style=\"text-align: center;\"><strong>BAC <\/strong><span style=\"color: #808080;\">(Epreuves adapt\u00e9es en vigueur dans l&rsquo;acad\u00e9mie)<\/span><\/p>\n<p style=\"text-align: center;\">CP1:\u00a0<a href=\"\/eps\/wp-content\/uploads\/sites\/13\/2014\/05\/3x500m_COURSE_IP_Adapt\u00e9e_BTN.pdf\" target=\"_blank\">3x500m Course (<span style=\"color: #ff0000;\">IP<\/span>)<\/a>\u00a0&#8211; <a href=\"\/eps\/wp-content\/uploads\/sites\/13\/2014\/05\/Lancer_de_vortex_adapt\u00e9.pdf\" target=\"_blank\">Lancer de vortex (<span style=\"color: #ff0000;\">IP<\/span>)<\/a>\u00a0&#8211; <a href=\"\/eps\/wp-content\/uploads\/sites\/13\/2014\/05\/handi_Natation_IP.pdf\">Handi Natation (<span style=\"color: #ff0000;\">IP<\/span>)<\/a><\/p>\n<p style=\"text-align: center;\">CP2: <a href=\"\/eps\/wp-content\/uploads\/sites\/13\/2014\/05\/Tir_arc_adapte_BTN.pdf\" target=\"_blank\">Tir \u00e0 l&rsquo;Arc (<span style=\"color: #ff0000;\">Moteur<\/span>)<\/a> &#8211; <a href=\"\/eps\/wp-content\/uploads\/sites\/13\/2019\/09\/Referentiel-Academique-Baccalaureat-Voile-EPS-Adapte.pdf\" target=\"_blank\">Voile (<span style=\"color: #ff0000;\">Divers<\/span>)<\/a><\/p>\n<p style=\"text-align: center;\">CP3:\u00a0<a href=\"\/eps\/wp-content\/uploads\/sites\/13\/2014\/05\/Danse_chor\u00e9graphie_individuelle_adapte_BTN.pdf\" target=\"_blank\">Danse chor\u00e9graphie individuelle (<span style=\"color: #ff0000;\">IP<\/span>)<\/a>\u00a0 &#8211;\u00a0<a href=\"\/eps\/wp-content\/uploads\/sites\/13\/2014\/05\/Danse_chor\u00e9graphie_degroupe_adapte_BTN.pdf\" target=\"_blank\">Danse chor\u00e9graphie de groupe (<span style=\"color: #ff0000;\">IP<\/span>)<\/a><\/p>\n<p style=\"text-align: center;\">CP4: <a href=\"\/eps\/wp-content\/uploads\/sites\/13\/2014\/05\/Tennis_table_adapt\u00e9_BTN.pdf\" target=\"_blank\">Tennis de table (<span style=\"color: #ff0000;\">IP<\/span>)<\/a> &#8211;\u00a0<a href=\"\/eps\/wp-content\/uploads\/sites\/13\/2014\/05\/Fiche-TDT-Bac-Surpoids-et-IPmi.docx\">Tennis de table (<span style=\"color: #ff0000;\">Surpoids<\/span>)<\/a><\/p>\n<p style=\"text-align: center;\">CP5:\u00a0<a href=\"\/eps\/wp-content\/uploads\/sites\/13\/2014\/05\/Musculation_adapte_BTN.pdf\" target=\"_blank\">Musculation (<span style=\"color: #ff0000;\">IP<\/span>)<\/a><\/p>\n<hr \/>\n<p style=\"text-align: center;\"><strong>OPTION FACULTATIVE\u00a0<\/strong><span style=\"color: #808080;\"> (Epreuves en vigueur dans l&rsquo;acad\u00e9mie)<\/span><\/p>\n<p style=\"text-align: center;\">CP1<\/p>\n<p style=\"text-align: center;\">CP2:\u00a0<a href=\"\/eps\/wp-content\/uploads\/sites\/13\/2014\/05\/Boccia.pdf\" target=\"_blank\">Boccia (<span style=\"color: #ff0000;\">Fauteuil<\/span>)<\/a><\/p>\n<p style=\"text-align: center;\">CP3<\/p>\n<p style=\"text-align: center;\">CP4:\u00a0<a href=\"\/eps\/wp-content\/uploads\/sites\/13\/2014\/05\/Option_basketfauteuil.pdf\" target=\"_blank\">Basket ball (<span style=\"color: #ff0000;\">Fauteuil<\/span>)<\/a><\/p>\n<p style=\"text-align: center;\">CP5<\/p>\n<hr \/>\n<p style=\"text-align: center;\"><strong>BEP-CAP<\/strong> <span style=\"color: #808080;\">(Epreuves en vigueur dans l&rsquo;acad\u00e9mie)<\/span><\/p>\n<p style=\"text-align: center;\">CP1: <a href=\"\/eps\/wp-content\/uploads\/sites\/13\/2014\/05\/Demi_fond_adapte_BEP-CAP.pdf\" target=\"_blank\">Demi fond (<span style=\"color: #ff0000;\">D2 et D3<\/span>)<\/a> &#8211;<\/p>\n<p style=\"text-align: center;\">\u00a0CP2:\u00a0<a href=\"\/eps\/wp-content\/uploads\/sites\/13\/2014\/05\/Sarbacane_adapte_BEP-CAP.pdf\" target=\"_blank\">Sarbacane (<span style=\"color: #ff0000;\">IP et Fauteuil<\/span>)<\/a>\u00a0&#8211;\u00a0<a href=\"\/eps\/wp-content\/uploads\/sites\/13\/2014\/05\/Slalom_fauteuil_BEP-CAP.pdf\" target=\"_blank\">Slalom (<span style=\"color: #ff0000;\">Fauteuil<\/span>)<\/a><\/p>\n<p style=\"text-align: center;\">CP3<\/p>\n<p style=\"text-align: center;\">CP4<\/p>\n<p style=\"text-align: center;\">CP5<\/p>\n<hr \/>\n<p style=\"text-align: center;\"><strong>DNB <\/strong><span style=\"color: #808080;\">(Epreuves en vigueur dans l&rsquo;acad\u00e9mie)<\/span><\/p>\n<p style=\"text-align: center;\"><a href=\"\/eps\/wp-content\/uploads\/sites\/13\/2014\/05\/THIERY_EPS_Adaptee_voie_DNB1.pptx\" target=\"_blank\">Scolarisation en EPS des \u00e9l\u00e8ves en situation de handicap<\/a>\u00a0(THIERY Benoit-oct 2012)<\/p>\n<p style=\"text-align: center;\">CP1:\u00a0<a href=\"\/eps\/wp-content\/uploads\/sites\/13\/2014\/04\/Fiche_DNB_demifond_adapt.pdf\" target=\"_blank\">\u00a0Demi-fond (<span style=\"color: #ff0000;\">Surpoids<\/span>)<\/a><\/p>\n<p style=\"text-align: center;\">CP2:\u00a0<a href=\"\/eps\/wp-content\/uploads\/sites\/13\/2014\/05\/DNB-Kayak-DYSPRAXIE-Ste-LUCE.doc\"> Kayak (<span style=\"color: #ff0000;\">Dyspraxie<\/span>)<\/a><\/p>\n<p style=\"text-align: center;\">CP3:\u00a0<a href=\"\/eps\/wp-content\/uploads\/sites\/13\/2014\/05\/DNB-ADAPTES-Cirque_LAGROSILLIERE.docx\">Cirque<\/a><\/p>\n<p style=\"text-align: center;\">CP4: <a href=\"\/eps\/wp-content\/uploads\/sites\/13\/2014\/05\/DNB-ADAPTES-BAD-LAGROSILLIERE-1.docx\">Badminton<\/a>\u00a0 &#8211;\u00a0<a href=\"\/eps\/wp-content\/uploads\/sites\/13\/2014\/05\/DNB-BAD-DYSPRAXIE-Ste-LUCE.doc\">Badminton (<span style=\"color: #ff0000;\">Dyspraxie<\/span>)<\/a><\/p>\n<hr \/>\n","protected":false},"excerpt":{"rendered":"<p>CLASSIFICATIONS Classification des pratiquants en fonction du handicap: Fauteuil (de F1 \u00e0 F3) et debout (D1 \u00e0 D3) BAC (Epreuves adapt\u00e9es en vigueur dans l&rsquo;acad\u00e9mie) CP1:\u00a03x500m Course (IP)\u00a0&#8211; Lancer de vortex (IP)\u00a0&#8211; Handi Natation (IP) CP2: Tir \u00e0 l&rsquo;Arc (Moteur) &hellip; <a href=\"https:\/\/site.ac-martinique.fr\/eps\/?page_id=131\">Continuer la lecture <span class=\"meta-nav\">&rarr;<\/span><\/a><\/p>\n","protected":false},"author":69,"featured_media":0,"parent":40,"menu_order":0,"comment_status":"closed","ping_status":"open","template":"","meta":{"footnotes":""},"class_list":["post-131","page","type-page","status-publish","hentry"],"_links":{"self":[{"href":"https:\/\/site.ac-martinique.fr\/eps\/index.php?rest_route=\/wp\/v2\/pages\/131","targetHints":{"allow":["GET"]}}],"collection":[{"href":"https:\/\/site.ac-martinique.fr\/eps\/index.php?rest_route=\/wp\/v2\/pages"}],"about":[{"href":"https:\/\/site.ac-martinique.fr\/eps\/index.php?rest_route=\/wp\/v2\/types\/page"}],"author":[{"embeddable":true,"href":"https:\/\/site.ac-martinique.fr\/eps\/index.php?rest_route=\/wp\/v2\/users\/69"}],"replies":[{"embeddable":true,"href":"https:\/\/site.ac-martinique.fr\/eps\/index.php?rest_route=%2Fwp%2Fv2%2Fcomments&post=131"}],"version-history":[{"count":20,"href":"https:\/\/site.ac-martinique.fr\/eps\/index.php?rest_route=\/wp\/v2\/pages\/131\/revisions"}],"predecessor-version":[{"id":3099,"href":"https:\/\/site.ac-martinique.fr\/eps\/index.php?rest_route=\/wp\/v2\/pages\/131\/revisions\/3099"}],"up":[{"embeddable":true,"href":"https:\/\/site.ac-martinique.fr\/eps\/index.php?rest_route=\/wp\/v2\/pages\/40"}],"wp:attachment":[{"href":"https:\/\/site.ac-martinique.fr\/eps\/index.php?rest_route=%2Fwp%2Fv2%2Fmedia&parent=131"}],"curies":[{"name":"wp","href":"https:\/\/api.w.org\/{rel}","templated":true}]}}