{"id":1558,"date":"2014-06-14T13:49:31","date_gmt":"2014-06-14T12:49:31","guid":{"rendered":"\/eps\/?page_id=1558"},"modified":"2014-06-14T19:28:06","modified_gmt":"2014-06-14T18:28:06","slug":"1558-2","status":"publish","type":"page","link":"https:\/\/site.ac-martinique.fr\/eps\/?page_id=1558","title":{"rendered":"Bilan Examens session 2013"},"content":{"rendered":"<p style=\"text-align: center;\"><strong>DNB<\/strong><\/p>\n<p style=\"text-align: center;\"><a href=\"\/eps\/wp-content\/uploads\/sites\/13\/2014\/06\/stats_acad_2013_42_colleges.xls\">Statistiques Acad\u00e9miques Session 2013<\/a><\/p>\n<p style=\"text-align: center;\"><strong>Comparatif de 2008 \u00e0 2013 par \u00e9tablissement<\/strong><\/p>\n<p style=\"text-align: center;\"><a href=\"\/eps\/wp-content\/uploads\/sites\/13\/2014\/06\/COMPARAISON_BAC_2008_2009_et_2010__2011__2012-2013.xls\">Bac G\u00e9n\u00e9ral et Technologique<\/a><\/p>\n<p style=\"text-align: center;\"><strong>Statistiques G\u00e9n\u00e9rales 2013 par type d&rsquo;examen<\/strong><\/p>\n<p style=\"text-align: center;\"><a href=\"\/eps\/wp-content\/uploads\/sites\/13\/2014\/06\/STATISTIQUES_BAC_EGT_2013.docx\">Bac G\u00e9n\u00e9ral et Technologique<\/a><\/p>\n<p style=\"text-align: center;\"><a href=\"\/eps\/wp-content\/uploads\/sites\/13\/2014\/06\/STATS_BAC_PRO_2013.docx\">Bac Professionnel<\/a><\/p>\n<p style=\"text-align: center;\"><a href=\"\/eps\/wp-content\/uploads\/sites\/13\/2014\/06\/STATISTIQUES_BEP_CAP_2013.docx\">BEP-CAP<\/a><\/p>\n<hr \/>\n<hr \/>\n<p style=\"text-align: center;\"><strong>Statistiques par \u00c9tablissement<\/strong><\/p>\n<p style=\"text-align: center;\"><a href=\"\/eps\/wp-content\/uploads\/sites\/13\/2014\/06\/graphiques_BAC_PAR_ETABLISSEMENTS_2013.pdf\">Bac G\u00e9n\u00e9ral et Technologique<\/a><\/p>\n<p style=\"text-align: center;\"><a href=\"\/eps\/wp-content\/uploads\/sites\/13\/2014\/06\/STATISTIQUES_BAC_PRO_ETABLISSEMENTS_2013-PDF.pdf\">Bac Professionnel<\/a><\/p>\n<p style=\"text-align: center;\"><a href=\"\/eps\/wp-content\/uploads\/sites\/13\/2014\/06\/STATISTIQUES_BEP_CAP_PAR_ETABLISSEMENTS_2013.pdf\">BEP-CAP<\/a><\/p>\n<hr \/>\n<hr \/>\n<p style=\"text-align: center;\">\n","protected":false},"excerpt":{"rendered":"<p>DNB Statistiques Acad\u00e9miques Session 2013 Comparatif de 2008 \u00e0 2013 par \u00e9tablissement Bac G\u00e9n\u00e9ral et Technologique Statistiques G\u00e9n\u00e9rales 2013 par type d&rsquo;examen Bac G\u00e9n\u00e9ral et Technologique Bac Professionnel BEP-CAP Statistiques par \u00c9tablissement Bac G\u00e9n\u00e9ral et Technologique Bac Professionnel BEP-CAP<\/p>\n","protected":false},"author":69,"featured_media":0,"parent":0,"menu_order":0,"comment_status":"closed","ping_status":"open","template":"","meta":{"footnotes":""},"class_list":["post-1558","page","type-page","status-publish","hentry"],"_links":{"self":[{"href":"https:\/\/site.ac-martinique.fr\/eps\/index.php?rest_route=\/wp\/v2\/pages\/1558","targetHints":{"allow":["GET"]}}],"collection":[{"href":"https:\/\/site.ac-martinique.fr\/eps\/index.php?rest_route=\/wp\/v2\/pages"}],"about":[{"href":"https:\/\/site.ac-martinique.fr\/eps\/index.php?rest_route=\/wp\/v2\/types\/page"}],"author":[{"embeddable":true,"href":"https:\/\/site.ac-martinique.fr\/eps\/index.php?rest_route=\/wp\/v2\/users\/69"}],"replies":[{"embeddable":true,"href":"https:\/\/site.ac-martinique.fr\/eps\/index.php?rest_route=%2Fwp%2Fv2%2Fcomments&post=1558"}],"version-history":[{"count":18,"href":"https:\/\/site.ac-martinique.fr\/eps\/index.php?rest_route=\/wp\/v2\/pages\/1558\/revisions"}],"predecessor-version":[{"id":1679,"href":"https:\/\/site.ac-martinique.fr\/eps\/index.php?rest_route=\/wp\/v2\/pages\/1558\/revisions\/1679"}],"wp:attachment":[{"href":"https:\/\/site.ac-martinique.fr\/eps\/index.php?rest_route=%2Fwp%2Fv2%2Fmedia&parent=1558"}],"curies":[{"name":"wp","href":"https:\/\/api.w.org\/{rel}","templated":true}]}}