{"id":1573,"date":"2014-06-14T14:08:00","date_gmt":"2014-06-14T13:08:00","guid":{"rendered":"\/eps\/?page_id=1573"},"modified":"2014-06-14T19:06:53","modified_gmt":"2014-06-14T18:06:53","slug":"bilan-examens-session-2012","status":"publish","type":"page","link":"https:\/\/site.ac-martinique.fr\/eps\/?page_id=1573","title":{"rendered":"Bilan Examens session 2012"},"content":{"rendered":"<p style=\"text-align: center;\"><strong>Comparatif de 2008 \u00e0 2012 par \u00e9tablissement<\/strong><\/p>\n<p style=\"text-align: center;\"><a href=\"\/eps\/wp-content\/uploads\/sites\/13\/2014\/06\/COMPARAISON_BAC_2008_2009_et_2010_-2011_-2012.xls\">Bac G\u00e9n\u00e9ral et Technologique<\/a><\/p>\n<p style=\"text-align: center;\"><strong>Statistiques par type\u00a0<\/strong><span style=\"color: #000000;\"><b>d&rsquo;examen<\/b><\/span><\/p>\n<p style=\"text-align: center;\"><a href=\"\/eps\/wp-content\/uploads\/sites\/13\/2014\/06\/STATISTIQUES-BAC-EGT-2012.docx\">Bac G\u00e9n\u00e9ral et Technologique<\/a><\/p>\n<p style=\"text-align: center;\"><a href=\"\/eps\/wp-content\/uploads\/sites\/13\/2014\/06\/STATISTIQUES_BACPRO_2012.docx\">Bac Professionnel<\/a><\/p>\n<p style=\"text-align: center;\"><a href=\"\/eps\/wp-content\/uploads\/sites\/13\/2014\/06\/STATISTIQUES-BEP-CAP-2012.docx\">BEP -CAP<\/a><\/p>\n<p style=\"text-align: center;\"><strong>Moyennes par \u00e9tablissement<\/strong><\/p>\n<p style=\"text-align: center;\"><a href=\"\/eps\/wp-content\/uploads\/sites\/13\/2014\/06\/MOYENNES_ETAB_BAC_EGT_2012.docx\">Bac G\u00e9n\u00e9ral et Technologique<\/a><\/p>\n<p style=\"text-align: center;\"><a href=\"\/eps\/wp-content\/uploads\/sites\/13\/2014\/06\/MOYENNES_ETAB_BAC_PRO_2012.docx\">Bac Professionnel<\/a><\/p>\n<p style=\"text-align: center;\"><a href=\"\/eps\/wp-content\/uploads\/sites\/13\/2014\/06\/MOYENNES_ETAB_CAP_BEP_2012.docx\">BEP-CAP<\/a><\/p>\n<hr \/>\n<hr \/>\n<p style=\"text-align: center;\"><strong>\u00a0Epreuves Ponctuelles\u00a0<\/strong><\/p>\n<p style=\"text-align: center;\"><a href=\"\/eps\/wp-content\/uploads\/sites\/13\/2014\/06\/NOTES_EPS_PONCTUEL2012.pdf\"> Obligatoires et Facultatives<\/a><\/p>\n<p style=\"text-align: center;\"><a href=\"\/eps\/wp-content\/uploads\/sites\/13\/2014\/06\/COMPARATIF_OPTIONS_10_-11_12.xlsx\">Comparaison Epreuves Ponctuelles Facultatives 2010\/2011\/2012<\/a><\/p>\n<hr \/>\n<hr \/>\n<p style=\"text-align: center;\"><strong>Etranger<\/strong><\/p>\n<p style=\"text-align: center;\"><a href=\"\/eps\/wp-content\/uploads\/sites\/13\/2014\/06\/RESULTATS_ZONE_GRDECARAIBES_2012.xlsx\">Lyc\u00e9es Zone Grande Caraibe<\/a><\/p>\n","protected":false},"excerpt":{"rendered":"<p>Comparatif de 2008 \u00e0 2012 par \u00e9tablissement Bac G\u00e9n\u00e9ral et Technologique Statistiques par type\u00a0d&rsquo;examen Bac G\u00e9n\u00e9ral et Technologique Bac Professionnel BEP -CAP Moyennes par \u00e9tablissement Bac G\u00e9n\u00e9ral et Technologique Bac Professionnel BEP-CAP \u00a0Epreuves Ponctuelles\u00a0 Obligatoires et Facultatives Comparaison Epreuves Ponctuelles &hellip; <a href=\"https:\/\/site.ac-martinique.fr\/eps\/?page_id=1573\">Continuer la lecture <span class=\"meta-nav\">&rarr;<\/span><\/a><\/p>\n","protected":false},"author":69,"featured_media":0,"parent":0,"menu_order":0,"comment_status":"closed","ping_status":"open","template":"","meta":{"footnotes":""},"class_list":["post-1573","page","type-page","status-publish","hentry"],"_links":{"self":[{"href":"https:\/\/site.ac-martinique.fr\/eps\/index.php?rest_route=\/wp\/v2\/pages\/1573","targetHints":{"allow":["GET"]}}],"collection":[{"href":"https:\/\/site.ac-martinique.fr\/eps\/index.php?rest_route=\/wp\/v2\/pages"}],"about":[{"href":"https:\/\/site.ac-martinique.fr\/eps\/index.php?rest_route=\/wp\/v2\/types\/page"}],"author":[{"embeddable":true,"href":"https:\/\/site.ac-martinique.fr\/eps\/index.php?rest_route=\/wp\/v2\/users\/69"}],"replies":[{"embeddable":true,"href":"https:\/\/site.ac-martinique.fr\/eps\/index.php?rest_route=%2Fwp%2Fv2%2Fcomments&post=1573"}],"version-history":[{"count":11,"href":"https:\/\/site.ac-martinique.fr\/eps\/index.php?rest_route=\/wp\/v2\/pages\/1573\/revisions"}],"predecessor-version":[{"id":1665,"href":"https:\/\/site.ac-martinique.fr\/eps\/index.php?rest_route=\/wp\/v2\/pages\/1573\/revisions\/1665"}],"wp:attachment":[{"href":"https:\/\/site.ac-martinique.fr\/eps\/index.php?rest_route=%2Fwp%2Fv2%2Fmedia&parent=1573"}],"curies":[{"name":"wp","href":"https:\/\/api.w.org\/{rel}","templated":true}]}}