{"id":1619,"date":"2014-06-14T15:21:08","date_gmt":"2014-06-14T14:21:08","guid":{"rendered":"\/eps\/?page_id=1619"},"modified":"2014-06-14T19:08:25","modified_gmt":"2014-06-14T18:08:25","slug":"bilan-examen-session-2011","status":"publish","type":"page","link":"https:\/\/site.ac-martinique.fr\/eps\/?page_id=1619","title":{"rendered":"Bilan Examen session 2011"},"content":{"rendered":"<p style=\"text-align: center;\"><strong>Comparatif de 2008 \u00e0 2011<\/strong><\/p>\n<p style=\"text-align: center;\"><a href=\"\/eps\/wp-content\/uploads\/sites\/13\/2014\/06\/COMPARAISON_2008_2011_BAC_BACPRO.xls\">Bac G\u00e9n\u00e9ral et Technologique &#8211; Bac Professionnel<\/a><\/p>\n<p style=\"text-align: center;\"><a href=\"\/eps\/wp-content\/uploads\/sites\/13\/2014\/06\/COMPARAISON_2008_2011_-BEP_CAP.xls\">BEP-CAP<\/a><\/p>\n<p style=\"text-align: center;\"><strong>Statistiques\u00a0par type d&rsquo;\u00e9xamen<\/strong><\/p>\n<p style=\"text-align: center;\"><a href=\"\/eps\/wp-content\/uploads\/sites\/13\/2014\/06\/STATISTIQUES_BAC_EGT_2011.docx\">Bac G\u00e9n\u00e9ral et Technologique<\/a><\/p>\n<p style=\"text-align: center;\"><a href=\"\/eps\/wp-content\/uploads\/sites\/13\/2014\/06\/STATISTIQUES_BACPRO_2011.docx\">Bac Professionnel<\/a><\/p>\n<p style=\"text-align: center;\"><a href=\"\/eps\/wp-content\/uploads\/sites\/13\/2014\/06\/STATISTIQUES_BEP_CAP_2011.docx\">BEP -CAP<\/a><\/p>\n<p style=\"text-align: center;\"><strong>Statistiques par \u00e9tablissement<\/strong><\/p>\n<p style=\"text-align: center;\"><a href=\"\/eps\/wp-content\/uploads\/sites\/13\/2014\/06\/STATISTIQUES_etablissements_BAC_-2011.pdf\">Bac G\u00e9n\u00e9ral et Technologique<\/a><\/p>\n<p style=\"text-align: center;\"><a href=\"\/eps\/wp-content\/uploads\/sites\/13\/2014\/06\/STATISTIQUES_BACPRO_2011.docx\">Bac Professionnel<\/a><\/p>\n<p style=\"text-align: center;\"><a href=\"\/eps\/wp-content\/uploads\/sites\/13\/2014\/06\/STATISTIQUES_BEP_CAP_2011.docx\">BEP -CAP<\/a><\/p>\n<hr \/>\n<hr \/>\n<p style=\"text-align: center;\"><strong>Moyennes et rangs \u00e9tablissements<\/strong><\/p>\n<p style=\"text-align: center;\"><a href=\"\/eps\/wp-content\/uploads\/sites\/13\/2014\/06\/moyennes_et_rang_etablissements_BAC_EGT2011.doc\">Bac G\u00e9n\u00e9ral et Technologique<\/a><\/p>\n<p style=\"text-align: center;\"><a href=\"\/eps\/wp-content\/uploads\/sites\/13\/2014\/06\/moyennes_et_rang_etablissements_BACPRO2011.doc\">Bac Professionnel<\/a><\/p>\n<p style=\"text-align: center;\"><a href=\"\/eps\/wp-content\/uploads\/sites\/13\/2014\/06\/moyennes_et_rang_etablissements_BEP_CAP2011.doc\">BEP-CAP<\/a><\/p>\n<hr \/>\n<hr \/>\n<p style=\"text-align: center;\"><strong>Statistiques Epreuves Ponctuelles\u00a0<\/strong><\/p>\n<p style=\"text-align: center;\"><a href=\"\/eps\/wp-content\/uploads\/sites\/13\/2014\/06\/EPREUVES_PONCTUELLES_STAT_EPS_FAC_JUIN2011.xls\"> Facultatives<\/a><\/p>\n<p style=\"text-align: center;\"><a href=\"\/eps\/wp-content\/uploads\/sites\/13\/2014\/06\/EPREUVES_PONCT_OBLIG_STAT_BAC-_BCP_CAP_BEP_JUIN2011.xls\">Obligatoires<\/a><\/p>\n<hr \/>\n<hr \/>\n<p style=\"text-align: center;\"><strong>Etranger<\/strong><\/p>\n<p style=\"text-align: center;\"><a href=\"\/eps\/wp-content\/uploads\/sites\/13\/2014\/06\/BILAN_LYCEES_ETRANGERS2011.xlsx\">Lyc\u00e9es Zone Grande Cara\u00efbe<\/a><\/p>\n","protected":false},"excerpt":{"rendered":"<p>Comparatif de 2008 \u00e0 2011 Bac G\u00e9n\u00e9ral et Technologique &#8211; Bac Professionnel BEP-CAP Statistiques\u00a0par type d&rsquo;\u00e9xamen Bac G\u00e9n\u00e9ral et Technologique Bac Professionnel BEP -CAP Statistiques par \u00e9tablissement Bac G\u00e9n\u00e9ral et Technologique Bac Professionnel BEP -CAP Moyennes et rangs \u00e9tablissements Bac &hellip; <a href=\"https:\/\/site.ac-martinique.fr\/eps\/?page_id=1619\">Continuer la lecture <span class=\"meta-nav\">&rarr;<\/span><\/a><\/p>\n","protected":false},"author":69,"featured_media":0,"parent":0,"menu_order":0,"comment_status":"closed","ping_status":"open","template":"","meta":{"footnotes":""},"class_list":["post-1619","page","type-page","status-publish","hentry"],"_links":{"self":[{"href":"https:\/\/site.ac-martinique.fr\/eps\/index.php?rest_route=\/wp\/v2\/pages\/1619","targetHints":{"allow":["GET"]}}],"collection":[{"href":"https:\/\/site.ac-martinique.fr\/eps\/index.php?rest_route=\/wp\/v2\/pages"}],"about":[{"href":"https:\/\/site.ac-martinique.fr\/eps\/index.php?rest_route=\/wp\/v2\/types\/page"}],"author":[{"embeddable":true,"href":"https:\/\/site.ac-martinique.fr\/eps\/index.php?rest_route=\/wp\/v2\/users\/69"}],"replies":[{"embeddable":true,"href":"https:\/\/site.ac-martinique.fr\/eps\/index.php?rest_route=%2Fwp%2Fv2%2Fcomments&post=1619"}],"version-history":[{"count":7,"href":"https:\/\/site.ac-martinique.fr\/eps\/index.php?rest_route=\/wp\/v2\/pages\/1619\/revisions"}],"predecessor-version":[{"id":1666,"href":"https:\/\/site.ac-martinique.fr\/eps\/index.php?rest_route=\/wp\/v2\/pages\/1619\/revisions\/1666"}],"wp:attachment":[{"href":"https:\/\/site.ac-martinique.fr\/eps\/index.php?rest_route=%2Fwp%2Fv2%2Fmedia&parent=1619"}],"curies":[{"name":"wp","href":"https:\/\/api.w.org\/{rel}","templated":true}]}}