{"id":1713,"date":"2019-05-23T00:44:09","date_gmt":"2019-05-22T23:44:09","guid":{"rendered":"\/eps\/?page_id=1713"},"modified":"2020-09-06T00:14:12","modified_gmt":"2020-09-05T23:14:12","slug":"referentiel-epreuves-bac","status":"publish","type":"page","link":"https:\/\/site.ac-martinique.fr\/eps\/?page_id=1713","title":{"rendered":"R\u00e9f\u00e9rentiel \u00c9preuves BAC"},"content":{"rendered":"<p style=\"text-align: center;\"><span style=\"color: #000000;\"><strong>Ref: <\/strong><a href=\"\/eps\/wp-content\/uploads\/sites\/13\/2014\/06\/CIRCULAIRE_EPS_BAC2013.doc\">Arr\u00eat\u00e9 du 21 d\u00e9cembre 2011<\/a>\u00a0et <a href=\"\/eps\/wp-content\/uploads\/sites\/13\/2014\/06\/BAC2013_BO_Special_5_du19juillet2012.pdf\">Annexes <\/a>(Toutes les Fiches PDF)<\/span><\/p>\n<p style=\"text-align: center;\"><strong>Cf:<\/strong> Circulaire Examens Session 2018<\/p>\n<hr \/>\n<p style=\"text-align: center;\"><em><strong><span style=\"color: #ff0000;\">\u00a0<span style=\"color: #000000;\">R\u00e9f\u00e9rentiels modifi\u00e9s \u00e0 partir de la Session 2018 jusqu&rsquo;\u00e0 2020 (ancien BAC):\u00a0<\/span><\/span><\/strong><span style=\"color: #ff0000;\"><strong><span style=\"color: #ff0000;\">nouveau<\/span><\/strong><\/span><\/em><\/p>\n<hr \/>\n<p style=\"text-align: center;\"><strong><span style=\"color: #800080;\">CP1<\/span><\/strong><span style=\"color: #800080;\">:\u00a0R\u00e9aliser une performance motrice maximale \u00e0 une \u00e9ch\u00e9ance donn\u00e9e.<\/span><\/p>\n<h4 style=\"text-align: center;\"><a href=\"\/eps\/wp-content\/uploads\/sites\/13\/2017\/09\/CP1-\u2013-Course-de-demi-fond-niv4_2018.pdf\">DEMI FOND (N4)<\/a> <span style=\"color: #ff0000;\"><em><strong><span style=\"color: #ff0000;\">nouveau<\/span><\/strong><\/em> <span style=\"color: #000000;\">&#8211;<\/span><\/span> <a href=\"\/eps\/wp-content\/uploads\/sites\/13\/2017\/09\/CP1-\u2013-Course-de-demi-fond-niv5_2018.pdf\">DEMI FOND (N5)<\/a>\u00a0<strong><em><span style=\"color: #ff0000;\">nouveau<\/span><\/em><\/strong><\/h4>\n<h4 style=\"text-align: center;\"><a href=\"\/eps\/wp-content\/uploads\/sites\/13\/2014\/06\/CP1-HAIES-niv4-2017.pdf\" target=\"_blank\">HAIES (N4)<\/a> &#8211; <a href=\"\/eps\/wp-content\/uploads\/sites\/13\/2014\/06\/CP1-HAIES-niv5-2017.pdf\" target=\"_blank\">HAIES (N5)<\/a><\/h4>\n<h4 style=\"text-align: center;\"><a href=\"\/eps\/wp-content\/uploads\/sites\/13\/2014\/06\/CP1-RELAIS-niv4-2017.pdf\" target=\"_blank\">RELAIS VITESSE (N4)<\/a> &#8211; <a href=\"\/eps\/wp-content\/uploads\/sites\/13\/2014\/06\/CP1-RELAIS-niv5-2017.pdf\" target=\"_blank\">RELAIS VITESSE (N5)<\/a><\/h4>\n<h4 style=\"text-align: center;\"><a href=\"\/eps\/wp-content\/uploads\/sites\/13\/2017\/09\/CP1-\u2013-Disque_2018-Niv4.pdf\">DISQUE (N4)<\/a>\u00a0<span style=\"color: #ff0000;\">\u00a0<strong><em><span style=\"color: #ff0000;\">nouveau<\/span><\/em><\/strong>\u00a0<span style=\"color: #000000;\">&#8211;<\/span><\/span>\u00a0<a href=\"\/eps\/wp-content\/uploads\/sites\/13\/2017\/09\/CP1-\u2013-Disque_2018-Niv5.pdf\">DISQUE (N5)<\/a> <strong><em><span style=\"color: #ff0000;\">nouveau<\/span><\/em><\/strong><\/h4>\n<h4 style=\"text-align: center;\"><span style=\"color: #ff0000;\"><span style=\"color: #ff0000;\"><a href=\"\/eps\/wp-content\/uploads\/sites\/13\/2017\/09\/CP1-\u2013-Javelot_2018-Niv4.pdf\">JAVEL<\/a><\/span><span style=\"color: #ff0000;\"><a href=\"\/eps\/wp-content\/uploads\/sites\/13\/2017\/09\/CP1-\u2013-Javelot_2018-Niv4.pdf\">OT<\/a><\/span><span style=\"color: #ff0000;\"><a href=\"\/eps\/wp-content\/uploads\/sites\/13\/2017\/09\/CP1-\u2013-Javelot_2018-Niv4.pdf\"> (N4)<\/a><\/span><em><strong><span style=\"color: #ff0000;\">\u00a0nouveau<\/span><\/strong><\/em>\u00a0<span style=\"color: #000000;\">&#8211;<\/span><span style=\"color: #000000;\"> <a href=\"\/eps\/wp-content\/uploads\/sites\/13\/2017\/09\/CP1-\u2013-Javelot_2018-Niv5.pdf\">JAVELOT (N5<\/a><\/span><span style=\"color: #000000;\"><a href=\"\/eps\/wp-content\/uploads\/sites\/13\/2017\/09\/CP1-\u2013-Javelot_2018-Niv5.pdf\">)<\/a><\/span><\/span>\u00a0<em><strong><span style=\"color: #ff0000;\">nouveau<\/span><\/strong><\/em><\/h4>\n<h4 style=\"text-align: center;\"><a href=\"\/eps\/wp-content\/uploads\/sites\/13\/2017\/09\/CP1-\u2013-Hauteur_2018-Niv4.pdf\">HAUTEUR (N4)<\/a> <span style=\"color: #ff0000;\"><strong><em><span style=\"color: #ff0000;\">nouveau<\/span><\/em><\/strong> <span style=\"color: #000000;\">&#8211;<\/span><\/span> <a href=\"\/eps\/wp-content\/uploads\/sites\/13\/2017\/09\/CP1-\u2013-Hauteur_2018-Niv5.pdf\">HAUTEUR (N5)<\/a>\u00a0<strong><em><span style=\"color: #ff0000;\">nouveau<\/span><\/em><\/strong><\/h4>\n<h4 style=\"text-align: center;\"><a href=\"\/eps\/wp-content\/uploads\/sites\/13\/2014\/06\/CP1-PENTABOND-niv4-2017.pdf\" target=\"_blank\">PENTABOND (N4)<\/a> &#8211; <a href=\"\/eps\/wp-content\/uploads\/sites\/13\/2014\/06\/CP1-PENTABOND-niv5-2017.pdf\" target=\"_blank\">PENTABOND (N5)<\/a><\/h4>\n<h4 style=\"text-align: center;\"><a href=\"\/eps\/wp-content\/uploads\/sites\/13\/2014\/06\/CP1-NATATION-VITESSE-niv4-2017.pdf\" target=\"_blank\">NATATION de VITESSE (N4)<\/a> &#8211; <a href=\"\/eps\/wp-content\/uploads\/sites\/13\/2014\/06\/CP1-NATATION-VITESSE-niv5-2017.pdf\" target=\"_blank\">NATATION de VITESSE (N5)<\/a><\/h4>\n<h4 style=\"text-align: center;\"><a href=\"\/eps\/wp-content\/uploads\/sites\/13\/2014\/06\/CP1-NATATION-DISTANCE-niv4-2017.pdf\" target=\"_blank\">NATATION de DISTANCE (N4)<\/a> &#8211; <a href=\"\/eps\/wp-content\/uploads\/sites\/13\/2017\/09\/CP1-\u2013-Natation-Distance_Niv5_2018.pdf\">NATATION de DISTANCE (N5)<\/a>\u00a0<em><strong><span style=\"color: #ff0000;\">nouveau<\/span><\/strong><\/em><\/h4>\n<hr \/>\n<p style=\"text-align: center;\"><span style=\"color: #800080;\"><strong><span style=\"color: #800080;\">CP2<\/span>:<\/strong> Se d\u00e9placer en s&rsquo;adaptant \u00e0 des environnements vari\u00e9s et incertains<\/span>.<\/p>\n<h4 style=\"text-align: center;\">\u00a0 \u00a0 \u00a0 \u00a0 <a href=\"\/eps\/wp-content\/uploads\/sites\/13\/2017\/09\/CP2-\u2013-Escalade_Niv4_2018.pdf\">ESCALADE (N4)<\/a>\u00a0<span style=\"color: #ff0000;\"><em><strong><span style=\"color: #ff0000;\">nouveau<\/span><\/strong><\/em> <span style=\"color: #000000;\">&#8211; <a href=\"\/eps\/wp-content\/uploads\/sites\/13\/2014\/06\/CP2-ESCALADE-niv5-2017.pdf\" target=\"_blank\">ESCALADE (N5)<\/a><\/span><\/span><\/h4>\n<h4 style=\"text-align: center;\"><a href=\"\/eps\/wp-content\/uploads\/sites\/13\/2014\/06\/CP2-COURSE-ORIENTATION-niv4-2017.pdf\" target=\"_blank\">COURSE D&rsquo;ORIENTATION (N4)<\/a> &#8211; <a href=\"\/eps\/wp-content\/uploads\/sites\/13\/2014\/06\/CP2-COURSE-ORIENTATION-niv5-2017.pdf\" target=\"_blank\">COURSE D&rsquo;ORIENTATION (N5)<\/a><\/h4>\n<h4 style=\"text-align: center;\"><a href=\"\/eps\/wp-content\/uploads\/sites\/13\/2014\/06\/CP2-SAUVETAGE-niv4-2017.pdf\" target=\"_blank\">SAUVETAGE (N4)<\/a> &#8211; <a href=\"\/eps\/wp-content\/uploads\/sites\/13\/2014\/06\/CP2-SAUVETAGE-niv5-2017.pdf\">\u00a0SAUVETAGE (N5)<\/a><\/h4>\n<h4 style=\"text-align: center;\"><a href=\"\/eps\/wp-content\/uploads\/sites\/13\/2014\/06\/VOILE.pdf\" target=\"_blank\">VOILE<\/a>\u00a0 (liste acad\u00e9mique)<\/h4>\n<h4 style=\"text-align: center;\"><a href=\"\/eps\/wp-content\/uploads\/sites\/13\/2014\/06\/KAYAK_2014.pdf\" target=\"_blank\">KAYAK<\/a>\u00a0(liste acad\u00e9mique)<\/h4>\n<hr \/>\n<p style=\"text-align: center;\"><strong><span style=\"color: #800080;\">CP3<\/span><\/strong><span style=\"color: #800080;\">:\u00a0R\u00e9aliser une prestation physique \u00e0 vis\u00e9e artistique ou acrobatique.<\/span><\/p>\n<h4 style=\"text-align: center;\"><a href=\"\/eps\/wp-content\/uploads\/sites\/13\/2014\/06\/CP3-ACROSPORT-niv4-2017.pdf\" target=\"_blank\">ACROSPORT (N4) <\/a>\u00a0&#8211; <a href=\"\/eps\/wp-content\/uploads\/sites\/13\/2014\/06\/CP3-ACROSPORT-niv5-2017.pdf\" target=\"_blank\">ACROSPORT (N5) <\/a><\/h4>\n<h4 style=\"text-align: center;\"><a href=\"\/eps\/wp-content\/uploads\/sites\/13\/2014\/06\/CP3-AEROBIC-niv4-2017.pdf\" target=\"_blank\">A\u00c9ROBIC (N4)<\/a> &#8211; <a href=\"\/eps\/wp-content\/uploads\/sites\/13\/2014\/06\/CP3-AEROBIC-niv5-2017.pdf\" target=\"_blank\">A\u00c9ROBIC (N5)<\/a><\/h4>\n<h4 style=\"text-align: center;\"><a href=\"\/eps\/wp-content\/uploads\/sites\/13\/2014\/06\/CP3-CIRQUE-niv4-2017.pdf\" target=\"_blank\">ARTS du CIRQUE (N4)<\/a> &#8211; <a href=\"\/eps\/wp-content\/uploads\/sites\/13\/2014\/06\/CP3-CIRQUE-niv5-2017.pdf\" target=\"_blank\">ARTS du CIRQUE (N5)<\/a><\/h4>\n<h4 style=\"text-align: center;\"><a href=\"\/eps\/wp-content\/uploads\/sites\/13\/2014\/06\/CP3-DANSE-niv4-2017.pdf\" target=\"_blank\">DANSE (N4)<\/a> &#8211; <a href=\"\/eps\/wp-content\/uploads\/sites\/13\/2014\/06\/CP3-DANSE-niv5-2017.pdf\" target=\"_blank\">DANSE (N5)<\/a><\/h4>\n<h4 style=\"text-align: center;\"><a href=\"\/eps\/wp-content\/uploads\/sites\/13\/2014\/06\/CP3-GYMN-AGRES-niv4-2017.pdf\" target=\"_blank\">GYMNASTIQUE AGR\u00c8S (N4)<\/a> &#8211; <a href=\"\/eps\/wp-content\/uploads\/sites\/13\/2014\/06\/CP3-GYMN-AGRES-niv5-2017.pdf\">GYMNASTIQUE AGR\u00c8S (N5)<\/a><\/h4>\n<hr \/>\n<p style=\"text-align: center;\">\u00a0<strong><span style=\"color: #800080;\">CP4<\/span><\/strong>:<span style=\"color: #800080;\">\u00a0Conduire et ma\u00eetriser un affrontement collectif ou individuel<\/span><\/p>\n<h4 style=\"text-align: center;\"><a href=\"\/eps\/wp-content\/uploads\/sites\/13\/2014\/06\/CP4-BASKET-BALL-niv4-2017.pdf\" target=\"_blank\">BASKET (N4)<\/a> &#8211; <a href=\"\/eps\/wp-content\/uploads\/sites\/13\/2014\/06\/CP4-BASKET-BALL-niv5-2017.pdf\" target=\"_blank\">BASKET (N5)<\/a><\/h4>\n<h4 style=\"text-align: center;\"><a href=\"\/eps\/wp-content\/uploads\/sites\/13\/2014\/06\/CP4-FOOTBALL-niv4-2017.pdf\" target=\"_blank\">FOOTBALL (N4)<\/a> &#8211; <a href=\"\/eps\/wp-content\/uploads\/sites\/13\/2014\/06\/CP4-FOOTBALL-niv5-2017.pdf\" target=\"_blank\">FOOTBALL (N5)<\/a><\/h4>\n<h4 style=\"text-align: center;\"><a href=\"\/eps\/wp-content\/uploads\/sites\/13\/2014\/06\/CP4-HANDBALL-niv4-2017.pdf\" target=\"_blank\">HANDBALL (N4)<\/a> &#8211; <a href=\"\/eps\/wp-content\/uploads\/sites\/13\/2014\/06\/CP4-HANDBALL-niv5-2017.pdf\" target=\"_blank\">HANDBALL (N5)<\/a><\/h4>\n<h4 style=\"text-align: center;\"><a href=\"\/eps\/wp-content\/uploads\/sites\/13\/2014\/06\/CP4-RUGBY-niv4-2017.pdf\" target=\"_blank\">RUGBY (N4)<\/a> &#8211; <a href=\"\/eps\/wp-content\/uploads\/sites\/13\/2014\/06\/CP4-RUGBY-niv5-2017.pdf\" target=\"_blank\">RUGBY (N5)<\/a><\/h4>\n<h4 style=\"text-align: center;\"><a href=\"\/eps\/wp-content\/uploads\/sites\/13\/2014\/06\/CP4-VOLLEY-BALL-niv4-2017.pdf\" target=\"_blank\">VOLLEY BALL (N4)<\/a> &#8211; <a href=\"\/eps\/wp-content\/uploads\/sites\/13\/2014\/06\/CP4-VOLLEY-BALL-niv5-2017.pdf\" target=\"_blank\">VOLLEY BALL (N5)<\/a><\/h4>\n<h4 style=\"text-align: center;\"><a href=\"\/eps\/wp-content\/uploads\/sites\/13\/2017\/09\/CP4-\u2013-Badminton_Niv4_2018.pdf\" target=\"_blank\">BADMINTON (N4)<\/a> \u00a0<span style=\"color: #ff0000;\"><strong><em><span style=\"color: #ff0000;\">nouveau<\/span><\/em><\/strong>\u00a0<\/span>&#8211; <a href=\"\/eps\/wp-content\/uploads\/sites\/13\/2014\/06\/CP4-BADMINTON-niv5-2017.pdf\" target=\"_blank\">BADMINTON (N5)<\/a><\/h4>\n<h4 style=\"text-align: center;\"><span style=\"color: #ff0000;\"><span style=\"color: #ff0000;\"> <a href=\"\/eps\/wp-content\/uploads\/sites\/13\/2017\/09\/CP4-\u2013-Tennis-de-Table_Niv4_2018.pdf\">TENNIS de TABLE- (N4)<\/a><\/span><em><strong><span style=\"color: #ff0000;\">\u00a0n<em><span style=\"color: #ff0000;\">ouv<\/span><\/em>eau<\/span>\u00a0<\/strong><\/em><\/span>&#8211; <a href=\"\/eps\/wp-content\/uploads\/sites\/13\/2014\/06\/CP4-TENNIS-TABLE-niv5-2017.pdf\" target=\"_blank\">TENNIS de TABLE (N5)<\/a><\/h4>\n<h4 style=\"text-align: center;\"><a href=\"\/eps\/wp-content\/uploads\/sites\/13\/2014\/06\/CP4-BOXE-FR-niv4-2017.pdf\" target=\"_blank\">SAVATE-BOXE FRAN\u00c7AISE (N4)<\/a> &#8211; <a href=\"\/eps\/wp-content\/uploads\/sites\/13\/2014\/06\/CP4-BOXE-FR-niv5-2017.pdf\" target=\"_blank\">SAVATE-BOXE FRAN\u00c7AISE (N5)<\/a><\/h4>\n<h4 style=\"text-align: center;\"><a href=\"\/eps\/wp-content\/uploads\/sites\/13\/2014\/06\/CP4-JUDO-niv4-2017.pdf\" target=\"_blank\">JUDO (N4)<\/a> \u00a0&#8211; <a href=\"\/eps\/wp-content\/uploads\/sites\/13\/2014\/06\/CP4-JUDO-niv5-2017.pdf\" target=\"_blank\">JUDO (N5)<\/a><\/h4>\n<hr \/>\n<p style=\"text-align: center;\">\u00a0<strong><span style=\"color: #800080;\">CP5<\/span><\/strong><span style=\"color: #800080;\">:\u00a0R\u00e9aliser et orienter son activit\u00e9 en vue du d\u00e9veloppement et de l&rsquo;entretien de soi.<\/span><\/p>\n<h4 style=\"text-align: center;\"><span style=\"color: #ff0000;\"><a href=\"\/eps\/wp-content\/uploads\/sites\/13\/2019\/05\/R%C3%A9f%C3%A9rentiel-acad%C3%A9mique-certificatif-CROSSTRAINING-Niveau-3-et-4-1.pdf\">CROSS-TRAINING (N3 et N4)<\/a><strong><em> nouveau<\/em><\/strong> <\/span>(liste acad\u00e9mique)<\/h4>\n<h4 style=\"text-align: center;\"><span style=\"color: #ff0000;\"><span style=\"color: #ff0000;\"><a href=\"\/eps\/wp-content\/uploads\/sites\/13\/2017\/09\/CP5-\u2013-Course-duree_2018-Niv4.pdf\">COURSE en DUR\u00c9E (N4)<\/a><\/span><strong><em><span style=\"color: #ff0000;\"> nouveau<\/span><\/em><\/strong>\u00a0<\/span> &#8211; <a href=\"\/eps\/wp-content\/uploads\/sites\/13\/2017\/09\/CP5-\u2013-Course-duree_2018-Niv5.pdf\">COURSE en DUR\u00c9E (N5)<\/a><span style=\"color: #ff0000;\">\u00a0<em><strong><span style=\"color: #ff0000;\">nouveau<\/span><\/strong><\/em><\/span><\/h4>\n<h4 style=\"text-align: center;\"><a href=\"\/eps\/wp-content\/uploads\/sites\/13\/2017\/09\/CP5-\u2013-Musculation_2018-Niv4.pdf\">MUSCULATION (N4)<\/a> <strong><em><span style=\"color: #ff0000;\">nouveau\u00a0<\/span><\/em><\/strong>&#8211; <a href=\"\/eps\/wp-content\/uploads\/sites\/13\/2017\/09\/CP5-\u2013-Musculation_2018-Niv5.pdf\">MUSCULATION (N5)<\/a>\u00a0<em><strong><span style=\"color: #ff0000;\">nouveau\u00a0<\/span><\/strong><\/em><\/h4>\n<h4 style=\"text-align: center;\"><span style=\"color: #ff0000;\"><a href=\"\/eps\/wp-content\/uploads\/sites\/13\/2017\/09\/CP5-\u2013-Natation-en-Duree_2018-niv4.pdf\">NATATION en DUREE (N4)<\/a><\/span><strong><em><span style=\"color: #ff0000;\"> nouveau<\/span><\/em><\/strong> \u00a0&#8211; <a href=\"\/eps\/wp-content\/uploads\/sites\/13\/2017\/09\/CP5-\u2013-Natation-en-Duree_2018-niv5.pdf\">NATATION en DUREE (N5)<\/a>\u00a0<strong><em><span style=\"color: #ff0000;\">nouveau<\/span><\/em><\/strong><\/h4>\n<h4 style=\"text-align: center;\"><a href=\"\/eps\/wp-content\/uploads\/sites\/13\/2017\/09\/CP5-\u2013-Step_2018-Niv4.pdf\">STEP (N4)<\/a> \u00a0<em><strong><span style=\"color: #ff0000;\">nouveau<\/span><\/strong><\/em> &#8211; <a href=\"\/eps\/wp-content\/uploads\/sites\/13\/2017\/09\/CP5-\u2013-Step_2018-Niv5.pdf\">STEP (N5)<\/a>\u00a0<em><strong><span style=\"color: #ff0000;\">nouveau<\/span><\/strong><\/em><\/h4>\n<h4 style=\"text-align: center;\"><a href=\"\/eps\/wp-content\/uploads\/sites\/13\/2014\/06\/FITNESS_bac_2014.pdf\" target=\"_blank\">FITNESS<\/a>\u00a0&#8211; <a href=\"\/eps\/wp-content\/uploads\/sites\/13\/2014\/06\/RENFORCEMENT_MUSCU_r\u00e9f\u00e9rentiel_2014.pdf\" target=\"_blank\">Renforcement Musculaire<\/a>\u00a0(liste acad\u00e9mique)<\/h4>\n<hr \/>\n<p>&nbsp;<\/p>\n<p>&nbsp;<\/p>\n","protected":false},"excerpt":{"rendered":"<p>Ref: Arr\u00eat\u00e9 du 21 d\u00e9cembre 2011\u00a0et Annexes (Toutes les Fiches PDF) Cf: Circulaire Examens Session 2018 \u00a0R\u00e9f\u00e9rentiels modifi\u00e9s \u00e0 partir de la Session 2018 jusqu&rsquo;\u00e0 2020 (ancien BAC):\u00a0nouveau CP1:\u00a0R\u00e9aliser une performance motrice maximale \u00e0 une \u00e9ch\u00e9ance donn\u00e9e. DEMI FOND (N4) &hellip; <a href=\"https:\/\/site.ac-martinique.fr\/eps\/?page_id=1713\">Continuer la lecture <span class=\"meta-nav\">&rarr;<\/span><\/a><\/p>\n","protected":false},"author":69,"featured_media":0,"parent":0,"menu_order":0,"comment_status":"closed","ping_status":"open","template":"","meta":{"footnotes":""},"class_list":["post-1713","page","type-page","status-publish","hentry"],"_links":{"self":[{"href":"https:\/\/site.ac-martinique.fr\/eps\/index.php?rest_route=\/wp\/v2\/pages\/1713","targetHints":{"allow":["GET"]}}],"collection":[{"href":"https:\/\/site.ac-martinique.fr\/eps\/index.php?rest_route=\/wp\/v2\/pages"}],"about":[{"href":"https:\/\/site.ac-martinique.fr\/eps\/index.php?rest_route=\/wp\/v2\/types\/page"}],"author":[{"embeddable":true,"href":"https:\/\/site.ac-martinique.fr\/eps\/index.php?rest_route=\/wp\/v2\/users\/69"}],"replies":[{"embeddable":true,"href":"https:\/\/site.ac-martinique.fr\/eps\/index.php?rest_route=%2Fwp%2Fv2%2Fcomments&post=1713"}],"version-history":[{"count":50,"href":"https:\/\/site.ac-martinique.fr\/eps\/index.php?rest_route=\/wp\/v2\/pages\/1713\/revisions"}],"predecessor-version":[{"id":3237,"href":"https:\/\/site.ac-martinique.fr\/eps\/index.php?rest_route=\/wp\/v2\/pages\/1713\/revisions\/3237"}],"wp:attachment":[{"href":"https:\/\/site.ac-martinique.fr\/eps\/index.php?rest_route=%2Fwp%2Fv2%2Fmedia&parent=1713"}],"curies":[{"name":"wp","href":"https:\/\/api.w.org\/{rel}","templated":true}]}}