{"id":186,"date":"2014-05-01T01:34:02","date_gmt":"2014-05-01T00:34:02","guid":{"rendered":"\/eps\/?page_id=186"},"modified":"2014-06-18T23:13:51","modified_gmt":"2014-06-18T22:13:51","slug":"fiches-ressources","status":"publish","type":"page","link":"https:\/\/site.ac-martinique.fr\/eps\/?page_id=186","title":{"rendered":"Fiches ressources coll\u00e8ge"},"content":{"rendered":"<p style=\"text-align: center;\"><a href=\"http:\/\/eduscol.education.fr\/cid50311\/ressources-pour-faire-la-classe-au-college.html\" target=\"_blank\">Informations site Eduscol<\/a><\/p>\n<p style=\"text-align: center;\"><a href=\"\/eps\/wp-content\/uploads\/sites\/13\/2014\/06\/Fiches_ressources_college1.pdf\" target=\"_blank\">Fiches ressources coll\u00e8ge<\/a>\u00a0(Toutes les fiches en PDF)<\/p>\n<p style=\"text-align: center;\"><a href=\"\/eps\/wp-content\/uploads\/sites\/13\/2014\/06\/acrosport_coll\u00e8ge1.pdf\" target=\"_blank\">Acrosport<\/a><\/p>\n<p style=\"text-align: center;\"><a href=\"\/eps\/wp-content\/uploads\/sites\/13\/2014\/06\/aerobic_coll\u00e8ge1.pdf\" target=\"_blank\">A\u00e9robic<\/a><\/p>\n<p style=\"text-align: center;\"><a href=\"\/eps\/wp-content\/uploads\/sites\/13\/2014\/06\/arts_cirque_coll\u00e8ge1.pdf\" target=\"_blank\">Arts du Cirque<\/a><\/p>\n<p style=\"text-align: center;\"><a href=\"\/eps\/wp-content\/uploads\/sites\/13\/2014\/06\/badminton_coll\u00e8ge1.pdf\" target=\"_blank\">Badminton<\/a><\/p>\n<p style=\"text-align: center;\"><a href=\"\/eps\/wp-content\/uploads\/sites\/13\/2014\/06\/basket_coll\u00e8ge1.pdf\" target=\"_blank\">Basket<\/a><\/p>\n<p style=\"text-align: center;\"><a href=\"\/eps\/wp-content\/uploads\/sites\/13\/2014\/06\/boxe_francaise_coll\u00e8ge1.pdf\" target=\"_blank\">Boxe Fran\u00e7aise<\/a><\/p>\n<p style=\"text-align: center;\"><a href=\"\/eps\/wp-content\/uploads\/sites\/13\/2014\/06\/canoe_kayak_coll\u00e8ge1.pdf\" target=\"_blank\">Cano\u00eb Kayak<\/a><\/p>\n<p style=\"text-align: center;\"><a href=\"\/eps\/wp-content\/uploads\/sites\/13\/2014\/06\/course_haies_coll\u00e8ge1.pdf\" target=\"_blank\">Course de Haies<\/a><\/p>\n<p style=\"text-align: center;\"><a href=\"\/eps\/wp-content\/uploads\/sites\/13\/2014\/06\/course_orientation_coll\u00e8ge1.pdf\" target=\"_blank\">Course d&rsquo;Orientation<\/a><\/p>\n<p style=\"text-align: center;\"><a href=\"\/eps\/wp-content\/uploads\/sites\/13\/2014\/06\/danse_coll\u00e8ge1.pdf\" target=\"_blank\">Danse<\/a><\/p>\n<p style=\"text-align: center;\"><a href=\"\/eps\/wp-content\/uploads\/sites\/13\/2014\/06\/demi_fond_coll\u00e8ge1.doc\" target=\"_blank\">Demi Fond<\/a><\/p>\n<p style=\"text-align: center;\"><a href=\"\/eps\/wp-content\/uploads\/sites\/13\/2014\/06\/escalade_coll\u00e8ge1.pdf\" target=\"_blank\">Escalade<\/a><\/p>\n<p style=\"text-align: center;\"><a href=\"\/eps\/wp-content\/uploads\/sites\/13\/2014\/06\/football_coll\u00e8ge1.pdf\" target=\"_blank\">Football<\/a><\/p>\n<p style=\"text-align: center;\"><a href=\"\/eps\/wp-content\/uploads\/sites\/13\/2014\/06\/gymn_rythmique_coll\u00e8ge1.pdf\" target=\"_blank\">Gymnastique Rythmique<\/a><\/p>\n<p style=\"text-align: center;\"><a href=\"\/eps\/wp-content\/uploads\/sites\/13\/2014\/06\/gymn_sportive_coll\u00e8ge1.pdf\">Gymnastique Sportive<\/a><\/p>\n<p style=\"text-align: center;\"><a href=\"\/eps\/wp-content\/uploads\/sites\/13\/2014\/06\/handball_coll\u00e8ge1.pdf\" target=\"_blank\">Handball<\/a><\/p>\n<p style=\"text-align: center;\"><a href=\"\/eps\/wp-content\/uploads\/sites\/13\/2014\/06\/javelot_coll\u00e8ge1.pdf\" target=\"_blank\">Javelot<\/a><\/p>\n<p style=\"text-align: center;\"><a href=\"\/eps\/wp-content\/uploads\/sites\/13\/2014\/06\/lutte_coll\u00e8ge1.pdf\" target=\"_blank\">Lutte<\/a><\/p>\n<p style=\"text-align: center;\"><a href=\"\/eps\/wp-content\/uploads\/sites\/13\/2014\/06\/multibond_coll\u00e8ge1.pdf\" target=\"_blank\">Multibond<\/a><\/p>\n<p style=\"text-align: center;\"><a href=\"\/eps\/wp-content\/uploads\/sites\/13\/2014\/06\/natation_longue_coll\u00e8ge1.pdf\" target=\"_blank\">Natation Longue<\/a><\/p>\n<p style=\"text-align: center;\"><a href=\"\/eps\/wp-content\/uploads\/sites\/13\/2014\/06\/natation_vitesse_coll\u00e8ge1.pdf\" target=\"_blank\">Natation de Vitesse<\/a><\/p>\n<p style=\"text-align: center;\"><a href=\"\/eps\/wp-content\/uploads\/sites\/13\/2014\/06\/relais_vitesse_coll\u00e8ge1.pdf\" target=\"_blank\">Relais Vitesse<\/a><\/p>\n<p style=\"text-align: center;\"><a href=\"\/eps\/wp-content\/uploads\/sites\/13\/2014\/06\/rugby_coll\u00e8ge1.doc\" target=\"_blank\">Rugby<\/a><\/p>\n<p style=\"text-align: center;\"><a href=\"\/eps\/wp-content\/uploads\/sites\/13\/2014\/06\/saut_hauteur_coll\u00e8ge1.pdf\" target=\"_blank\">Saut en Hauteur<\/a><\/p>\n<p style=\"text-align: center;\"><a href=\"\/eps\/wp-content\/uploads\/sites\/13\/2014\/06\/tennis_table_coll\u00e8ge1.pdf\" target=\"_blank\">Tennis de Table<\/a><\/p>\n<p style=\"text-align: center;\"><a href=\"\/eps\/wp-content\/uploads\/sites\/13\/2014\/06\/volley_coll\u00e8ge1.pdf\" target=\"_blank\">Volley<\/a><\/p>\n<p style=\"text-align: center;\">\n","protected":false},"excerpt":{"rendered":"<p>Informations site Eduscol Fiches ressources coll\u00e8ge\u00a0(Toutes les fiches en PDF) Acrosport A\u00e9robic Arts du Cirque Badminton Basket Boxe Fran\u00e7aise Cano\u00eb Kayak Course de Haies Course d&rsquo;Orientation Danse Demi Fond Escalade Football Gymnastique Rythmique Gymnastique Sportive Handball Javelot Lutte Multibond Natation &hellip; <a href=\"https:\/\/site.ac-martinique.fr\/eps\/?page_id=186\">Continuer la lecture <span class=\"meta-nav\">&rarr;<\/span><\/a><\/p>\n","protected":false},"author":69,"featured_media":0,"parent":70,"menu_order":0,"comment_status":"closed","ping_status":"open","template":"","meta":{"footnotes":""},"class_list":["post-186","page","type-page","status-publish","hentry"],"_links":{"self":[{"href":"https:\/\/site.ac-martinique.fr\/eps\/index.php?rest_route=\/wp\/v2\/pages\/186","targetHints":{"allow":["GET"]}}],"collection":[{"href":"https:\/\/site.ac-martinique.fr\/eps\/index.php?rest_route=\/wp\/v2\/pages"}],"about":[{"href":"https:\/\/site.ac-martinique.fr\/eps\/index.php?rest_route=\/wp\/v2\/types\/page"}],"author":[{"embeddable":true,"href":"https:\/\/site.ac-martinique.fr\/eps\/index.php?rest_route=\/wp\/v2\/users\/69"}],"replies":[{"embeddable":true,"href":"https:\/\/site.ac-martinique.fr\/eps\/index.php?rest_route=%2Fwp%2Fv2%2Fcomments&post=186"}],"version-history":[{"count":13,"href":"https:\/\/site.ac-martinique.fr\/eps\/index.php?rest_route=\/wp\/v2\/pages\/186\/revisions"}],"predecessor-version":[{"id":1969,"href":"https:\/\/site.ac-martinique.fr\/eps\/index.php?rest_route=\/wp\/v2\/pages\/186\/revisions\/1969"}],"up":[{"embeddable":true,"href":"https:\/\/site.ac-martinique.fr\/eps\/index.php?rest_route=\/wp\/v2\/pages\/70"}],"wp:attachment":[{"href":"https:\/\/site.ac-martinique.fr\/eps\/index.php?rest_route=%2Fwp%2Fv2%2Fmedia&parent=186"}],"curies":[{"name":"wp","href":"https:\/\/api.w.org\/{rel}","templated":true}]}}