{"id":301,"date":"2020-09-07T03:14:11","date_gmt":"2020-09-07T02:14:11","guid":{"rendered":"\/eps\/?page_id=301"},"modified":"2021-10-01T02:24:23","modified_gmt":"2021-10-01T01:24:23","slug":"bac-general-et-technologique","status":"publish","type":"page","link":"https:\/\/site.ac-martinique.fr\/eps\/?page_id=301","title":{"rendered":"CCF &#8211; Bac G\u00e9n\u00e9ral et technologique"},"content":{"rendered":"<p><img loading=\"lazy\" decoding=\"async\" class=\"alignnone  wp-image-3007\" src=\"\/eps\/wp-content\/uploads\/sites\/13\/2019\/03\/pdf.png\" alt=\"\" width=\"31\" height=\"31\" \/><a href=\"\/eps\/?page_id=271\"><strong><span style=\"color: #ff0000\">Nouveaux Programmes<\/span> enseignement commun EPS du LGT 2019<\/strong><\/a><\/p>\n<p><a href=\"https:\/\/site.ac-martinique.fr\/eps\/wp-content\/uploads\/sites\/13\/2020\/09\/icon-page-html11.png\"><img loading=\"lazy\" decoding=\"async\" class=\"alignnone  wp-image-3300\" src=\"https:\/\/site.ac-martinique.fr\/eps\/wp-content\/uploads\/sites\/13\/2020\/09\/icon-page-html11.png\" alt=\"\" width=\"34\" height=\"34\" \/><\/a> <span style=\"color: #ff0000\"><strong>Modalit\u00e9s d&rsquo;\u00e9valuation<\/strong> <\/span>des candidats \u00e0 compter de la session 2022<a href=\"https:\/\/www.education.gouv.fr\/bo\/21\/Hebdo30\/MENE2121270N.htm\" target=\"_blank\" rel=\"noopener\"> (Note de service du 28-7-2021 , <\/a>publi\u00e9e au Bulletin officiel n\u00b030 du 29 juillet 2021)<\/p>\n<p><a href=\"https:\/\/site.ac-martinique.fr\/eps\/wp-content\/uploads\/sites\/13\/2020\/09\/icon-page-html11.png\"><img loading=\"lazy\" decoding=\"async\" class=\"alignnone  wp-image-3300\" src=\"https:\/\/site.ac-martinique.fr\/eps\/wp-content\/uploads\/sites\/13\/2020\/09\/icon-page-html11.png\" alt=\"\" width=\"34\" height=\"34\" \/><\/a> <strong><span style=\"color: #ff0000\">Nouveau lyc\u00e9e g\u00e9n\u00e9ral et technologique : Guide de l\u2019\u00e9valuation<\/span> (BO n\u00b030 du 29 juillet 2021)<br \/>\n<\/strong><\/p>\n<div class=\"WordSection1\">\n<p>Le cadre du contr\u00f4le continu, qui repr\u00e9sente 40 % de la note globale du baccalaur\u00e9at, vient d\u2019\u00eatre r\u00e9nov\u00e9.. Prenez en connaissance <a href=\"https:\/\/eduscol.education.fr\/2688\/nouveau-lycee-general-et-technologique-guide-de-l-evaluation\" target=\"_blank\" rel=\"noopener\">ICI (lien Eduscol)<\/a><\/p>\n<\/div>\n<hr \/>\n<p><strong><span style=\"color: #ff0000\">\u00a0R\u00e9f\u00e9rentiels Nationaux d&rsquo;\u00e9preuves (BAC 2021) &#8211; BO n\u00b0 36 du 03-10-2019:<\/span><br \/>\n<\/strong><\/p>\n<ol>\n<li><strong> CHAMP D\u2019APPRENTISSAGE n\u00b0 1<\/strong>: \u00ab R\u00e9aliser une performance motrice maximale mesurable \u00e0 une \u00e9ch\u00e9ance donn\u00e9e \u00bb:\u00a0Courses, sauts, lancers, natation vitesse<br \/>\n<a href=\"\/eps\/wp-content\/uploads\/sites\/13\/2020\/06\/Referentiel_CA1_2019-07-04.pdf\" target=\"_blank\" rel=\"noopener\"><img loading=\"lazy\" decoding=\"async\" class=\"alignnone wp-image-3007\" src=\"\/eps\/wp-content\/uploads\/sites\/13\/2019\/03\/pdf.png\" alt=\"\" width=\"33\" height=\"33\" \/><\/a>\u00a0\u00a0\u00a0 ou \u00a0\u00a0 <a href=\"\/eps\/wp-content\/uploads\/sites\/13\/2020\/06\/Referentiel_CA1_2019-07-04.docx\" target=\"_blank\" rel=\"noopener\"><img loading=\"lazy\" decoding=\"async\" class=\"alignnone wp-image-3190\" src=\"\/eps\/wp-content\/uploads\/sites\/13\/2020\/06\/LogoWord.png\" alt=\"\" width=\"32\" height=\"31\" \/><\/a><\/li>\n<li><strong> CHAMP D\u2019APPRENTISSAGE n\u00b0 2<\/strong> : \u00ab Adapter son d\u00e9placement \u00e0 des environnements vari\u00e9s ou incertains \u00bb:\u00a0\u00a0Escalade, course d\u2019orientation, sauvetage aquatique, VTT<br \/>\n<a href=\"\/eps\/wp-content\/uploads\/sites\/13\/2020\/06\/Referentiel_CA2_2019-07-04.pdf\" target=\"_blank\" rel=\"noopener\"><img loading=\"lazy\" decoding=\"async\" class=\"alignnone wp-image-3007\" src=\"\/eps\/wp-content\/uploads\/sites\/13\/2019\/03\/pdf.png\" alt=\"\" width=\"33\" height=\"33\" \/><\/a>\u00a0\u00a0\u00a0 ou \u00a0\u00a0 <a href=\"\/eps\/wp-content\/uploads\/sites\/13\/2020\/06\/Referentiel_CA2_2019-07-04.docx\" target=\"_blank\" rel=\"noopener\"><img loading=\"lazy\" decoding=\"async\" class=\"alignnone wp-image-3190\" src=\"\/eps\/wp-content\/uploads\/sites\/13\/2020\/06\/LogoWord.png\" alt=\"\" width=\"32\" height=\"31\" \/><\/a><\/li>\n<li><strong> CHAMP D\u2019APPRENTISSAGE n\u00b0 3<\/strong> : \u00ab R\u00e9aliser une prestation corporelle destin\u00e9e \u00e0 \u00eatre vue et appr\u00e9ci\u00e9e \u00bb:\u00a0\u00a0Danse(s), arts du cirque, acrosport, gymnastique sportive<br \/>\n<a href=\"\/eps\/wp-content\/uploads\/sites\/13\/2020\/06\/Referentiel_CA3_2019-07-04.pdf\" target=\"_blank\" rel=\"noopener\"><img loading=\"lazy\" decoding=\"async\" class=\"alignnone wp-image-3007\" src=\"\/eps\/wp-content\/uploads\/sites\/13\/2019\/03\/pdf.png\" alt=\"\" width=\"33\" height=\"33\" \/><\/a>\u00a0\u00a0\u00a0 ou \u00a0\u00a0 <a href=\"\/eps\/wp-content\/uploads\/sites\/13\/2020\/06\/Referentiel_CA3_2019-07-04.docx\" target=\"_blank\" rel=\"noopener\"><img loading=\"lazy\" decoding=\"async\" class=\"alignnone wp-image-3190\" src=\"\/eps\/wp-content\/uploads\/sites\/13\/2020\/06\/LogoWord.png\" alt=\"\" width=\"32\" height=\"31\" \/><\/a><\/li>\n<li><strong>CHAMP D\u2019APPRENTISSAGE n\u00b0 4<\/strong> : \u00ab Conduire et ma\u00eetriser un affrontement collectif ou interindividuel pour gagner \u00bb: Badminton, tennis de table, boxe fran\u00e7aise, judo, basket-ball, football, handball, rugby, volley-ball<br \/>\n<a href=\"\/eps\/wp-content\/uploads\/sites\/13\/2020\/06\/Referentiel_CA4_2019-07-04.pdf\" target=\"_blank\" rel=\"noopener\"><img loading=\"lazy\" decoding=\"async\" class=\"alignnone wp-image-3007\" src=\"\/eps\/wp-content\/uploads\/sites\/13\/2019\/03\/pdf.png\" alt=\"\" width=\"33\" height=\"33\" \/><\/a>\u00a0\u00a0\u00a0 ou \u00a0\u00a0 <a href=\"\/eps\/wp-content\/uploads\/sites\/13\/2020\/06\/Referentiel_CA4_2019-07-04.docx\" target=\"_blank\" rel=\"noopener\"><img loading=\"lazy\" decoding=\"async\" class=\"alignnone wp-image-3190\" src=\"\/eps\/wp-content\/uploads\/sites\/13\/2020\/06\/LogoWord.png\" alt=\"\" width=\"32\" height=\"31\" \/><\/a><\/li>\n<li><strong>CHAMP D\u2019APPRENTISSAGE n\u00b0 5<\/strong> : \u00ab R\u00e9aliser une activit\u00e9 physique pour d\u00e9velopper ses ressources et s\u2019entretenir \u00bb: Course en dur\u00e9e, musculation, natation en dur\u00e9e, step, yoga\u00a0\u00a0 <a href=\"\/eps\/wp-content\/uploads\/sites\/13\/2020\/06\/Referentiel_CA5_2019-07-04.pdf\" target=\"_blank\" rel=\"noopener\"><br \/>\n<img loading=\"lazy\" decoding=\"async\" class=\"alignnone wp-image-3007\" src=\"\/eps\/wp-content\/uploads\/sites\/13\/2019\/03\/pdf.png\" alt=\"\" width=\"33\" height=\"33\" \/><\/a>\u00a0\u00a0\u00a0 ou \u00a0\u00a0 <a href=\"\/eps\/wp-content\/uploads\/sites\/13\/2020\/06\/Referentiel_CA5_2019-07-04.docx\" target=\"_blank\" rel=\"noopener\"><img loading=\"lazy\" decoding=\"async\" class=\"alignnone wp-image-3190\" src=\"\/eps\/wp-content\/uploads\/sites\/13\/2020\/06\/LogoWord.png\" alt=\"\" width=\"32\" height=\"31\" \/><\/a><\/li>\n<\/ol>\n<div><\/div>\n<hr \/>\n<p style=\"text-align: left\"><strong><a href=\"\/eps\/?page_id=131\" target=\"_blank\" rel=\"noopener\">Fiches Epreuves Adapt\u00e9es (BAC 2009 \u00e0 2019)<\/a><\/strong><\/p>\n<hr \/>\n","protected":false},"excerpt":{"rendered":"<p>Nouveaux Programmes enseignement commun EPS du LGT 2019 Modalit\u00e9s d&rsquo;\u00e9valuation des candidats \u00e0 compter de la session 2022 (Note de service du 28-7-2021 , publi\u00e9e au Bulletin officiel n\u00b030 du 29 juillet 2021) Nouveau lyc\u00e9e g\u00e9n\u00e9ral et technologique : Guide &hellip; <a href=\"https:\/\/site.ac-martinique.fr\/eps\/?page_id=301\">Continuer la lecture <span class=\"meta-nav\">&rarr;<\/span><\/a><\/p>\n","protected":false},"author":69,"featured_media":0,"parent":0,"menu_order":0,"comment_status":"closed","ping_status":"open","template":"","meta":{"footnotes":""},"class_list":["post-301","page","type-page","status-publish","hentry"],"_links":{"self":[{"href":"https:\/\/site.ac-martinique.fr\/eps\/index.php?rest_route=\/wp\/v2\/pages\/301","targetHints":{"allow":["GET"]}}],"collection":[{"href":"https:\/\/site.ac-martinique.fr\/eps\/index.php?rest_route=\/wp\/v2\/pages"}],"about":[{"href":"https:\/\/site.ac-martinique.fr\/eps\/index.php?rest_route=\/wp\/v2\/types\/page"}],"author":[{"embeddable":true,"href":"https:\/\/site.ac-martinique.fr\/eps\/index.php?rest_route=\/wp\/v2\/users\/69"}],"replies":[{"embeddable":true,"href":"https:\/\/site.ac-martinique.fr\/eps\/index.php?rest_route=%2Fwp%2Fv2%2Fcomments&post=301"}],"version-history":[{"count":53,"href":"https:\/\/site.ac-martinique.fr\/eps\/index.php?rest_route=\/wp\/v2\/pages\/301\/revisions"}],"predecessor-version":[{"id":3837,"href":"https:\/\/site.ac-martinique.fr\/eps\/index.php?rest_route=\/wp\/v2\/pages\/301\/revisions\/3837"}],"wp:attachment":[{"href":"https:\/\/site.ac-martinique.fr\/eps\/index.php?rest_route=%2Fwp%2Fv2%2Fmedia&parent=301"}],"curies":[{"name":"wp","href":"https:\/\/api.w.org\/{rel}","templated":true}]}}