{"id":3139,"date":"2020-06-02T18:04:31","date_gmt":"2020-06-02T17:04:31","guid":{"rendered":"\/eps\/?page_id=3139"},"modified":"2020-06-02T18:08:18","modified_gmt":"2020-06-02T17:08:18","slug":"continuite-pedagogique-les-webinaires-de-la-dane-du-02-au-05-juin-2020","status":"publish","type":"page","link":"https:\/\/site.ac-martinique.fr\/eps\/?page_id=3139","title":{"rendered":"Les webinaires de la DANE du 02 au 05 juin 2020"},"content":{"rendered":"<div class=\"moz-forward-container\">\n<p><u><b>Nous vous donnons rendez-vous cette semaine (02 au 05 juin) aux webinaires de la DANE.<\/b><\/u><\/p>\n<div><\/div>\n<div><span style=\"font-family: Arial, sans-serif;\"><b><u><span style=\"font-size: 21px;\">\u00a0<\/span><\/u><\/b><\/span><\/div>\n<div><span style=\"font-family: Arial, sans-serif;\"><i style=\"font-size: 21px; font-weight: bold;\">Pour vous connecter aux diff\u00e9rents webinaires, consultez le planning sur\u00a0<\/i><\/span><a href=\"http:\/\/www.ac-martinique.fr\/cid150281\/des-outils-pour-assurer-la-continuite-pedagogique-les-webinaires-de-la-dane.html\">le site acad\u00e9mique<\/a><span style=\"font-family: Arial, sans-serif;\"><i style=\"font-size: 21px; font-weight: bold;\">\u00a0<\/i><span style=\"font-size: large;\"><i>(les liens d<\/i><i>\u2019<\/i><i>acc\u00e8s sont communiqu\u00e9s la veille du webinaire)<\/i><\/span><i style=\"font-size: 21px; font-weight: bold;\">.<\/i><\/span><\/div>\n<div><span style=\"font-family: Arial, sans-serif;\"><b><u><span style=\"font-size: 21px;\">\u00a0<\/span><\/u><\/b><\/span><\/div>\n<div><b><span style=\"font-size: x-large;\">Mardi 2 juin\u00a0<\/span><\/b><\/div>\n<div><\/div>\n<div>\n<div>\n<div><span style=\"font-size: large;\"><b><span style=\"caret-color: #0042aa;\">08h00 :<\/span> <\/b><\/span><span style=\"font-size: large;\"><b>Assurer la permanence de la ligne t\u00e9l\u00e9phonique \u00ab\u00a0continuit\u00e9 p\u00e9dagogique\u00a0\u00bb<\/b><\/span><\/div>\n<p><i><span style=\"font-size: 14px;\">Public d\u00e9sign\u00e9<\/span><br \/>\n<\/i><\/p>\n<div><\/div>\n<div><i><span style=\"font-size: large;\"><b>\u00a0<\/b><\/span><\/i><\/div>\n<div>\n<div>\n<div><b><span style=\"caret-color: #0042aa;\"><span style=\"font-size: large;\">10h00 :<\/span><\/span> <span style=\"font-size: large;\">CANOPE\/DANE : Enseigner \u00e0\u00a0distance ? Th\u00e9orie contre pratique\u00a0<\/span><\/b><span style=\"font-size: large;\"><span style=\"font-weight: bold; font-style: italic;\"><span style=\"caret-color: #0042aa;\">(<\/span><\/span><a style=\"font-weight: bold; font-style: italic;\" href=\"https:\/\/www.reseau-canope.fr\/service\/canocafe-etre-accompagne-pour-enseigner-a-distance-theorie-vs-pratique.html\">sur inscription<\/a><span style=\"font-weight: bold; font-style: italic;\"><span style=\"caret-color: #0042aa;\">)<\/span><\/span><\/span><\/div>\n<div><b><\/b><i style=\"font-size: 14px;\">Public : enseignants du 1er et 2nd degr\u00e9<\/i><\/div>\n<div><i>\u00a0<\/i><\/div>\n<\/div>\n<\/div>\n<div>\n<div style=\"font-style: normal; display: inline !important;\"><i>\u00a0<\/i><\/div>\n<\/div>\n<\/div>\n<\/div>\n<div>\n<div>\n<div><span style=\"font-size: large;\"><b><span style=\"caret-color: #0042aa;\">14h30 :<\/span> <span style=\"caret-color: #0042aa;\">Prise en main de la classe virtuelle du CNED<\/span><\/b><\/span><\/div>\n<div><b><\/b><i style=\"font-size: 14px;\">Public : enseignants du 1er et 2nd degr\u00e9<\/i><\/div>\n<div>\n<p><i><b><\/b>Lien :\u00a0<\/i><\/p>\n<div><i><a style=\"font-size: 14px;\" href=\"https:\/\/frama.link\/continuite972\">https:\/\/frama.link\/continuite972<\/a><\/i><\/div>\n<\/div>\n<div><\/div>\n<\/div>\n<div><i style=\"font-size: 14px;\">\u00a0<\/i><\/div>\n<\/div>\n<div><b><span style=\"font-size: x-large;\">Mercredi 3 juin\u00a0<\/span><\/b><\/div>\n<div>\n<div><span style=\"font-size: large;\"><b><span style=\"caret-color: #0042aa;\">\u00a0<\/span><\/b><\/span><\/div>\n<div>\n<div style=\"font-size: 12px; font-weight: normal; caret-color: #000000;\"><span style=\"font-size: large;\"><b>10h00 :\u00a0 Le \u00ab\u00a0BRUNCH\u00a0\u00bb de la DANE<\/b><\/span><br \/>\nVenez avec vos questions sal\u00e9es, sucr\u00e9es ou \u00e9pic\u00e9es. Nous r\u00e9pondrons \u00e0 vos questions en direct.<br \/>\n<i>Public : enseignants 1er et 2nd degr\u00e9<\/i><\/div>\n<div style=\"font-size: 12px; font-weight: normal; caret-color: #000000;\">\n<div>\n<div>\n<p><i><b><\/b>Lien :\u00a0<\/i><\/p>\n<div><i><a style=\"font-size: 14px;\" href=\"https:\/\/frama.link\/continuite972\">https:\/\/frama.link\/continuite972<\/a><\/i><\/div>\n<\/div>\n<\/div>\n<\/div>\n<\/div>\n<div><\/div>\n<div><i>\u00a0<\/i><\/div>\n<div>\n<div>\n<div>\n<div>\n<div><span style=\"font-size: large;\"><b><span style=\"caret-color: #0042aa;\">11h30 :<\/span> Pronote\/LSU<\/b><\/span><\/div>\n<div><b><\/b><i style=\"font-size: 14px;\">Public d\u00e9sign\u00e9 : chefs d\u2019\u00e9tablissement\u00a0<\/i><\/div>\n<div><i style=\"font-size: 14px;\"><b><\/b><i>Lien \u00e0 demander \u00e0 la DANE (<a href=\"mailto:ce.dane@ac-martinique.fr\">ce.dane@ac-martinique.fr<\/a>)<\/i><\/i><\/div>\n<\/div>\n<\/div>\n<\/div>\n<\/div>\n<div><\/div>\n<div><\/div>\n<\/div>\n<div>\n<p><b><span style=\"color: #0042aa; font-size: x-large;\">Jeudi 4 juin\u00a0<\/span><\/b><\/p>\n<div><b><span style=\"font-size: large;\">\u00a0<\/span><\/b><\/div>\n<div>\n<div><span style=\"font-size: large;\"><b><span style=\"caret-color: #0042aa;\">14h30 :<\/span> Pronote\/LSL<\/b><\/span><\/div>\n<div><b><\/b><i style=\"font-size: 14px;\">Public d\u00e9sign\u00e9 :\u00a0<\/i><i>chefs d\u2019\u00e9tablissement\u00a0<\/i><\/div>\n<div><i style=\"font-size: 14px;\"><b><\/b><i>Lien \u00e0 demander \u00e0 la DANE (<a href=\"mailto:ce.dane@ac-martinique.fr\">ce.dane@ac-martinique.fr<\/a>)<\/i><\/i><\/div>\n<\/div>\n<div><\/div>\n<div>\n<div><i style=\"font-size: 14px;\">\u00a0<\/i><\/div>\n<div><i style=\"font-size: 14px;\">\u00a0<\/i><\/div>\n<div><i><b style=\"font-size: 12px; font-style: normal;\"><span style=\"color: #0042aa; font-size: x-large;\">Vendredi 5 juin\u00a0<\/span><\/b><\/i><\/div>\n<div><i style=\"font-size: 14px;\">\u00a0<\/i><\/div>\n<div>\n<div><\/div>\n<div>\n<div><span style=\"caret-color: #0042aa;\"><span style=\"font-size: large;\"><b>11h00 :<\/b><\/span><\/span> <span style=\"font-size: large;\"><b>G\u00e9rer incidents et intrusions dans une classe virtuelle du CNED<\/b><\/span><\/div>\n<div><b><\/b><i style=\"font-size: 14px;\">Public : enseignants 1er et 2nd degr\u00e9<\/i><\/div>\n<div>\n<p><i><span style=\"font-size: 14px;\">Lien :\u00a0<\/span><\/i><\/p>\n<div>\n<div><a href=\"https:\/\/frama.link\/CNED_Intrusion1\">https:\/\/frama.link\/CNED_Intrusion1<\/a><\/div>\n<\/div>\n<\/div>\n<\/div>\n<\/div>\n<div><\/div>\n<div><\/div>\n<\/div>\n<div><span style=\"font-size: large;\"><b>D\u2019autre part, des webinaires propos\u00e9s par le r\u00e9seau CANOPE de Martinique sont consultables \u00e0 l\u2019adresse suivante :\u00a0<\/b><\/span><span style=\"font-size: large;\"><a href=\"https:\/\/9720068s.esidoc.fr\/les-rdv-de-l-atelier\">https:\/\/9720068s.esidoc.fr\/les-rdv-de-l-atelier<\/a><\/span><\/div>\n<div><\/div>\n<div>Cordialement,<\/div>\n<\/div>\n<div>\n<table style=\"font-size: 11px; color: #000000; background-color: #ffffff; border-color: #bacadb; border-style: solid;\" cellspacing=\"0\" cellpadding=\"5\" align=\"left\">\n<tbody>\n<tr>\n<td><a href=\"http:\/\/www.ac-martinique.fr\/\" target=\"_blank\"><img loading=\"lazy\" decoding=\"async\" src=\"http:\/\/vcard972.ac-martinique.fr\/logoaca.jpg\" alt=\"Academie Martinique\" width=\"150\" height=\"190\" \/> <\/a><\/td>\n<td>Alexandre BAVARIN<\/p>\n<p><span style=\"font-weight: bold; color: #4c75a9;\">D\u00e9l\u00e9gation Acad\u00e9mique au Num\u00e9rique pour l&rsquo;\u00c9ducation (DANE)<\/span><br \/>\n<span style=\"font-weight: bold; color: #4c75a9;\">Charg\u00e9 de mission<\/span><\/p>\n<p>&nbsp;<\/p>\n<p><a href=\"mailto:Alexandre.Bavarin@ac-martinique.fr\">Alexandre.Bavarin@ac-martinique.fr<\/a><br \/>\n0596 52 26 37<br \/>\nBureau 159<br \/>\n<a href=\"http:\/\/www.ac-martinique.fr\"><span style=\"color: blue;\">http:\/\/www.ac-martinique.fr<\/span><\/a><\/td>\n<td><\/td>\n<\/tr>\n<tr>\n<td colspan=\"3\" align=\"center\">Rectorat de la Martinique &#8211; Les Hauts de Terreville &#8211; 97279 Sch\u0153lcher Cedex<\/td>\n<\/tr>\n<\/tbody>\n<\/table>\n<\/div>\n<\/div>\n","protected":false},"excerpt":{"rendered":"<p>Nous vous donnons rendez-vous cette semaine (02 au 05 juin) aux webinaires de la DANE. \u00a0 Pour vous connecter aux diff\u00e9rents webinaires, consultez le planning sur\u00a0le site acad\u00e9mique\u00a0(les liens d\u2019acc\u00e8s sont communiqu\u00e9s la veille du webinaire). \u00a0 Mardi 2 juin\u00a0 &hellip; <a href=\"https:\/\/site.ac-martinique.fr\/eps\/?page_id=3139\">Continuer la lecture <span class=\"meta-nav\">&rarr;<\/span><\/a><\/p>\n","protected":false},"author":69,"featured_media":0,"parent":0,"menu_order":0,"comment_status":"closed","ping_status":"closed","template":"","meta":{"footnotes":""},"class_list":["post-3139","page","type-page","status-publish","hentry"],"_links":{"self":[{"href":"https:\/\/site.ac-martinique.fr\/eps\/index.php?rest_route=\/wp\/v2\/pages\/3139","targetHints":{"allow":["GET"]}}],"collection":[{"href":"https:\/\/site.ac-martinique.fr\/eps\/index.php?rest_route=\/wp\/v2\/pages"}],"about":[{"href":"https:\/\/site.ac-martinique.fr\/eps\/index.php?rest_route=\/wp\/v2\/types\/page"}],"author":[{"embeddable":true,"href":"https:\/\/site.ac-martinique.fr\/eps\/index.php?rest_route=\/wp\/v2\/users\/69"}],"replies":[{"embeddable":true,"href":"https:\/\/site.ac-martinique.fr\/eps\/index.php?rest_route=%2Fwp%2Fv2%2Fcomments&post=3139"}],"version-history":[{"count":2,"href":"https:\/\/site.ac-martinique.fr\/eps\/index.php?rest_route=\/wp\/v2\/pages\/3139\/revisions"}],"predecessor-version":[{"id":3145,"href":"https:\/\/site.ac-martinique.fr\/eps\/index.php?rest_route=\/wp\/v2\/pages\/3139\/revisions\/3145"}],"wp:attachment":[{"href":"https:\/\/site.ac-martinique.fr\/eps\/index.php?rest_route=%2Fwp%2Fv2%2Fmedia&parent=3139"}],"curies":[{"name":"wp","href":"https:\/\/api.w.org\/{rel}","templated":true}]}}