{"id":3148,"date":"2021-04-08T19:39:00","date_gmt":"2021-04-08T18:39:00","guid":{"rendered":"\/eps\/?page_id=3148"},"modified":"2021-05-02T18:33:13","modified_gmt":"2021-05-02T17:33:13","slug":"quelques-ressources","status":"publish","type":"page","link":"https:\/\/site.ac-martinique.fr\/eps\/?page_id=3148","title":{"rendered":"Quelques ressources"},"content":{"rendered":"<div dir=\"ltr\">\n<div>\n<div style=\"font-size: small; text-decoration: none; font-family: 'Calibri'; font-weight: normal; color: #000000; font-style: normal; display: inline;\">\n<div dir=\"ltr\">\n<div style=\"font-size: 12pt; font-family: 'Calibri'; color: #000000;\">\n<div>Afin de mettre en place le travail \u00e0 distance, la mise \u00e0 disposition de ressources p\u00e9dagogiques pour les \u00e9l\u00e8ves doit \u00eatre favoriser.<br \/>\nEn voici quelques exemples utilisables:<\/p>\n<hr \/>\n<\/div>\n<div><\/div>\n<div><a href=\"\/eps\/wp-content\/uploads\/sites\/13\/2020\/06\/Meditation.png\"><img loading=\"lazy\" decoding=\"async\" class=\"wp-image-3151 alignleft\" src=\"\/eps\/wp-content\/uploads\/sites\/13\/2020\/06\/Meditation.png\" alt=\"\" width=\"37\" height=\"38\" \/><\/a>\u00a0 Padlet avec diverses ressources pour les \u00e9l\u00e8ves<\/div>\n<div><a href=\"https:\/\/padlet.com\/thomas_drouilleau1\/3m5azlzrp0bp\">https:\/\/padlet.com\/thomas_drouilleau1\/3m5azlzrp0bp<\/a><\/div>\n<div><\/div>\n<div>\n<hr \/>\n<\/div>\n<div><a href=\"\/eps\/wp-content\/uploads\/sites\/13\/2020\/06\/coupe.png\"><img loading=\"lazy\" decoding=\"async\" class=\"wp-image-3153 alignleft\" src=\"\/eps\/wp-content\/uploads\/sites\/13\/2020\/06\/coupe.png\" alt=\"\" width=\"41\" height=\"39\" \/><\/a>\u00a0 Padlet avec ressources et guides pour l\u2019\u00e9l\u00e8ve, et un carnet de suivi que l\u2019\u00e9l\u00e8ve rempli sur googlesheet (en ligne) pour signaler ce qu\u2019il a fait<\/div>\n<div><a title=\"https:\/\/padlet.com\/epsmartel\/djmypph4p91n\" href=\"https:\/\/padlet.com\/epsmartel\/djmypph4p91n\">https:\/\/padlet.com\/epsmartel\/djmypph4p91n<\/a><\/div>\n<div><a title=\"https:\/\/docs.google.com\/spreadsheets\/d\/1fmJemymtnlM4vPL65Xtuo1KuKP3DWyYPsqHcwojbu1A\/edit\" href=\"https:\/\/docs.google.com\/spreadsheets\/d\/1fmJemymtnlM4vPL65Xtuo1KuKP3DWyYPsqHcwojbu1A\/edit\">https:\/\/docs.google.com\/spreadsheets\/d\/1fmJemymtnlM4vPL65Xtuo1KuKP3DWyYPsqHcwojbu1A\/edit<\/a><\/div>\n<div><\/div>\n<div>\n<hr \/>\n<\/div>\n<div><a href=\"\/eps\/wp-content\/uploads\/sites\/13\/2020\/06\/haltere.png\"><img loading=\"lazy\" decoding=\"async\" class=\"wp-image-3152 alignleft\" src=\"\/eps\/wp-content\/uploads\/sites\/13\/2020\/06\/haltere.png\" alt=\"\" width=\"56\" height=\"29\" \/><\/a>\u00a0 Carnet de suivi sous format pdf (\u00e9volution de celui de l\u2019acad\u00e9mie de Cr\u00e9teil), mais que l\u2019\u00e9l\u00e8ve peut remplir sur son portable, une tablette ou ordinateur.<\/div>\n<div>C\u2019est un formulaire \u00e0 renseigner et renvoyer (les parcours \u00e9tant propos\u00e9s aux \u00e9l\u00e8ves).<\/div>\n<div><a title=\"https:\/\/drive.google.com\/file\/d\/1-kz6apgmACZs2ZRCZtcrGsCOeqDv47zO\/view?usp=sharing\" href=\"\/eps\/wp-content\/uploads\/sites\/13\/2020\/06\/Carnet-entrainement-F-Fanon.pdf\" target=\"_blank\" rel=\"noopener\">Lien ici<\/a><\/div>\n<\/div>\n<\/div>\n<\/div>\n<\/div>\n<\/div>\n","protected":false},"excerpt":{"rendered":"<p>Afin de mettre en place le travail \u00e0 distance, la mise \u00e0 disposition de ressources p\u00e9dagogiques pour les \u00e9l\u00e8ves doit \u00eatre favoriser. En voici quelques exemples utilisables: \u00a0 Padlet avec diverses ressources pour les \u00e9l\u00e8ves https:\/\/padlet.com\/thomas_drouilleau1\/3m5azlzrp0bp \u00a0 Padlet avec ressources &hellip; <a href=\"https:\/\/site.ac-martinique.fr\/eps\/?page_id=3148\">Continuer la lecture <span class=\"meta-nav\">&rarr;<\/span><\/a><\/p>\n","protected":false},"author":69,"featured_media":0,"parent":0,"menu_order":0,"comment_status":"closed","ping_status":"closed","template":"","meta":{"footnotes":""},"class_list":["post-3148","page","type-page","status-publish","hentry"],"_links":{"self":[{"href":"https:\/\/site.ac-martinique.fr\/eps\/index.php?rest_route=\/wp\/v2\/pages\/3148","targetHints":{"allow":["GET"]}}],"collection":[{"href":"https:\/\/site.ac-martinique.fr\/eps\/index.php?rest_route=\/wp\/v2\/pages"}],"about":[{"href":"https:\/\/site.ac-martinique.fr\/eps\/index.php?rest_route=\/wp\/v2\/types\/page"}],"author":[{"embeddable":true,"href":"https:\/\/site.ac-martinique.fr\/eps\/index.php?rest_route=\/wp\/v2\/users\/69"}],"replies":[{"embeddable":true,"href":"https:\/\/site.ac-martinique.fr\/eps\/index.php?rest_route=%2Fwp%2Fv2%2Fcomments&post=3148"}],"version-history":[{"count":14,"href":"https:\/\/site.ac-martinique.fr\/eps\/index.php?rest_route=\/wp\/v2\/pages\/3148\/revisions"}],"predecessor-version":[{"id":3787,"href":"https:\/\/site.ac-martinique.fr\/eps\/index.php?rest_route=\/wp\/v2\/pages\/3148\/revisions\/3787"}],"wp:attachment":[{"href":"https:\/\/site.ac-martinique.fr\/eps\/index.php?rest_route=%2Fwp%2Fv2%2Fmedia&parent=3148"}],"curies":[{"name":"wp","href":"https:\/\/api.w.org\/{rel}","templated":true}]}}