{"id":3310,"date":"2021-11-30T20:56:00","date_gmt":"2021-11-30T19:56:00","guid":{"rendered":"\/eps\/?page_id=3310"},"modified":"2024-04-11T20:56:06","modified_gmt":"2024-04-11T19:56:06","slug":"ca2-bac-gt","status":"publish","type":"page","link":"https:\/\/site.ac-martinique.fr\/eps\/?page_id=3310","title":{"rendered":"CA2-BAC GT"},"content":{"rendered":"<p style=\"text-align: center;\"><strong>CHAMP D\u2019APPRENTISSAGE n\u00b0 2<\/strong> : \u00ab Adapter son d\u00e9placement \u00e0 des environnements vari\u00e9s ou incertains \u00bb:\u00a0\u00a0Escalade, course d\u2019orientation, sauvetage aquatique, VTT<\/p>\n<p style=\"text-align: center;\"><span style=\"color: #ff0000;\"><strong>Sauvetage<\/strong><\/span><\/p>\n<ul>\n<li>Sauvetage (Lyc\u00e9e Joseph Gaillard): <a href=\"\/eps\/wp-content\/uploads\/sites\/13\/2020\/09\/SAUVETAGE-GT-GAILLARD.pdf\" target=\"_blank\" rel=\"noopener\"><img loading=\"lazy\" decoding=\"async\" class=\"alignnone wp-image-3007\" src=\"\/eps\/wp-content\/uploads\/sites\/13\/2019\/03\/pdf.png\" alt=\"\" width=\"22\" height=\"22\" \/><\/a><\/li>\n<li>Sauvetage (S\u00e9minaire coll\u00e8ge): r\u00e9f\u00e9rentiel\u00a0<a href=\"\/eps\/wp-content\/uploads\/sites\/13\/2020\/09\/Sauvetage-GT-Seminaire.pdf\" target=\"_blank\" rel=\"noopener\"><img loading=\"lazy\" decoding=\"async\" class=\"alignnone wp-image-3007\" src=\"\/eps\/wp-content\/uploads\/sites\/13\/2019\/03\/pdf.png\" alt=\"\" width=\"22\" height=\"22\" \/><\/a>\u00a0 et annexe\u00a0 <a href=\"\/eps\/wp-content\/uploads\/sites\/13\/2020\/09\/Sauvetage-GT-Seminaire-Annexe.pdf\" target=\"_blank\" rel=\"noopener\"><img loading=\"lazy\" decoding=\"async\" class=\"alignnone wp-image-3007\" src=\"\/eps\/wp-content\/uploads\/sites\/13\/2019\/03\/pdf.png\" alt=\"\" width=\"22\" height=\"22\" \/><\/a><\/li>\n<li>Sauvetage (Lyc\u00e9e Bellevue): <a href=\"https:\/\/site.ac-martinique.fr\/eps\/wp-content\/uploads\/sites\/13\/2021\/04\/Sauvetage-BAC-GT-Bellevue.docx\" target=\"_blank\" rel=\"noopener\"><img loading=\"lazy\" decoding=\"async\" class=\"alignnone wp-image-3190\" src=\"\/eps\/wp-content\/uploads\/sites\/13\/2020\/06\/LogoWord.png\" alt=\"\" width=\"20\" height=\"19\" \/><\/a><\/li>\n<\/ul>\n<p style=\"text-align: center;\"><span style=\"color: #ff0000;\"><strong>Voile<\/strong><\/span><\/p>\n<ul>\n<li>Voile Laser (S\u00e9minaire coll\u00e8ge): <a href=\"\/eps\/wp-content\/uploads\/sites\/13\/2020\/09\/LASER-GT-Seeminaire.pdf\" target=\"_blank\" rel=\"noopener\"><img loading=\"lazy\" decoding=\"async\" class=\"alignnone wp-image-3007\" src=\"\/eps\/wp-content\/uploads\/sites\/13\/2019\/03\/pdf.png\" alt=\"\" width=\"22\" height=\"22\" \/><\/a><\/li>\n<li>Voile (Lyc\u00e9e Cluny): <a href=\"\/eps\/wp-content\/uploads\/sites\/13\/2020\/10\/Voile-GT-Cluny.docx\" target=\"_blank\" rel=\"noopener\"><img loading=\"lazy\" decoding=\"async\" class=\"alignnone wp-image-3190\" src=\"\/eps\/wp-content\/uploads\/sites\/13\/2020\/06\/LogoWord.png\" alt=\"\" width=\"20\" height=\"19\" \/><\/a><\/li>\n<\/ul>\n<p style=\"text-align: center;\"><span style=\"color: #ff0000;\"><strong>Course d&rsquo;Orientation<br \/><\/strong><\/span><\/p>\n<ul>\n<li>C.O.\u00a0 (Lyc\u00e9e F. Fanon): <a href=\"https:\/\/site.ac-martinique.fr\/eps\/wp-content\/uploads\/sites\/13\/2024\/04\/CO-LGT-F-FANON-2023.pdf\" target=\"_blank\" rel=\"noopener\"><img loading=\"lazy\" decoding=\"async\" class=\"alignnone wp-image-3007\" src=\"\/eps\/wp-content\/uploads\/sites\/13\/2019\/03\/pdf.png\" alt=\"\" width=\"22\" height=\"22\" \/><\/a><\/li>\n<\/ul>\n<p style=\"text-align: center;\"><span style=\"color: #ff0000;\"><strong>Kayak<\/strong><\/span><\/p>\n<ul>\n<li>Kayak (Lyc\u00e9e Cluny): <a href=\"\/eps\/wp-content\/uploads\/sites\/13\/2020\/09\/KAYAK-GT-CLUNY.pdf\" target=\"_blank\" rel=\"noopener\"><img loading=\"lazy\" decoding=\"async\" class=\"alignnone wp-image-3007\" src=\"\/eps\/wp-content\/uploads\/sites\/13\/2019\/03\/pdf.png\" alt=\"\" width=\"22\" height=\"22\" \/><\/a><\/li>\n<li>Kayak (Lyc\u00e9e Nord Atlantique): <a href=\"\/eps\/wp-content\/uploads\/sites\/13\/2020\/09\/KAYAK-GT-LNA.pdf\" target=\"_blank\" rel=\"noopener\"><img loading=\"lazy\" decoding=\"async\" class=\"alignnone wp-image-3007\" src=\"\/eps\/wp-content\/uploads\/sites\/13\/2019\/03\/pdf.png\" alt=\"\" width=\"22\" height=\"22\" \/><\/a><\/li>\n<li>Kayak (Lyc\u00e9e Pernock): <a href=\"\/eps\/wp-content\/uploads\/sites\/13\/2020\/09\/KAYAK-GT-PERNOCK.pdf\" target=\"_blank\" rel=\"noopener\"><img loading=\"lazy\" decoding=\"async\" class=\"alignnone wp-image-3007\" src=\"\/eps\/wp-content\/uploads\/sites\/13\/2019\/03\/pdf.png\" alt=\"\" width=\"22\" height=\"22\" \/><\/a><\/li>\n<li>Kayak (Lyc\u00e9e \u00a0LPO V. ANICET): <a href=\"\/eps\/wp-content\/uploads\/sites\/13\/2020\/11\/KAYAK-BAC-GT-LPO-V-ANICET.pdf\" target=\"_blank\" rel=\"noopener\"><img loading=\"lazy\" decoding=\"async\" class=\"alignnone wp-image-3007\" src=\"\/eps\/wp-content\/uploads\/sites\/13\/2019\/03\/pdf.png\" alt=\"\" width=\"22\" height=\"22\" \/><\/a><\/li>\n<li>Kayak (Lyc\u00e9e \u00a0LGT F. FANON): <a href=\"https:\/\/site.ac-martinique.fr\/eps\/wp-content\/uploads\/sites\/13\/2024\/02\/referentiel-2024-Bac-GT-kayak-LGT-F.-FANON.pdf\" target=\"_blank\" rel=\"noopener\"><img loading=\"lazy\" decoding=\"async\" class=\"alignnone wp-image-3007\" src=\"\/eps\/wp-content\/uploads\/sites\/13\/2019\/03\/pdf.png\" alt=\"\" width=\"22\" height=\"22\" \/><\/a><\/li>\n<\/ul>\n<p style=\"text-align: center;\"><span style=\"color: #ff0000;\"><strong>Yole<\/strong><\/span><\/p>\n<ul>\n<li><span style=\"color: #000000;\">Yole <\/span>(Lyc\u00e9e La Jet\u00e9e Le Fran\u00e7ois): <a href=\"https:\/\/site.ac-martinique.fr\/eps\/wp-content\/uploads\/sites\/13\/2021\/12\/YYole-GT-La-jetee.pdf\" target=\"_blank\" rel=\"noopener\"><img loading=\"lazy\" decoding=\"async\" class=\"alignnone wp-image-3007\" src=\"\/eps\/wp-content\/uploads\/sites\/13\/2019\/03\/pdf.png\" alt=\"\" width=\"22\" height=\"22\" \/><\/a><\/li>\n<\/ul>\n\n\n<p><\/p>\n","protected":false},"excerpt":{"rendered":"<p>CHAMP D\u2019APPRENTISSAGE n\u00b0 2 : \u00ab Adapter son d\u00e9placement \u00e0 des environnements vari\u00e9s ou incertains \u00bb:\u00a0\u00a0Escalade, course d\u2019orientation, sauvetage aquatique, VTT Sauvetage Sauvetage (Lyc\u00e9e Joseph Gaillard): Sauvetage (S\u00e9minaire coll\u00e8ge): r\u00e9f\u00e9rentiel\u00a0\u00a0 et annexe\u00a0 Sauvetage (Lyc\u00e9e Bellevue): Voile Voile Laser (S\u00e9minaire coll\u00e8ge): &hellip; <a href=\"https:\/\/site.ac-martinique.fr\/eps\/?page_id=3310\">Continuer la lecture <span class=\"meta-nav\">&rarr;<\/span><\/a><\/p>\n","protected":false},"author":69,"featured_media":0,"parent":0,"menu_order":0,"comment_status":"closed","ping_status":"closed","template":"","meta":{"footnotes":""},"class_list":["post-3310","page","type-page","status-publish","hentry"],"_links":{"self":[{"href":"https:\/\/site.ac-martinique.fr\/eps\/index.php?rest_route=\/wp\/v2\/pages\/3310","targetHints":{"allow":["GET"]}}],"collection":[{"href":"https:\/\/site.ac-martinique.fr\/eps\/index.php?rest_route=\/wp\/v2\/pages"}],"about":[{"href":"https:\/\/site.ac-martinique.fr\/eps\/index.php?rest_route=\/wp\/v2\/types\/page"}],"author":[{"embeddable":true,"href":"https:\/\/site.ac-martinique.fr\/eps\/index.php?rest_route=\/wp\/v2\/users\/69"}],"replies":[{"embeddable":true,"href":"https:\/\/site.ac-martinique.fr\/eps\/index.php?rest_route=%2Fwp%2Fv2%2Fcomments&post=3310"}],"version-history":[{"count":14,"href":"https:\/\/site.ac-martinique.fr\/eps\/index.php?rest_route=\/wp\/v2\/pages\/3310\/revisions"}],"predecessor-version":[{"id":4350,"href":"https:\/\/site.ac-martinique.fr\/eps\/index.php?rest_route=\/wp\/v2\/pages\/3310\/revisions\/4350"}],"wp:attachment":[{"href":"https:\/\/site.ac-martinique.fr\/eps\/index.php?rest_route=%2Fwp%2Fv2%2Fmedia&parent=3310"}],"curies":[{"name":"wp","href":"https:\/\/api.w.org\/{rel}","templated":true}]}}