{"id":3927,"date":"2022-01-07T19:24:00","date_gmt":"2022-01-07T18:24:00","guid":{"rendered":"https:\/\/site.ac-martinique.fr\/eps\/?page_id=3927"},"modified":"2024-02-16T21:33:58","modified_gmt":"2024-02-16T20:33:58","slug":"ca1-bac-pro","status":"publish","type":"page","link":"https:\/\/site.ac-martinique.fr\/eps\/?page_id=3927","title":{"rendered":"CA1-BAC PRO"},"content":{"rendered":"\n<p><strong>CHAMP D\u2019APPRENTISSAGE n\u00b0 1<\/strong>: \u00ab R\u00e9aliser une performance motrice maximale mesurable \u00e0 une \u00e9ch\u00e9ance donn\u00e9e \u00bb:&nbsp;Courses, sauts, lancers, natation vitesse<\/p>\n\n\n\n<p class=\"has-text-color\" style=\"color:#eb070b\"><strong>Biathlon Athl\u00e9tique<\/strong><\/p>\n\n\n\n<ul class=\"wp-block-list\">\n<li>Biathlon athl\u00e9tique (LP Nord Caraibe): <a rel=\"noreferrer noopener\" href=\"\/eps\/wp-content\/uploads\/sites\/13\/2020\/09\/Biathlon-athletique-GT-NORDCA.docx\" target=\"_blank\"><\/a><a href=\"https:\/\/site.ac-martinique.fr\/eps\/wp-content\/uploads\/sites\/13\/2022\/01\/BIATHLON-BAC-PRO-LP-Nord-Caraibes-LNC.docx\" target=\"_blank\" rel=\"noreferrer noopener\"><img loading=\"lazy\" decoding=\"async\" width=\"22\" height=\"21\" class=\"wp-image-3190\" style=\"width: 22px;\" src=\"https:\/\/site.ac-martinique.fr\/eps\/wp-content\/uploads\/sites\/13\/2020\/06\/LogoWord-e1619139809953.png\" alt=\"\"><\/a><\/li>\n\n\n\n<li>Biathlon athl\u00e9tique (LP Zobel): <a rel=\"noreferrer noopener\" href=\"https:\/\/site.ac-martinique.fr\/eps\/wp-content\/uploads\/sites\/13\/2021\/12\/Biathlon-Athletique-LGT-P-NARDAL-DUCOS-2021-22.pdf\" target=\"_blank\"><\/a><a href=\"https:\/\/site.ac-martinique.fr\/eps\/wp-content\/uploads\/sites\/13\/2022\/01\/Biathlon-Bac-Pro-Zobel.pdf\" target=\"_blank\" rel=\"noreferrer noopener\"><img loading=\"lazy\" decoding=\"async\" width=\"22\" height=\"22\" class=\"wp-image-3007\" style=\"width: 22px;\" src=\"https:\/\/site.ac-martinique.fr\/eps\/wp-content\/uploads\/sites\/13\/2019\/03\/pdf-e1619139783204.png\" alt=\"\"><\/a><\/li>\n<\/ul>\n\n\n\n<p class=\"has-text-color\" style=\"color:#ec090c\"><strong>Epreuves combin\u00e9es<\/strong><\/p>\n\n\n\n<ul class=\"wp-block-list\">\n<li>Epreuves combin\u00e9es (LP R. Neris): <a href=\"https:\/\/site.ac-martinique.fr\/eps\/wp-content\/uploads\/sites\/13\/2022\/01\/Epreuves-combinees-BAC-PRO-LP-R-NERIS.docx\" target=\"_blank\" rel=\"noreferrer noopener\"><img loading=\"lazy\" decoding=\"async\" width=\"22\" height=\"21\" class=\"wp-image-3190\" style=\"width: 22px;\" src=\"https:\/\/site.ac-martinique.fr\/eps\/wp-content\/uploads\/sites\/13\/2020\/06\/LogoWord-e1619139809953.png\" alt=\"\"><\/a><\/li>\n<\/ul>\n\n\n\n<p class=\"has-text-color\" style=\"color:#e41216\"><strong>Demi-Fond<\/strong><\/p>\n\n\n\n<ul class=\"wp-block-list\">\n<li>Demi fond (2x600m LUMINA): <a href=\"https:\/\/site.ac-martinique.fr\/eps\/wp-content\/uploads\/sites\/13\/2022\/01\/Demi-Fond-2X600m-Bac-PRO-Lumina.docx\" target=\"_blank\" rel=\"noreferrer noopener\"><img loading=\"lazy\" decoding=\"async\" width=\"22\" height=\"21\" class=\"wp-image-3190\" style=\"width: 22px;\" src=\"https:\/\/site.ac-martinique.fr\/eps\/wp-content\/uploads\/sites\/13\/2020\/06\/LogoWord-e1619139809953.png\" alt=\"\"><\/a><\/li>\n\n\n\n<li>Demi fond (1000m LUMINA): <a href=\"https:\/\/site.ac-martinique.fr\/eps\/wp-content\/uploads\/sites\/13\/2022\/01\/Demi-Fond-1000m-Bac-PRO-Lumina.doc\" target=\"_blank\" rel=\"noreferrer noopener\"><img loading=\"lazy\" decoding=\"async\" width=\"22\" height=\"21\" class=\"wp-image-3190\" style=\"width: 22px;\" src=\"https:\/\/site.ac-martinique.fr\/eps\/wp-content\/uploads\/sites\/13\/2020\/06\/LogoWord-e1619139809953.png\" alt=\"\"><\/a><a rel=\"noreferrer noopener\" href=\"https:\/\/site.ac-martinique.fr\/eps\/wp-content\/uploads\/sites\/13\/2021\/12\/Demi-Fond-Bac-GT-Bellevue.docx\" target=\"_blank\"><\/a><\/li>\n\n\n\n<li>Demi fond (AMEP): <a href=\"https:\/\/site.ac-martinique.fr\/eps\/wp-content\/uploads\/sites\/13\/2022\/01\/Demi-Fond-BAC-PRO-Amep.docx\" target=\"_blank\" rel=\"noreferrer noopener\"><img loading=\"lazy\" decoding=\"async\" width=\"22\" height=\"21\" class=\"wp-image-3190\" style=\"width: 22px;\" src=\"https:\/\/site.ac-martinique.fr\/eps\/wp-content\/uploads\/sites\/13\/2020\/06\/LogoWord-e1619139809953.png\" alt=\"\"><\/a><\/li>\n\n\n\n<li>Demi fond (LP Marius CULTIER): <a href=\"https:\/\/site.ac-martinique.fr\/eps\/wp-content\/uploads\/sites\/13\/2024\/02\/referentiel-2024-Bac-Pro-DEMI-FOND-LP-Marius-CULTIER.pdf\" target=\"_blank\" rel=\"noreferrer noopener\"><img loading=\"lazy\" decoding=\"async\" width=\"22\" height=\"22\" class=\"wp-image-3007\" style=\"width: 22px;\" src=\"https:\/\/site.ac-martinique.fr\/eps\/wp-content\/uploads\/sites\/13\/2019\/03\/pdf-e1619139783204.png\" alt=\"\"><\/a><a href=\"https:\/\/site.ac-martinique.fr\/eps\/wp-content\/uploads\/sites\/13\/2021\/12\/Demi-fond-Bac-GT-LGT-MONTGERALD.pdf\" target=\"_blank\" rel=\"noreferrer noopener\"><\/a><\/li>\n<\/ul>\n\n\n\n<p class=\"has-text-color\" style=\"color:#eb090c\"><strong>Javelot<\/strong><a href=\"https:\/\/site.ac-martinique.fr\/eps\/wp-content\/uploads\/sites\/13\/2022\/01\/Javelot-Bac-Pro-LP-J.-Pernock.pdf\" target=\"_blank\" rel=\"noreferrer noopener\"><\/a><\/p>\n\n\n\n<ul class=\"wp-block-list\">\n<li>Javelot (Lyc\u00e9e J. PERNOCK, LPO Lorrain): <a href=\"https:\/\/site.ac-martinique.fr\/eps\/wp-content\/uploads\/sites\/13\/2021\/12\/Javelot-Bac-GT-Pernock.pdf\" target=\"_blank\" rel=\"noreferrer noopener\"><\/a><a href=\"https:\/\/site.ac-martinique.fr\/eps\/wp-content\/uploads\/sites\/13\/2024\/02\/referentiel-2024-Bac-Pro-JAVELOT-LPO-LORRAIN.pdf\" target=\"_blank\" rel=\"noreferrer noopener\"><img loading=\"lazy\" decoding=\"async\" width=\"22\" height=\"22\" class=\"wp-image-3007\" style=\"width: 22px;\" src=\"https:\/\/site.ac-martinique.fr\/eps\/wp-content\/uploads\/sites\/13\/2019\/03\/pdf-e1619139783204.png\" alt=\"\"><\/a><\/li>\n<\/ul>\n\n\n\n<p class=\"has-text-color\" style=\"color:#f50b0f\"><strong>Vitesse<\/strong><\/p>\n\n\n\n<ul class=\"wp-block-list\">\n<li>Vitesse (LPA Robert): <a rel=\"noreferrer noopener\" href=\"\/eps\/wp-content\/uploads\/sites\/13\/2020\/10\/SAUT-EN-HAUTEUR-GT-LPO-ZOBEL.xlsx\" target=\"_blank\"><\/a><a href=\"https:\/\/site.ac-martinique.fr\/eps\/wp-content\/uploads\/sites\/13\/2022\/01\/Vitesse-Bac-Pro-2021-LPA-Robert.docx\" target=\"_blank\" rel=\"noreferrer noopener\"><img loading=\"lazy\" decoding=\"async\" width=\"22\" height=\"21\" class=\"wp-image-3190\" style=\"width: 22px;\" src=\"https:\/\/site.ac-martinique.fr\/eps\/wp-content\/uploads\/sites\/13\/2020\/06\/LogoWord-e1619139809953.png\" alt=\"\"><\/a><\/li>\n<\/ul>\n\n\n\n<p class=\"has-text-color\" style=\"color:#f8070b\"><strong>Vitesse-Relais<\/strong><\/p>\n\n\n\n<ul class=\"wp-block-list\">\n<li>Vitesse-Relais (Lyc\u00e9e LPO J. Zobel): <a href=\"https:\/\/site.ac-martinique.fr\/eps\/wp-content\/uploads\/sites\/13\/2021\/12\/VITESSE-RELAIS-Bac-GT-LPO-Zobel.pdf\" target=\"_blank\" rel=\"noreferrer noopener\"><\/a><a href=\"https:\/\/site.ac-martinique.fr\/eps\/wp-content\/uploads\/sites\/13\/2022\/01\/Relais-Vitesse-Bac-PRO-LP-Zobel.pdf\" target=\"_blank\" rel=\"noreferrer noopener\"><img loading=\"lazy\" decoding=\"async\" width=\"22\" height=\"22\" class=\"wp-image-3007\" style=\"width: 22px;\" src=\"https:\/\/site.ac-martinique.fr\/eps\/wp-content\/uploads\/sites\/13\/2019\/03\/pdf-e1619139783204.png\" alt=\"\"><\/a><\/li>\n\n\n\n<li>Vitesse-Relais (Lyc\u00e9e LPO J. PERNOCK, Lorrain): <a href=\"https:\/\/site.ac-martinique.fr\/eps\/wp-content\/uploads\/sites\/13\/2024\/02\/referentiel-2024-Bac-Pro-VITESSE-RELAIS-LPO-J.-PERNOCK.docx\" target=\"_blank\" rel=\"noreferrer noopener\"><img loading=\"lazy\" decoding=\"async\" width=\"22\" height=\"21\" class=\"wp-image-3190\" style=\"width: 22px;\" src=\"https:\/\/site.ac-martinique.fr\/eps\/wp-content\/uploads\/sites\/13\/2020\/06\/LogoWord-e1619139809953.png\" alt=\"\"><\/a><\/li>\n<\/ul>\n\n\n\n<p class=\"has-text-color\" style=\"color:#f5080c\"><strong>Natation<\/strong><\/p>\n\n\n\n<ul class=\"wp-block-list\">\n<li>Natation (LPR D. Jean-Joseph): <a rel=\"noreferrer noopener\" href=\"\/eps\/wp-content\/uploads\/sites\/13\/2020\/09\/Natation-GT-Bellevue.docx\" target=\"_blank\"><\/a><a href=\"https:\/\/site.ac-martinique.fr\/eps\/wp-content\/uploads\/sites\/13\/2022\/01\/Natation-Bac-Pro-LPR-D.-JEAN-JOSEPH.pdf\" target=\"_blank\" rel=\"noreferrer noopener\"><img loading=\"lazy\" decoding=\"async\" width=\"22\" height=\"22\" class=\"wp-image-3007\" style=\"width: 22px;\" src=\"https:\/\/site.ac-martinique.fr\/eps\/wp-content\/uploads\/sites\/13\/2019\/03\/pdf-e1619139783204.png\" alt=\"\"><\/a><\/li>\n\n\n\n<li>Natation (LP St Jean-Paul II): <a rel=\"noreferrer noopener\" href=\"\/eps\/wp-content\/uploads\/sites\/13\/2020\/09\/Natation-GT-Cluny-.docx\" target=\"_blank\"><\/a><a href=\"https:\/\/site.ac-martinique.fr\/eps\/wp-content\/uploads\/sites\/13\/2022\/01\/Natation-de-Vitesse-Bac-Pro-LP-Saint-Jean-Paul-II.docx\" target=\"_blank\" rel=\"noreferrer noopener\"><img loading=\"lazy\" decoding=\"async\" width=\"22\" height=\"21\" class=\"wp-image-3190\" style=\"width: 22px;\" src=\"https:\/\/site.ac-martinique.fr\/eps\/wp-content\/uploads\/sites\/13\/2020\/06\/LogoWord-e1619139809953.png\" alt=\"\"><\/a><\/li>\n<\/ul>\n","protected":false},"excerpt":{"rendered":"<p>CHAMP D\u2019APPRENTISSAGE n\u00b0 1: \u00ab R\u00e9aliser une performance motrice maximale mesurable \u00e0 une \u00e9ch\u00e9ance donn\u00e9e \u00bb:&nbsp;Courses, sauts, lancers, natation vitesse Biathlon Athl\u00e9tique Epreuves combin\u00e9es Demi-Fond Javelot Vitesse Vitesse-Relais Natation<\/p>\n","protected":false},"author":69,"featured_media":0,"parent":0,"menu_order":0,"comment_status":"closed","ping_status":"closed","template":"","meta":{"footnotes":""},"class_list":["post-3927","page","type-page","status-publish","hentry"],"_links":{"self":[{"href":"https:\/\/site.ac-martinique.fr\/eps\/index.php?rest_route=\/wp\/v2\/pages\/3927","targetHints":{"allow":["GET"]}}],"collection":[{"href":"https:\/\/site.ac-martinique.fr\/eps\/index.php?rest_route=\/wp\/v2\/pages"}],"about":[{"href":"https:\/\/site.ac-martinique.fr\/eps\/index.php?rest_route=\/wp\/v2\/types\/page"}],"author":[{"embeddable":true,"href":"https:\/\/site.ac-martinique.fr\/eps\/index.php?rest_route=\/wp\/v2\/users\/69"}],"replies":[{"embeddable":true,"href":"https:\/\/site.ac-martinique.fr\/eps\/index.php?rest_route=%2Fwp%2Fv2%2Fcomments&post=3927"}],"version-history":[{"count":10,"href":"https:\/\/site.ac-martinique.fr\/eps\/index.php?rest_route=\/wp\/v2\/pages\/3927\/revisions"}],"predecessor-version":[{"id":4343,"href":"https:\/\/site.ac-martinique.fr\/eps\/index.php?rest_route=\/wp\/v2\/pages\/3927\/revisions\/4343"}],"wp:attachment":[{"href":"https:\/\/site.ac-martinique.fr\/eps\/index.php?rest_route=%2Fwp%2Fv2%2Fmedia&parent=3927"}],"curies":[{"name":"wp","href":"https:\/\/api.w.org\/{rel}","templated":true}]}}