{"id":3952,"date":"2022-01-07T23:23:43","date_gmt":"2022-01-07T22:23:43","guid":{"rendered":"https:\/\/site.ac-martinique.fr\/eps\/?page_id=3952"},"modified":"2023-06-13T17:28:16","modified_gmt":"2023-06-13T16:28:16","slug":"ca2-bac-pro","status":"publish","type":"page","link":"https:\/\/site.ac-martinique.fr\/eps\/?page_id=3952","title":{"rendered":"CA2-BAC PRO"},"content":{"rendered":"<p style=\"text-align: center;\"><strong>CHAMP D\u2019APPRENTISSAGE n\u00b0 2<\/strong> : \u00ab Adapter son d\u00e9placement \u00e0 des environnements vari\u00e9s ou incertains \u00bb:\u00a0\u00a0Escalade, course d\u2019orientation, sauvetage aquatique, VTT<\/p>\n<p style=\"text-align: center;\"><span style=\"color: #ff0000;\"><strong>Sauvetage<\/strong><\/span><\/p>\n<ul>\n<li>Sauvetage (LP Pernock): <a href=\"https:\/\/site.ac-martinique.fr\/eps\/wp-content\/uploads\/sites\/13\/2022\/01\/Sauvetage-BAC-PRO-Pernock.pdf\" target=\"_blank\" rel=\"noopener\"><img loading=\"lazy\" decoding=\"async\" class=\"alignnone wp-image-3007\" src=\"\/eps\/wp-content\/uploads\/sites\/13\/2019\/03\/pdf.png\" alt=\"\" width=\"22\" height=\"22\" \/><\/a><\/li>\n<li>Sauvetage (LPO V. Anicet): r\u00e9f\u00e9rentiel <a href=\"https:\/\/site.ac-martinique.fr\/eps\/wp-content\/uploads\/sites\/13\/2022\/01\/Sauvetage-BAC-PRO-LPO-V.-ANICET.pdf\" target=\"_blank\" rel=\"noopener\"><img loading=\"lazy\" decoding=\"async\" class=\"alignnone wp-image-3007\" src=\"\/eps\/wp-content\/uploads\/sites\/13\/2019\/03\/pdf.png\" alt=\"\" width=\"22\" height=\"22\" \/><\/a><\/li>\n<\/ul>\n<p style=\"text-align: center;\"><span style=\"color: #ff0000;\"><strong>Voile<\/strong><\/span><\/p>\n<ul>\n<li>Voile Laser (Lyc\u00e9e Cluny): <a href=\"https:\/\/site.ac-martinique.fr\/eps\/wp-content\/uploads\/sites\/13\/2022\/01\/VOILE-LASER-BAC-PRO-CLUNY.doc\" target=\"_blank\" rel=\"noopener\"><img loading=\"lazy\" decoding=\"async\" class=\"alignnone wp-image-3190\" src=\"\/eps\/wp-content\/uploads\/sites\/13\/2020\/06\/LogoWord.png\" alt=\"\" width=\"20\" height=\"19\" \/><\/a><\/li>\n<li>Voile (LPA Robert): <a href=\"https:\/\/site.ac-martinique.fr\/eps\/wp-content\/uploads\/sites\/13\/2022\/01\/Voile-Bac-Pro-LPA-Robert.docx\" target=\"_blank\" rel=\"noopener\"><img loading=\"lazy\" decoding=\"async\" class=\"alignnone wp-image-3190\" src=\"\/eps\/wp-content\/uploads\/sites\/13\/2020\/06\/LogoWord.png\" alt=\"\" width=\"20\" height=\"19\" \/><\/a><\/li>\n<li>Voile (Lumina Sophie): <a href=\"https:\/\/site.ac-martinique.fr\/eps\/wp-content\/uploads\/sites\/13\/2022\/01\/Voile-Bac-PRo-LUMINA-SOPHIE.docx\" target=\"_blank\" rel=\"noopener\"><img loading=\"lazy\" decoding=\"async\" class=\"alignnone wp-image-3190\" src=\"\/eps\/wp-content\/uploads\/sites\/13\/2020\/06\/LogoWord.png\" alt=\"\" width=\"20\" height=\"19\" \/><\/a><\/li>\n<li>Voile traditionnelle (Lyc\u00e9e Acajou 2): <a href=\"https:\/\/site.ac-martinique.fr\/eps\/wp-content\/uploads\/sites\/13\/2022\/01\/VOILE-TRADITIONNELLE-Bac-Pro-Acajou-2.xls\"><img loading=\"lazy\" decoding=\"async\" class=\"alignnone size-full wp-image-3340\" src=\"https:\/\/site.ac-martinique.fr\/eps\/wp-content\/uploads\/sites\/13\/2020\/09\/Icone-XLS-e1619139677404.png\" alt=\"\" width=\"22\" height=\"20\" \/><\/a><\/li>\n<\/ul>\n<p style=\"text-align: center;\"><span style=\"color: #ff0000;\"><strong>Course d&rsquo;Orientation<br \/><\/strong><\/span><\/p>\n<ul>\n<li>\u00a0<\/li>\n<\/ul>\n<p style=\"text-align: center;\"><span style=\"color: #ff0000;\"><strong>Kayak<\/strong><\/span><\/p>\n<ul>\n<li>Kayak (LPR D. Jean-Joseph): <a href=\"https:\/\/site.ac-martinique.fr\/eps\/wp-content\/uploads\/sites\/13\/2022\/01\/Kayak-Bac-Pro-LPR-D.-JEAN-JOSEPH.pdf\" target=\"_blank\" rel=\"noopener\"><img loading=\"lazy\" decoding=\"async\" class=\"alignnone wp-image-3007\" src=\"\/eps\/wp-content\/uploads\/sites\/13\/2019\/03\/pdf.png\" alt=\"\" width=\"22\" height=\"22\" \/><\/a><\/li>\n<li>Kayak (Lyc\u00e9e Lumina Sophie): <a href=\"https:\/\/site.ac-martinique.fr\/eps\/wp-content\/uploads\/sites\/13\/2022\/01\/Kayak-Bac-Pro-LUMINA-SOPHIE.docx\" target=\"_blank\" rel=\"noopener\"><img loading=\"lazy\" decoding=\"async\" class=\"alignnone wp-image-3190\" src=\"\/eps\/wp-content\/uploads\/sites\/13\/2020\/06\/LogoWord.png\" alt=\"\" width=\"20\" height=\"19\" \/><\/a><\/li>\n<li>Kayak (Lyc\u00e9e R. Neris): <a href=\"https:\/\/site.ac-martinique.fr\/eps\/wp-content\/uploads\/sites\/13\/2022\/01\/KAYAK-BAC-PRO-R.NERIS-2022.docx\" target=\"_blank\" rel=\"noopener\"><img loading=\"lazy\" decoding=\"async\" class=\"alignnone wp-image-3190\" src=\"\/eps\/wp-content\/uploads\/sites\/13\/2020\/06\/LogoWord.png\" alt=\"\" width=\"20\" height=\"19\" \/><\/a><\/li>\n<li>Kayak (Lyc\u00e9e \u00a0LP Trinit\u00e9): <a href=\"https:\/\/site.ac-martinique.fr\/eps\/wp-content\/uploads\/sites\/13\/2022\/01\/Kayak-Bac-Pro-Trinite.docx\" target=\"_blank\" rel=\"noopener\"><img loading=\"lazy\" decoding=\"async\" class=\"alignnone wp-image-3190\" src=\"\/eps\/wp-content\/uploads\/sites\/13\/2020\/06\/LogoWord.png\" alt=\"\" width=\"20\" height=\"19\" \/><\/a><\/li>\n<li>Kayak (Lyc\u00e9e LP Chateauboeuf): <a href=\"https:\/\/site.ac-martinique.fr\/eps\/wp-content\/uploads\/sites\/13\/2022\/01\/Kayak-Bac-Pro-LP-Chateauboeuf-Feuille-1.pdf\" target=\"_blank\" rel=\"noopener\"><img loading=\"lazy\" decoding=\"async\" class=\"alignnone wp-image-3007\" src=\"\/eps\/wp-content\/uploads\/sites\/13\/2019\/03\/pdf.png\" alt=\"\" width=\"22\" height=\"22\" \/><\/a><\/li>\n<li>Kayak (Lyc\u00e9e Bissol): <a href=\"https:\/\/site.ac-martinique.fr\/eps\/wp-content\/uploads\/sites\/13\/2023\/06\/Referentiel-CCF-Bac-Pro-CA-2-Kayak-au-LP-BISSOL.docx\" target=\"_blank\" rel=\"noopener\"><img loading=\"lazy\" decoding=\"async\" class=\"alignnone wp-image-3190\" src=\"\/eps\/wp-content\/uploads\/sites\/13\/2020\/06\/LogoWord.png\" alt=\"\" width=\"20\" height=\"19\" \/><\/a><\/li>\n<li>Kayak (Lyc\u00e9e Cultier): <a href=\"https:\/\/site.ac-martinique.fr\/eps\/wp-content\/uploads\/sites\/13\/2022\/01\/Kayak-Bac-Pro-Cultier.xlsx\"><img loading=\"lazy\" decoding=\"async\" class=\"alignnone size-full wp-image-3340\" src=\"https:\/\/site.ac-martinique.fr\/eps\/wp-content\/uploads\/sites\/13\/2020\/09\/Icone-XLS-e1619139677404.png\" alt=\"\" width=\"22\" height=\"20\" \/><\/a><\/li>\n<li>Kayak (Lyc\u00e9e Nord Atlantique): <a href=\"https:\/\/site.ac-martinique.fr\/eps\/wp-content\/uploads\/sites\/13\/2022\/01\/kayak-Bac-Pro-LNA.pdf\" target=\"_blank\" rel=\"noopener\"><img loading=\"lazy\" decoding=\"async\" class=\"alignnone wp-image-3007\" src=\"\/eps\/wp-content\/uploads\/sites\/13\/2019\/03\/pdf.png\" alt=\"\" width=\"22\" height=\"22\" \/><\/a><\/li>\n<li>Kayak (Lyc\u00e9e \u00a0LP A. Aliker): <a href=\"https:\/\/site.ac-martinique.fr\/eps\/wp-content\/uploads\/sites\/13\/2022\/01\/Kayak-Bac-Pro-LP-AALIKER.xlsx\"><img loading=\"lazy\" decoding=\"async\" class=\"alignnone size-full wp-image-3340\" src=\"https:\/\/site.ac-martinique.fr\/eps\/wp-content\/uploads\/sites\/13\/2020\/09\/Icone-XLS-e1619139677404.png\" alt=\"\" width=\"22\" height=\"20\" \/><\/a><\/li>\n<li>Kayak (Lyc\u00e9e LPO J. Zobel): <a href=\"https:\/\/site.ac-martinique.fr\/eps\/wp-content\/uploads\/sites\/13\/2022\/01\/Kayak-Bac-Pro-LPO-Zobel.pdf\" target=\"_blank\" rel=\"noopener\"><img loading=\"lazy\" decoding=\"async\" class=\"alignnone wp-image-3007\" src=\"\/eps\/wp-content\/uploads\/sites\/13\/2019\/03\/pdf.png\" alt=\"\" width=\"22\" height=\"22\" \/><\/a><\/li>\n<\/ul>\n<p style=\"text-align: center;\"><span style=\"color: #ff0000;\"><strong>Yole<\/strong><\/span><\/p>\n<ul>\n<li><span style=\"color: #000000;\">Yole <\/span>(Lyc\u00e9e La Jet\u00e9e Le Fran\u00e7ois): <a href=\"https:\/\/site.ac-martinique.fr\/eps\/wp-content\/uploads\/sites\/13\/2022\/01\/Yole-BAC-PRO-La-jetee.pdf\" target=\"_blank\" rel=\"noopener\"><img loading=\"lazy\" decoding=\"async\" class=\"alignnone wp-image-3007\" src=\"\/eps\/wp-content\/uploads\/sites\/13\/2019\/03\/pdf.png\" alt=\"\" width=\"22\" height=\"22\" \/><\/a><\/li>\n<li>Yole (Lyc\u00e9e R. Neris): <a href=\"https:\/\/site.ac-martinique.fr\/eps\/wp-content\/uploads\/sites\/13\/2022\/01\/YOLE-BAC-PRO-R.NERIS-2020.pdf\" target=\"_blank\" rel=\"noopener\"><img loading=\"lazy\" decoding=\"async\" class=\"alignnone wp-image-3007\" src=\"\/eps\/wp-content\/uploads\/sites\/13\/2019\/03\/pdf.png\" alt=\"\" width=\"22\" height=\"22\" \/><\/a><\/li>\n<\/ul>\n\n\n<p><\/p>\n","protected":false},"excerpt":{"rendered":"<p>CHAMP D\u2019APPRENTISSAGE n\u00b0 2 : \u00ab Adapter son d\u00e9placement \u00e0 des environnements vari\u00e9s ou incertains \u00bb:\u00a0\u00a0Escalade, course d\u2019orientation, sauvetage aquatique, VTT Sauvetage Sauvetage (LP Pernock): Sauvetage (LPO V. Anicet): r\u00e9f\u00e9rentiel Voile Voile Laser (Lyc\u00e9e Cluny): Voile (LPA Robert): Voile (Lumina &hellip; <a href=\"https:\/\/site.ac-martinique.fr\/eps\/?page_id=3952\">Continuer la lecture <span class=\"meta-nav\">&rarr;<\/span><\/a><\/p>\n","protected":false},"author":69,"featured_media":0,"parent":0,"menu_order":0,"comment_status":"closed","ping_status":"closed","template":"","meta":{"footnotes":""},"class_list":["post-3952","page","type-page","status-publish","hentry"],"_links":{"self":[{"href":"https:\/\/site.ac-martinique.fr\/eps\/index.php?rest_route=\/wp\/v2\/pages\/3952","targetHints":{"allow":["GET"]}}],"collection":[{"href":"https:\/\/site.ac-martinique.fr\/eps\/index.php?rest_route=\/wp\/v2\/pages"}],"about":[{"href":"https:\/\/site.ac-martinique.fr\/eps\/index.php?rest_route=\/wp\/v2\/types\/page"}],"author":[{"embeddable":true,"href":"https:\/\/site.ac-martinique.fr\/eps\/index.php?rest_route=\/wp\/v2\/users\/69"}],"replies":[{"embeddable":true,"href":"https:\/\/site.ac-martinique.fr\/eps\/index.php?rest_route=%2Fwp%2Fv2%2Fcomments&post=3952"}],"version-history":[{"count":11,"href":"https:\/\/site.ac-martinique.fr\/eps\/index.php?rest_route=\/wp\/v2\/pages\/3952\/revisions"}],"predecessor-version":[{"id":4279,"href":"https:\/\/site.ac-martinique.fr\/eps\/index.php?rest_route=\/wp\/v2\/pages\/3952\/revisions\/4279"}],"wp:attachment":[{"href":"https:\/\/site.ac-martinique.fr\/eps\/index.php?rest_route=%2Fwp%2Fv2%2Fmedia&parent=3952"}],"curies":[{"name":"wp","href":"https:\/\/api.w.org\/{rel}","templated":true}]}}