{"id":3985,"date":"2022-01-08T19:42:29","date_gmt":"2022-01-08T18:42:29","guid":{"rendered":"https:\/\/site.ac-martinique.fr\/eps\/?page_id=3985"},"modified":"2024-02-16T21:37:02","modified_gmt":"2024-02-16T20:37:02","slug":"c3-bac-pro-2","status":"publish","type":"page","link":"https:\/\/site.ac-martinique.fr\/eps\/?page_id=3985","title":{"rendered":"CA3-BAC PRO"},"content":{"rendered":"\n<div class=\"wp-block-group\"><div class=\"wp-block-group__inner-container is-layout-flow wp-block-group-is-layout-flow\">\n<p style=\"text-align: center;\"><strong>CHAMP D\u2019APPRENTISSAGE n\u00b0 3<\/strong> : \u00ab R\u00e9aliser une prestation corporelle destin\u00e9e \u00e0 \u00eatre vue et appr\u00e9ci\u00e9e \u00bb: Danse(s), arts du cirque, acrosport, gymnastique sportive<\/p>\n<p style=\"text-align: center;\"><span style=\"color: #ff0000;\"><strong>Danse<\/strong><\/span><\/p>\n<ul>\n<li>Danse (Lyc\u00e9e R. Neris): <a href=\"https:\/\/site.ac-martinique.fr\/eps\/wp-content\/uploads\/sites\/13\/2022\/01\/DANSE-BAC-PRO-R.NERIS_.docx\" target=\"_blank\" rel=\"noopener\"><img loading=\"lazy\" decoding=\"async\" class=\"alignnone wp-image-3190\" src=\"\/eps\/wp-content\/uploads\/sites\/13\/2020\/06\/LogoWord.png\" alt=\"\" width=\"24\" height=\"23\" \/><\/a><\/li>\n<\/ul>\n<p style=\"text-align: center;\"><span style=\"color: #ff0000;\"><strong>Danse Traditionnelle (B\u00e8l\u00e8) <\/strong><\/span><\/p>\n<ul>\n<li>Danse B\u00e8l\u00e8 (Lyc\u00e9e Nord Caraibe, Bellefontaine): <a href=\"https:\/\/site.ac-martinique.fr\/eps\/wp-content\/uploads\/sites\/13\/2022\/01\/Be\u0300le\u0300-Bac-Pro-LNC.docx\" target=\"_blank\" rel=\"noopener\"><img loading=\"lazy\" decoding=\"async\" class=\"alignnone wp-image-3190\" src=\"\/eps\/wp-content\/uploads\/sites\/13\/2020\/06\/LogoWord.png\" alt=\"\" width=\"24\" height=\"23\" \/><\/a><\/li>\n<\/ul>\n<p style=\"text-align: center;\"><span style=\"color: #ff0000;\"><strong>Acrosport<\/strong><\/span><\/p>\n<ul>\n<li>Acrosport (Lyc\u00e9e Cluny): <a href=\"https:\/\/site.ac-martinique.fr\/eps\/wp-content\/uploads\/sites\/13\/2022\/01\/Acrosport-Bac-Pro-Cluny.pdf\" target=\"_blank\" rel=\"noopener\"><img loading=\"lazy\" decoding=\"async\" class=\"alignnone wp-image-3007\" src=\"\/eps\/wp-content\/uploads\/sites\/13\/2019\/03\/pdf.png\" alt=\"\" width=\"22\" height=\"22\" \/><\/a><\/li>\n<\/ul>\n<\/div><\/div>\n","protected":false},"excerpt":{"rendered":"<p>CHAMP D\u2019APPRENTISSAGE n\u00b0 3 : \u00ab R\u00e9aliser une prestation corporelle destin\u00e9e \u00e0 \u00eatre vue et appr\u00e9ci\u00e9e \u00bb: Danse(s), arts du cirque, acrosport, gymnastique sportive Danse Danse (Lyc\u00e9e R. Neris): Danse Traditionnelle (B\u00e8l\u00e8) Danse B\u00e8l\u00e8 (Lyc\u00e9e Nord Caraibe, Bellefontaine): Acrosport Acrosport &hellip; <a href=\"https:\/\/site.ac-martinique.fr\/eps\/?page_id=3985\">Continuer la lecture <span class=\"meta-nav\">&rarr;<\/span><\/a><\/p>\n","protected":false},"author":69,"featured_media":0,"parent":0,"menu_order":0,"comment_status":"closed","ping_status":"closed","template":"","meta":{"footnotes":""},"class_list":["post-3985","page","type-page","status-publish","hentry"],"_links":{"self":[{"href":"https:\/\/site.ac-martinique.fr\/eps\/index.php?rest_route=\/wp\/v2\/pages\/3985","targetHints":{"allow":["GET"]}}],"collection":[{"href":"https:\/\/site.ac-martinique.fr\/eps\/index.php?rest_route=\/wp\/v2\/pages"}],"about":[{"href":"https:\/\/site.ac-martinique.fr\/eps\/index.php?rest_route=\/wp\/v2\/types\/page"}],"author":[{"embeddable":true,"href":"https:\/\/site.ac-martinique.fr\/eps\/index.php?rest_route=\/wp\/v2\/users\/69"}],"replies":[{"embeddable":true,"href":"https:\/\/site.ac-martinique.fr\/eps\/index.php?rest_route=%2Fwp%2Fv2%2Fcomments&post=3985"}],"version-history":[{"count":3,"href":"https:\/\/site.ac-martinique.fr\/eps\/index.php?rest_route=\/wp\/v2\/pages\/3985\/revisions"}],"predecessor-version":[{"id":3994,"href":"https:\/\/site.ac-martinique.fr\/eps\/index.php?rest_route=\/wp\/v2\/pages\/3985\/revisions\/3994"}],"wp:attachment":[{"href":"https:\/\/site.ac-martinique.fr\/eps\/index.php?rest_route=%2Fwp%2Fv2%2Fmedia&parent=3985"}],"curies":[{"name":"wp","href":"https:\/\/api.w.org\/{rel}","templated":true}]}}